{"id":778606,"date":"2025-11-20T00:22:46","date_gmt":"2025-11-19T21:22:46","guid":{"rendered":"https:\/\/roveyayinevi.com.tr\/index.php\/urun\/atesi-yakalamak\/"},"modified":"2025-11-21T12:14:57","modified_gmt":"2025-11-21T09:14:57","slug":"atesi-yakalamak","status":"publish","type":"product","link":"https:\/\/roveyayinevi.com.tr\/index.php\/urun\/atesi-yakalamak\/","title":{"rendered":"Ate\u015fi Yakalamak"},"content":{"rendered":"<p>Ge\u00e7mi\u015ften bu yana yap\u0131lan \u00e7al\u0131\u015fmalar neticesinde insanlar\u0131n bug\u00fcnk\u00fc varl\u0131\u011f\u0131, genellikle zek\u00e2s\u0131na ve uyum sa\u011flama yetene\u011fine atfedilmi\u015ftir. Fakat bu kitap yeni bir \u00f6neri getiriyor. Yazar, bug\u00fcnk\u00fc anlam\u0131yla insan t\u00fcr\u00fcn\u00fcn tarihindeki en b\u00fcy\u00fck d\u00f6n\u00fc\u015f\u00fcmlerden birinin, ate\u015fin kontrol alt\u0131na al\u0131nmas\u0131 ve pi\u015fmi\u015f yemeklerin ortaya \u00e7\u0131kmas\u0131yla ger\u00e7ekle\u015fti\u011fini s\u00f6yl\u00fcyor.   Atalar\u0131m\u0131z yiyeceklerini ate\u015fle pi\u015firmeye ba\u015flad\u0131klar\u0131nda, sindirim sistemimiz k\u00fc\u00e7\u00fcld\u00fc ve beyinlerimiz b\u00fcy\u00fcd\u00fc. Daha \u00f6nce \u00e7i\u011f yiyecekleri sindirmek i\u00e7in harcanan zaman, avlanmak ve kamp\u0131 idare etmek i\u00e7in kullan\u0131labilir hale geldi. Yemek pi\u015firme, \u00e7iftliklerin ve evliliklerin temelini olu\u015fturdu, ev ekonomisini do\u011furdu ve hatta cinsiyete dayal\u0131 i\u015fb\u00f6l\u00fcm\u00fcne yol a\u00e7t\u0131.   Ate\u015fi Yakalamak, insan hayat\u0131n\u0131n \u00e7e\u015fitli \u00f6zelliklerini beslenme al\u0131\u015fkanl\u0131klar\u0131m\u0131z\u0131n geli\u015fimi ve ate\u015fin kullan\u0131m\u0131yla ili\u015fkilendiriyor ve bug\u00fcnk\u00fc sosyal, zeki ve cinsel insan t\u00fcr\u00fcn\u00fcn nas\u0131l ortaya \u00e7\u0131kt\u0131\u011f\u0131na dair yeni bir bak\u0131\u015f a\u00e7\u0131s\u0131 sunuyor. <\/p>\n","protected":false},"excerpt":{"rendered":"<p>Ge\u00e7mi\u015ften bu yana yap\u0131lan \u00e7al\u0131\u015fmalar neticesinde insanlar\u0131n bug\u00fcnk\u00fc varl\u0131\u011f\u0131, genellikle zek\u00e2s\u0131na ve uyum sa\u011flama yetene\u011fine atfedilmi\u015ftir. Fakat bu kitap yeni bir \u00f6neri getiriyor. Yazar, bug\u00fcnk\u00fc anlam\u0131yla<span class=\"excerpt-hellip\"> [\u2026]<\/span><\/p>\n","protected":false},"featured_media":0,"template":"","meta":{"_monsterinsights_skip_tracking":false,"_monsterinsights_sitenote_active":false,"_monsterinsights_sitenote_note":"","_monsterinsights_sitenote_category":0},"product_brand":[],"product_cat":[52477],"product_tag":[],"class_list":{"0":"post-778606","1":"product","2":"type-product","3":"status-publish","5":"product_cat-arastirma","6":"pa_cilt-ciltsiz","7":"pa_tur-kitap","8":"pa_yayinevi-maya-kitap","9":"pa_yazar-richard-wrangham","11":"first","12":"instock","13":"sale","14":"shipping-taxable","15":"purchasable","16":"product-type-simple"},"_links":{"self":[{"href":"https:\/\/roveyayinevi.com.tr\/index.php\/wp-json\/wp\/v2\/product\/778606","targetHints":{"allow":["GET"]}}],"collection":[{"href":"https:\/\/roveyayinevi.com.tr\/index.php\/wp-json\/wp\/v2\/product"}],"about":[{"href":"https:\/\/roveyayinevi.com.tr\/index.php\/wp-json\/wp\/v2\/types\/product"}],"wp:attachment":[{"href":"https:\/\/roveyayinevi.com.tr\/index.php\/wp-json\/wp\/v2\/media?parent=778606"}],"wp:term":[{"taxonomy":"product_brand","embeddable":true,"href":"https:\/\/roveyayinevi.com.tr\/index.php\/wp-json\/wp\/v2\/product_brand?post=778606"},{"taxonomy":"product_cat","embeddable":true,"href":"https:\/\/roveyayinevi.com.tr\/index.php\/wp-json\/wp\/v2\/product_cat?post=778606"},{"taxonomy":"product_tag","embeddable":true,"href":"https:\/\/roveyayinevi.com.tr\/index.php\/wp-json\/wp\/v2\/product_tag?post=778606"}],"curies":[{"name":"wp","href":"https:\/\/api.w.org\/{rel}","templated":true}]}}