{"id":778589,"date":"2025-11-20T00:20:03","date_gmt":"2025-11-19T21:20:03","guid":{"rendered":"https:\/\/roveyayinevi.com.tr\/index.php\/urun\/gafletten-uyanis\/"},"modified":"2026-04-15T03:43:16","modified_gmt":"2026-04-15T00:43:16","slug":"gafletten-uyanis","status":"publish","type":"product","link":"https:\/\/roveyayinevi.com.tr\/index.php\/urun\/gafletten-uyanis\/","title":{"rendered":"Gafletten Uyan\u0131\u015f"},"content":{"rendered":"<p>Kesin olarak anlad\u0131m ki tasavvuf ehli, Allah yolunda y\u00fcr\u00fcyen ger\u00e7ek kimselerdir. Onlar\u0131n hayat tarz\u0131 en g\u00fczel hayat, yollar\u0131 en do\u011fru yol ve ahlaklar\u0131 en temiz ahlakt\u0131r.   \u0130sl\u00e2m d\u00fc\u015f\u00fcnce tarihinin en m\u00fchim simalar\u0131ndan olan Gazz\u00e2l\u00ee, yaln\u0131zca eserleriyle de\u011fil, ayn\u0131 zamanda ya\u015fad\u0131\u011f\u0131 fikr\u00ee buhran ve bunlardan do\u011fan aray\u0131\u015flar\u0131yla da ad\u0131ndan s\u0131kl\u0131kla bahsedilen b\u00fcy\u00fck bir \u00e2limdir.  Onun kaleme ald\u0131\u011f\u0131 el-M\u00fcnk\u0131z mine\u2019d-dal\u00e2l, hem bir otobiyografi hem de bir entelekt\u00fcel muhasebe metni olmas\u0131 bak\u0131m\u0131ndan \u0130sl\u00e2m d\u00fc\u015f\u00fcnce tarihinin en \u00f6zg\u00fcn \u00f6rneklerinden biri olmu\u015ftur. Hakikat yolunda ilerleyen herkesin ya\u015fad\u0131\u011f\u0131 a\u015famalar\u0131 g\u00f6zler \u00f6n\u00fcne seren bu metinde Gazz\u00e2l\u00ee, hayat\u0131n\u0131n d\u00f6n\u00fcm noktalar\u0131n\u0131, ilim ve hakikat aray\u0131\u015f\u0131yla dolu yolculu\u011funu, ya\u015fad\u0131\u011f\u0131 \u015f\u00fcpheleri ve bunlardan kurtulu\u015f yolunu i\u00e7tenlikle dile getirir. Kel\u00e2m, felsefe, b\u00e2t\u0131n\u00eelik ve nihayet tasavvufa dair tecr\u00fcbelerini aktararak zihn\u00ee ve kalb\u00ee ser\u00fcveninin hangi merhalelerden ge\u00e7ti\u011fini ortaya koyar. Vard\u0131\u011f\u0131 netice, akl\u00ee ilimlerin tek ba\u015f\u0131na hakikati ku\u015fatamayaca\u011f\u0131; as\u0131l huzur ve yak\u00een kap\u0131s\u0131n\u0131n tasavvuf\u00ee bilgi ve tecr\u00fcbeyle aralanabilece\u011fidir. \u00c7ekti\u011fi t\u00fcm fikr\u00ee sanc\u0131lar\u0131n\u0131n e\u015fli\u011finde Gazzal\u00ee\u2019nin otobiyografisini okuyaca\u011f\u0131m\u0131z Gafletten Uyan\u0131\u015f, Dr. Salih Kadri O\u011ful\u2019un samimi gayreti ve yo\u011fun \u00e7al\u0131\u015fmalar\u0131 sayesinde okurla bulu\u015fuyor.<\/p>\n","protected":false},"excerpt":{"rendered":"<p>Kesin olarak anlad\u0131m ki tasavvuf ehli, Allah yolunda y\u00fcr\u00fcyen ger\u00e7ek kimselerdir. Onlar\u0131n hayat tarz\u0131 en g\u00fczel hayat, yollar\u0131 en do\u011fru yol ve ahlaklar\u0131 en temiz ahlakt\u0131r.<span class=\"excerpt-hellip\"> [\u2026]<\/span><\/p>\n","protected":false},"featured_media":0,"template":"","meta":{"_monsterinsights_skip_tracking":false,"_monsterinsights_sitenote_active":false,"_monsterinsights_sitenote_note":"","_monsterinsights_sitenote_category":0},"product_brand":[],"product_cat":[12718,12719,12720],"product_tag":[],"class_list":{"0":"post-778589","1":"product","2":"type-product","3":"status-publish","5":"product_cat-din","6":"product_cat-islam","7":"product_cat-tasavvuf-mezhepler-tarikatlar","8":"pa_cilt-ciltsiz","9":"pa_tur-kitap","10":"pa_yayinevi-sufi-kitap","11":"pa_yazar-imam-gazali","13":"first","14":"instock","15":"sale","16":"shipping-taxable","17":"purchasable","18":"product-type-simple"},"_links":{"self":[{"href":"https:\/\/roveyayinevi.com.tr\/index.php\/wp-json\/wp\/v2\/product\/778589","targetHints":{"allow":["GET"]}}],"collection":[{"href":"https:\/\/roveyayinevi.com.tr\/index.php\/wp-json\/wp\/v2\/product"}],"about":[{"href":"https:\/\/roveyayinevi.com.tr\/index.php\/wp-json\/wp\/v2\/types\/product"}],"wp:attachment":[{"href":"https:\/\/roveyayinevi.com.tr\/index.php\/wp-json\/wp\/v2\/media?parent=778589"}],"wp:term":[{"taxonomy":"product_brand","embeddable":true,"href":"https:\/\/roveyayinevi.com.tr\/index.php\/wp-json\/wp\/v2\/product_brand?post=778589"},{"taxonomy":"product_cat","embeddable":true,"href":"https:\/\/roveyayinevi.com.tr\/index.php\/wp-json\/wp\/v2\/product_cat?post=778589"},{"taxonomy":"product_tag","embeddable":true,"href":"https:\/\/roveyayinevi.com.tr\/index.php\/wp-json\/wp\/v2\/product_tag?post=778589"}],"curies":[{"name":"wp","href":"https:\/\/api.w.org\/{rel}","templated":true}]}}