{"id":778566,"date":"2025-11-19T23:56:43","date_gmt":"2025-11-19T20:56:43","guid":{"rendered":"https:\/\/roveyayinevi.com.tr\/index.php\/urun\/vatanseverlik\/"},"modified":"2026-04-06T13:45:48","modified_gmt":"2026-04-06T10:45:48","slug":"vatanseverlik","status":"publish","type":"product","link":"https:\/\/roveyayinevi.com.tr\/index.php\/urun\/vatanseverlik\/","title":{"rendered":"Vatanseverlik"},"content":{"rendered":"<p>Mill\u00ee \u015fahsiyet iddias\u0131, \u201cDevletimi d\u00fcnyadaki devletlerin en g\u00fc\u00e7l\u00fcs\u00fc yapaca\u011f\u0131m. Milletimi d\u00fcnyadaki milletlerin en huzurlusu ve mutlusu yapaca\u011f\u0131m.\u201d ilkeleri \u00fczerine bina edilir. Bunun kayna\u011f\u0131 milletin ve devletin di\u011fer \u00fclke ve milletlere \u00f6nc\u00fc ve \u00f6rnek olacak inanc\u0131d\u0131r. Milletemeze d\u00fcnyada \u00f6nc\u00fc ve \u00f6rnek yapmak i\u00e7in \u00e7ok \u00e7al\u0131\u015fmak ve milletimize hizmet etmenin \u015feref oldu\u011funu gen\u00e7lerimize kazand\u0131rmak vatanseverli\u011fin temel gere\u011fidir.<\/p>\n","protected":false},"excerpt":{"rendered":"<p>Mill\u00ee \u015fahsiyet iddias\u0131, \u201cDevletimi d\u00fcnyadaki devletlerin en g\u00fc\u00e7l\u00fcs\u00fc yapaca\u011f\u0131m. Milletimi d\u00fcnyadaki milletlerin en huzurlusu ve mutlusu yapaca\u011f\u0131m.\u201d ilkeleri \u00fczerine bina edilir. Bunun kayna\u011f\u0131 milletin ve devletin<span class=\"excerpt-hellip\"> [\u2026]<\/span><\/p>\n","protected":false},"featured_media":0,"template":"","meta":{"_monsterinsights_skip_tracking":false,"_monsterinsights_sitenote_active":false,"_monsterinsights_sitenote_note":"","_monsterinsights_sitenote_category":0},"product_brand":[],"product_cat":[12566],"product_tag":[],"class_list":{"0":"post-778566","1":"product","2":"type-product","3":"status-publish","5":"product_cat-egitim","6":"pa_cilt-ciltsiz","7":"pa_tur-kitap","8":"pa_yayinevi-yade-yayinlari","9":"pa_yazar-deniz-tonga","11":"first","12":"instock","13":"sale","14":"shipping-taxable","15":"purchasable","16":"product-type-simple"},"_links":{"self":[{"href":"https:\/\/roveyayinevi.com.tr\/index.php\/wp-json\/wp\/v2\/product\/778566","targetHints":{"allow":["GET"]}}],"collection":[{"href":"https:\/\/roveyayinevi.com.tr\/index.php\/wp-json\/wp\/v2\/product"}],"about":[{"href":"https:\/\/roveyayinevi.com.tr\/index.php\/wp-json\/wp\/v2\/types\/product"}],"wp:attachment":[{"href":"https:\/\/roveyayinevi.com.tr\/index.php\/wp-json\/wp\/v2\/media?parent=778566"}],"wp:term":[{"taxonomy":"product_brand","embeddable":true,"href":"https:\/\/roveyayinevi.com.tr\/index.php\/wp-json\/wp\/v2\/product_brand?post=778566"},{"taxonomy":"product_cat","embeddable":true,"href":"https:\/\/roveyayinevi.com.tr\/index.php\/wp-json\/wp\/v2\/product_cat?post=778566"},{"taxonomy":"product_tag","embeddable":true,"href":"https:\/\/roveyayinevi.com.tr\/index.php\/wp-json\/wp\/v2\/product_tag?post=778566"}],"curies":[{"name":"wp","href":"https:\/\/api.w.org\/{rel}","templated":true}]}}