{"id":778535,"date":"2025-11-19T20:27:52","date_gmt":"2025-11-19T17:27:52","guid":{"rendered":"https:\/\/roveyayinevi.com.tr\/index.php\/urun\/unicorn-sihirli-denizkizlari-bulusmasi\/"},"modified":"2026-04-16T02:55:49","modified_gmt":"2026-04-15T23:55:49","slug":"unicorn-sihirli-denizkizlari-bulusmasi","status":"publish","type":"product","link":"https:\/\/roveyayinevi.com.tr\/index.php\/urun\/unicorn-sihirli-denizkizlari-bulusmasi\/","title":{"rendered":"Unicorn Sihirli Denizk\u0131zlar\u0131 Bulu\u015fmas\u0131"},"content":{"rendered":"<p>Yola \u00e7\u0131k. Hayal et. \u0130nan. Unicorn dostlar\u0131 buraya! Unicorn Sihri serisiyle birbirinden heyecanl\u0131 maceralar devam ediyor&#8230; Emily ve Aisha, Sihirli Vadi\u2019de kutlanacak Do\u011fa \u015eenli\u011fi\u2019ne kat\u0131lmay\u0131 d\u00f6rt g\u00f6zle bekliyorlar. Ama k\u00f6t\u00fc Unicorn Selena, Suy\u0131ld\u0131z\u0131\u2019n\u0131n sihirli madalyonunu \u00e7al\u0131nca vadi sulara g\u00f6m\u00fclme tehlikesiyle kar\u015f\u0131 kar\u015f\u0131ya kal\u0131yor. Sihirli Vadi\u2019nin ve Unicorn\u2019lar\u0131n sana ihtiyac\u0131 var. Hadi onlar\u0131 daha fazla bekletme; yola \u00e7\u0131k, hayal et ve inan! <\/p>\n","protected":false},"excerpt":{"rendered":"<p>Yola \u00e7\u0131k. Hayal et. \u0130nan. Unicorn dostlar\u0131 buraya! Unicorn Sihri serisiyle birbirinden heyecanl\u0131 maceralar devam ediyor&#8230; Emily ve Aisha, Sihirli Vadi\u2019de kutlanacak Do\u011fa \u015eenli\u011fi\u2019ne kat\u0131lmay\u0131 d\u00f6rt<span class=\"excerpt-hellip\"> [\u2026]<\/span><\/p>\n","protected":false},"featured_media":0,"template":"","meta":{"_monsterinsights_skip_tracking":false,"_monsterinsights_sitenote_active":false,"_monsterinsights_sitenote_note":"","_monsterinsights_sitenote_category":0},"product_brand":[],"product_cat":[12275,12274],"product_tag":[],"class_list":{"0":"post-778535","1":"product","2":"type-product","3":"status-publish","5":"product_cat-6-12-yas-kitaplari","6":"product_cat-cocuk-ve-genclik-kitaplari","7":"pa_cilt-ciltsiz","8":"pa_tur-kitap","9":"pa_yayinevi-dogan-cocuk","10":"pa_yazar-daisy-meadows","12":"first","13":"instock","14":"sale","15":"shipping-taxable","16":"purchasable","17":"product-type-simple"},"_links":{"self":[{"href":"https:\/\/roveyayinevi.com.tr\/index.php\/wp-json\/wp\/v2\/product\/778535","targetHints":{"allow":["GET"]}}],"collection":[{"href":"https:\/\/roveyayinevi.com.tr\/index.php\/wp-json\/wp\/v2\/product"}],"about":[{"href":"https:\/\/roveyayinevi.com.tr\/index.php\/wp-json\/wp\/v2\/types\/product"}],"wp:attachment":[{"href":"https:\/\/roveyayinevi.com.tr\/index.php\/wp-json\/wp\/v2\/media?parent=778535"}],"wp:term":[{"taxonomy":"product_brand","embeddable":true,"href":"https:\/\/roveyayinevi.com.tr\/index.php\/wp-json\/wp\/v2\/product_brand?post=778535"},{"taxonomy":"product_cat","embeddable":true,"href":"https:\/\/roveyayinevi.com.tr\/index.php\/wp-json\/wp\/v2\/product_cat?post=778535"},{"taxonomy":"product_tag","embeddable":true,"href":"https:\/\/roveyayinevi.com.tr\/index.php\/wp-json\/wp\/v2\/product_tag?post=778535"}],"curies":[{"name":"wp","href":"https:\/\/api.w.org\/{rel}","templated":true}]}}