{"id":778526,"date":"2025-11-19T19:56:30","date_gmt":"2025-11-19T16:56:30","guid":{"rendered":"https:\/\/roveyayinevi.com.tr\/index.php\/urun\/cicegin-sifasi\/"},"modified":"2026-02-03T03:06:18","modified_gmt":"2026-02-03T00:06:18","slug":"cicegin-sifasi","status":"publish","type":"product","link":"https:\/\/roveyayinevi.com.tr\/index.php\/urun\/cicegin-sifasi\/","title":{"rendered":"\u00c7i\u00e7e\u011fin \u015eifas\u0131"},"content":{"rendered":"<p>Bu ilk kitab\u0131m\u0131 ; Ya\u015famam\u0131n G\u00fc\u00e7sel tetikleyicisi olan,anneli\u011fi ve ko\u015fulsuz sevgiyi bana t\u00fcm varl\u0131\u011f\u0131 ile hissettiren biricik o\u011flum ; Efe \u00fcnala ithaf ediyorum.G\u00fczel ve iyi hep yan\u0131 ba\u015f\u0131nda,t\u00fcm ya\u015fam\u0131n dengeler i\u00e7inde olsun annem.<\/p>\n","protected":false},"excerpt":{"rendered":"<p>Bu ilk kitab\u0131m\u0131 ; Ya\u015famam\u0131n G\u00fc\u00e7sel tetikleyicisi olan,anneli\u011fi ve ko\u015fulsuz sevgiyi bana t\u00fcm varl\u0131\u011f\u0131 ile hissettiren biricik o\u011flum ; Efe \u00fcnala ithaf ediyorum.G\u00fczel ve iyi hep<span class=\"excerpt-hellip\"> [\u2026]<\/span><\/p>\n","protected":false},"featured_media":0,"template":"","meta":{"_monsterinsights_skip_tracking":false,"_monsterinsights_sitenote_active":false,"_monsterinsights_sitenote_note":"","_monsterinsights_sitenote_category":0},"product_brand":[],"product_cat":[12291],"product_tag":[],"class_list":{"0":"post-778526","1":"product","2":"type-product","3":"status-publish","5":"product_cat-edebiyat","6":"pa_cilt-ciltsiz","7":"pa_tur-kitap","8":"pa_yayinevi-platanus-publishing","9":"pa_yazar-aysegul-savas","11":"first","12":"instock","13":"sale","14":"shipping-taxable","15":"purchasable","16":"product-type-simple"},"_links":{"self":[{"href":"https:\/\/roveyayinevi.com.tr\/index.php\/wp-json\/wp\/v2\/product\/778526","targetHints":{"allow":["GET"]}}],"collection":[{"href":"https:\/\/roveyayinevi.com.tr\/index.php\/wp-json\/wp\/v2\/product"}],"about":[{"href":"https:\/\/roveyayinevi.com.tr\/index.php\/wp-json\/wp\/v2\/types\/product"}],"wp:attachment":[{"href":"https:\/\/roveyayinevi.com.tr\/index.php\/wp-json\/wp\/v2\/media?parent=778526"}],"wp:term":[{"taxonomy":"product_brand","embeddable":true,"href":"https:\/\/roveyayinevi.com.tr\/index.php\/wp-json\/wp\/v2\/product_brand?post=778526"},{"taxonomy":"product_cat","embeddable":true,"href":"https:\/\/roveyayinevi.com.tr\/index.php\/wp-json\/wp\/v2\/product_cat?post=778526"},{"taxonomy":"product_tag","embeddable":true,"href":"https:\/\/roveyayinevi.com.tr\/index.php\/wp-json\/wp\/v2\/product_tag?post=778526"}],"curies":[{"name":"wp","href":"https:\/\/api.w.org\/{rel}","templated":true}]}}