{"id":778505,"date":"2025-11-19T17:56:38","date_gmt":"2025-11-19T14:56:38","guid":{"rendered":"https:\/\/roveyayinevi.com.tr\/index.php\/urun\/edebiyatimizin-ustalarinin-gozunden-ataturk-ve-devrimin-yonu\/"},"modified":"2026-04-16T02:31:08","modified_gmt":"2026-04-15T23:31:08","slug":"edebiyatimizin-ustalarinin-gozunden-ataturk-ve-devrimin-yonu","status":"publish","type":"product","link":"https:\/\/roveyayinevi.com.tr\/index.php\/urun\/edebiyatimizin-ustalarinin-gozunden-ataturk-ve-devrimin-yonu\/","title":{"rendered":"Edebiyat\u0131m\u0131z\u0131n Ustalar\u0131n\u0131n G\u00f6z\u00fcnden Atat\u00fcrk ve Devrimin Y\u00f6n\u00fc"},"content":{"rendered":"<p>Sait Faik, Atat\u00fcrk M\u00fczesi\u2019ni gezdikten sonra kaleme ald\u0131\u011f\u0131 yaz\u0131s\u0131nda Mustafa Kemal\u2019e dair neler yazm\u0131\u015ft\u0131? Orhan Veli, \u201cBiz devrim i\u00e7inde olan bir memleketiz\u201d derken toplumu hangi konuda uyar\u0131yordu? \u00c7ocukken bir kamyonun alt\u0131nda kalan Aziz Nesin, o an neyi anlam\u0131\u015ft\u0131? Halikarnas Bal\u0131k\u00e7\u0131s\u0131, Mustafa Kemal ve Kuvay\u0131 Milliyecilere d\u00fc\u015fman olan Ali Kemal\u2019e kar\u015f\u0131 ne yapm\u0131\u015ft\u0131? Melih Cevdet Anday, \u015eevket S\u00fcreyya Aydemir\u2019in hangi g\u00f6r\u00fc\u015flerine kar\u015f\u0131 \u00e7\u0131km\u0131\u015f; Cumhuriyet Devrimi ile sosyalizmi nas\u0131l ili\u015fkilendirmi\u015fti? Orhan Kemal\u2019in, Fikret Otyam\u2019a \u00f6nerdi\u011fi yaz\u0131da, siyasette mutlaka de\u011fi\u015fmesi gereken konu neydi? R\u0131fat Ilgaz hen\u00fcz \u00e7ocukken, \u00e7o\u011faltt\u0131\u011f\u0131 b\u00fcltenlerle kurtulu\u015f sava\u015f\u00e7\u0131lar\u0131na nas\u0131l yard\u0131m etmi\u015fti? Oktay Akbal, yozla\u015ft\u0131r\u0131lan devrime kar\u015f\u0131 Devrimcilik ilkesini nas\u0131l vurguluyordu? \u201cAtat\u00fcrk, ger\u00e7ekle\u015ftirdi\u011fi devrimin yetmeyece\u011fini biliyordu\u201d diyen Ceyhun Atuf Kansu, cumhuriyet\u00e7i olman\u0131n ko\u015fulunu nas\u0131l tan\u0131ml\u0131yordu? Yakup Kadri Karaosmano\u011flu\u2019na, \u201cAtat\u00fcrk mesut bir adam de\u011fildi\u201d dedirten \u015fartlar nelerdi? Taylan \u00d6zbay, bu kez Cumhuriyet tarihimize ba\u015fka bir a\u00e7\u0131dan bak\u0131yor; Atat\u00fcrk\u2019\u00fc, devrimi, devrimcilerin y\u00f6neldi\u011fi toplumcu \u00e7izgiyi ve nihayet T\u00fcrkiye\u2019nin kendi devriminden uzakla\u015ft\u0131\u011f\u0131 s\u00fcreci edebiyat\u0131m\u0131z\u0131n ustalar\u0131n\u0131n g\u00f6z\u00fcnden kaleme al\u0131yor&#8230; <\/p>\n","protected":false},"excerpt":{"rendered":"<p>Sait Faik, Atat\u00fcrk M\u00fczesi\u2019ni gezdikten sonra kaleme ald\u0131\u011f\u0131 yaz\u0131s\u0131nda Mustafa Kemal\u2019e dair neler yazm\u0131\u015ft\u0131? Orhan Veli, \u201cBiz devrim i\u00e7inde olan bir memleketiz\u201d derken toplumu hangi konuda<span class=\"excerpt-hellip\"> [\u2026]<\/span><\/p>\n","protected":false},"featured_media":0,"template":"","meta":{"_monsterinsights_skip_tracking":false,"_monsterinsights_sitenote_active":false,"_monsterinsights_sitenote_note":"","_monsterinsights_sitenote_category":0},"product_brand":[],"product_cat":[12370,12304],"product_tag":[],"class_list":{"0":"post-778505","1":"product","2":"type-product","3":"status-publish","5":"product_cat-arastirma-inceleme","6":"product_cat-tarih","7":"pa_cilt-ciltsiz","8":"pa_tur-kitap","9":"pa_yayinevi-telgrafhane-yayinlari","10":"pa_yazar-taylan-ozbay","12":"first","13":"instock","14":"sale","15":"shipping-taxable","16":"purchasable","17":"product-type-simple"},"_links":{"self":[{"href":"https:\/\/roveyayinevi.com.tr\/index.php\/wp-json\/wp\/v2\/product\/778505","targetHints":{"allow":["GET"]}}],"collection":[{"href":"https:\/\/roveyayinevi.com.tr\/index.php\/wp-json\/wp\/v2\/product"}],"about":[{"href":"https:\/\/roveyayinevi.com.tr\/index.php\/wp-json\/wp\/v2\/types\/product"}],"wp:attachment":[{"href":"https:\/\/roveyayinevi.com.tr\/index.php\/wp-json\/wp\/v2\/media?parent=778505"}],"wp:term":[{"taxonomy":"product_brand","embeddable":true,"href":"https:\/\/roveyayinevi.com.tr\/index.php\/wp-json\/wp\/v2\/product_brand?post=778505"},{"taxonomy":"product_cat","embeddable":true,"href":"https:\/\/roveyayinevi.com.tr\/index.php\/wp-json\/wp\/v2\/product_cat?post=778505"},{"taxonomy":"product_tag","embeddable":true,"href":"https:\/\/roveyayinevi.com.tr\/index.php\/wp-json\/wp\/v2\/product_tag?post=778505"}],"curies":[{"name":"wp","href":"https:\/\/api.w.org\/{rel}","templated":true}]}}