{"id":778497,"date":"2025-11-19T16:41:39","date_gmt":"2025-11-19T13:41:39","guid":{"rendered":"https:\/\/roveyayinevi.com.tr\/index.php\/urun\/ben-hep-kaybettim\/"},"modified":"2026-03-09T02:26:32","modified_gmt":"2026-03-08T23:26:32","slug":"ben-hep-kaybettim","status":"publish","type":"product","link":"https:\/\/roveyayinevi.com.tr\/index.php\/urun\/ben-hep-kaybettim\/","title":{"rendered":"Ben Hep Kaybettim"},"content":{"rendered":"<p>Bir kad\u0131n susmay\u0131 tercih ediyorsa e\u011fer, anlatmak istedi\u011fi \u00e7ok \u015fey vard\u0131r. Bir kad\u0131n, gitmesi gerekti\u011finde, kalmay\u0131 se\u00e7iyorsa, b\u00fcy\u00fck bir ihanet ya\u015fam\u0131\u015ft\u0131r. Ve daha fazlas\u0131n\u0131 ya\u015fatmadan, asla gitmeyecektir. Bir kad\u0131n a\u011fl\u0131yorsa, yaln\u0131zca bir \u015fey i\u00e7in a\u011flam\u0131yordur. \u0130\u00e7inde biriktirdi\u011fi, \u00e7ok \u015fey vard\u0131r. Bir kad\u0131n, yoruldu\u011funu hissediyorsa, a\u015fka olan inanc\u0131n\u0131 yitirmi\u015ftir. Bir kad\u0131n\u0131n g\u00fcvenini bir kez kaybettiysen e\u011fer, ona d\u00fcnyalar\u0131 sunsan da,  seni asla affetmeyecektir. Bir kad\u0131n\u0131n t\u00fckendi\u011fine neden olduysan, seni de t\u00fcketir. Ama bir kad\u0131n\u0131n nefretine neden olduysan e\u011fer, d\u00f6n\u00fc\u015f\u00fc yok, \u00e7ok \u015fey kaybettin demektir&#8230; <\/p>\n","protected":false},"excerpt":{"rendered":"<p>Bir kad\u0131n susmay\u0131 tercih ediyorsa e\u011fer, anlatmak istedi\u011fi \u00e7ok \u015fey vard\u0131r. Bir kad\u0131n, gitmesi gerekti\u011finde, kalmay\u0131 se\u00e7iyorsa, b\u00fcy\u00fck bir ihanet ya\u015fam\u0131\u015ft\u0131r. Ve daha fazlas\u0131n\u0131 ya\u015fatmadan, asla<span class=\"excerpt-hellip\"> [\u2026]<\/span><\/p>\n","protected":false},"featured_media":0,"template":"","meta":{"_monsterinsights_skip_tracking":false,"_monsterinsights_sitenote_active":false,"_monsterinsights_sitenote_note":"","_monsterinsights_sitenote_category":0},"product_brand":[],"product_cat":[12777,12291],"product_tag":[],"class_list":{"0":"post-778497","1":"product","2":"type-product","3":"status-publish","5":"product_cat-deneme","6":"product_cat-edebiyat","7":"pa_cilt-ciltsiz","8":"pa_tur-kitap","9":"pa_yayinevi-destek-yayinlari","10":"pa_yazar-mehmet-ali-kilinc","12":"first","13":"instock","14":"sale","15":"shipping-taxable","16":"purchasable","17":"product-type-simple"},"_links":{"self":[{"href":"https:\/\/roveyayinevi.com.tr\/index.php\/wp-json\/wp\/v2\/product\/778497","targetHints":{"allow":["GET"]}}],"collection":[{"href":"https:\/\/roveyayinevi.com.tr\/index.php\/wp-json\/wp\/v2\/product"}],"about":[{"href":"https:\/\/roveyayinevi.com.tr\/index.php\/wp-json\/wp\/v2\/types\/product"}],"wp:attachment":[{"href":"https:\/\/roveyayinevi.com.tr\/index.php\/wp-json\/wp\/v2\/media?parent=778497"}],"wp:term":[{"taxonomy":"product_brand","embeddable":true,"href":"https:\/\/roveyayinevi.com.tr\/index.php\/wp-json\/wp\/v2\/product_brand?post=778497"},{"taxonomy":"product_cat","embeddable":true,"href":"https:\/\/roveyayinevi.com.tr\/index.php\/wp-json\/wp\/v2\/product_cat?post=778497"},{"taxonomy":"product_tag","embeddable":true,"href":"https:\/\/roveyayinevi.com.tr\/index.php\/wp-json\/wp\/v2\/product_tag?post=778497"}],"curies":[{"name":"wp","href":"https:\/\/api.w.org\/{rel}","templated":true}]}}