{"id":778496,"date":"2025-11-19T16:15:52","date_gmt":"2025-11-19T13:15:52","guid":{"rendered":"https:\/\/roveyayinevi.com.tr\/index.php\/urun\/ay-isigini-icen-kiz\/"},"modified":"2026-04-16T02:18:08","modified_gmt":"2026-04-15T23:18:08","slug":"ay-isigini-icen-kiz","status":"publish","type":"product","link":"https:\/\/roveyayinevi.com.tr\/index.php\/urun\/ay-isigini-icen-kiz\/","title":{"rendered":"Ay I\u015f\u0131\u011f\u0131n\u0131 \u0130\u00e7en K\u0131z"},"content":{"rendered":"<p>Uzun y\u0131llard\u0131r k\u00f6t\u00fc bir cad\u0131n\u0131n korkusu ve sebep oldu\u011fu kederle ya\u015fayan bir \u015fehirde her y\u0131l \u201ckurban g\u00fcn\u00fc\u201dnde o y\u0131l do\u011fan en k\u00fc\u00e7\u00fck bebek cad\u0131ya kurban olarak sunulur. \u015eehrin y\u00f6neticileri kurban edilecek \u00e7ocu\u011fun ailesine durumu bildirir ve kendilerini haz\u0131rlamas\u0131n\u0131 ister. Kurban g\u00fcn\u00fc geldi\u011finde b\u00fcy\u00fck bir t\u00f6renle \u00e7ocuk evinden al\u0131n\u0131r ve ormandaki suna\u011fa b\u0131rak\u0131l\u0131r, \u00e7ocu\u011fun ak\u0131betini kimse bilmez. Asl\u0131nda k\u00f6t\u00fc cad\u0131 yoktur, cad\u0131 Xan, halk\u0131n bu \u00e7ocuklar\u0131 istemedi\u011fi i\u00e7in ormana terk etti\u011fini d\u00fc\u015f\u00fcn\u00fcp onlar\u0131 kurtar\u0131yordur. Bir sene annesi k\u0131z\u0131n\u0131 vermek istemez ama zorla bebe\u011fini elinden al\u0131n\u0131r. Xan tam vaktinde yeti\u015fip bebe\u011fi kurtar\u0131r ancak bebe\u011fi y\u0131ld\u0131zlardan de\u011fil de aydan dam\u0131tt\u0131\u011f\u0131 s\u00fctle besler ve b\u00fcy\u00fc bebe\u011fin i\u00e7ine girer. Xan bunun \u00fczerine bebe\u011fi kendi b\u00fcy\u00fctmeye karar verir \u00e7\u00fcnk\u00fc e\u011fitimsiz bir b\u00fcy\u00fcc\u00fc hem kendi hem de \u00e7evresi i\u00e7in tehlikeli olacakt\u0131r.\u201cElinizden b\u0131rakamayacaks\u0131n\u0131z&#8230; Ay I\u015f\u0131\u011f\u0131n\u0131 \u0130\u00e7en K\u0131z, \u00e7ocuk klasikleri Peter Pan ve Oz B\u00fcy\u00fcc\u00fcs\u00fc kadar heyecan verici ve katmanl\u0131.\u201d-New York Times-2017 Newbery Medal \u00d6d\u00fcl\u00fcNew York Times \u00c7oksatanlar Listesi <\/p>\n","protected":false},"excerpt":{"rendered":"<p>Uzun y\u0131llard\u0131r k\u00f6t\u00fc bir cad\u0131n\u0131n korkusu ve sebep oldu\u011fu kederle ya\u015fayan bir \u015fehirde her y\u0131l \u201ckurban g\u00fcn\u00fc\u201dnde o y\u0131l do\u011fan en k\u00fc\u00e7\u00fck bebek cad\u0131ya kurban olarak<span class=\"excerpt-hellip\"> [\u2026]<\/span><\/p>\n","protected":false},"featured_media":0,"template":"","meta":{"_monsterinsights_skip_tracking":false,"_monsterinsights_sitenote_active":false,"_monsterinsights_sitenote_note":"","_monsterinsights_sitenote_category":0},"product_brand":[],"product_cat":[12291,15117],"product_tag":[],"class_list":{"0":"post-778496","1":"product","2":"type-product","3":"status-publish","5":"product_cat-edebiyat","6":"product_cat-genclik-edebiyati","7":"pa_cilt-ciltli","8":"pa_tur-kitap","9":"pa_yayinevi-hep-kitap","10":"pa_yazar-kelly-barnhill","12":"first","13":"instock","14":"sale","15":"shipping-taxable","16":"purchasable","17":"product-type-simple"},"_links":{"self":[{"href":"https:\/\/roveyayinevi.com.tr\/index.php\/wp-json\/wp\/v2\/product\/778496","targetHints":{"allow":["GET"]}}],"collection":[{"href":"https:\/\/roveyayinevi.com.tr\/index.php\/wp-json\/wp\/v2\/product"}],"about":[{"href":"https:\/\/roveyayinevi.com.tr\/index.php\/wp-json\/wp\/v2\/types\/product"}],"wp:attachment":[{"href":"https:\/\/roveyayinevi.com.tr\/index.php\/wp-json\/wp\/v2\/media?parent=778496"}],"wp:term":[{"taxonomy":"product_brand","embeddable":true,"href":"https:\/\/roveyayinevi.com.tr\/index.php\/wp-json\/wp\/v2\/product_brand?post=778496"},{"taxonomy":"product_cat","embeddable":true,"href":"https:\/\/roveyayinevi.com.tr\/index.php\/wp-json\/wp\/v2\/product_cat?post=778496"},{"taxonomy":"product_tag","embeddable":true,"href":"https:\/\/roveyayinevi.com.tr\/index.php\/wp-json\/wp\/v2\/product_tag?post=778496"}],"curies":[{"name":"wp","href":"https:\/\/api.w.org\/{rel}","templated":true}]}}