{"id":778494,"date":"2025-11-19T15:58:18","date_gmt":"2025-11-19T12:58:18","guid":{"rendered":"https:\/\/roveyayinevi.com.tr\/index.php\/urun\/kitab-i-siyah-kalem\/"},"modified":"2026-04-16T02:15:41","modified_gmt":"2026-04-15T23:15:41","slug":"kitab-i-siyah-kalem","status":"publish","type":"product","link":"https:\/\/roveyayinevi.com.tr\/index.php\/urun\/kitab-i-siyah-kalem\/","title":{"rendered":"Kitab-\u0131 Siyah Kalem"},"content":{"rendered":"<p>Tarihin zor meselelerinden birine, bir muammaya yakla\u015fmay\u0131 deniyor G\u00fclfem Pamuk, \u00f6d\u00fcll\u00fc ve geni\u015f oylumlu ilk kitab\u0131 Kitab-\u0131 Siyah Kalem ile. Nakka\u015f Mehmed Siyah Kalem&#8217;in iz s\u00fcr\u00fclemez kimli\u011fine, gen\u00e7 bir doktora \u00f6\u011frencisinin tezi \u00fczerinden bak\u0131yor. Muammal\u0131 Mehmed Siyah Kalem&#8217;i, yine tarihin k\u0131\u015fk\u0131rt\u0131c\u0131 karakterlerinden Fazlullah Esterab\u00e2d\u00ee d\u00f6neminden okuyor. Bu bak\u0131\u015f ve bu okuma, iki kad\u0131n karakter \u00fczerinden, paralel bir kurguyla ilerliyor. Esma ve Elif. \u0130simler ismi Esma ve harfler \u015feyhi Fazlullah ve &#8220;u\u011fursuz&#8221; Nakka\u015f; Lam&#8217;\u0131n yan\u0131nda Elif veya Elif&#8217;in yan\u0131nda Lam. Biri isimler, \u00f6tekisi harfler. Epey zor bir meseleyi, roman\u0131n geni\u015f imk\u00e2n\u0131 i\u00e7inde tart\u0131\u015f\u0131yor yazar. Okuyana &#8220;Bu, hakikaten bir ilk roman m\u0131?&#8221; sorusu emanet kal\u0131yor. Her \u015feyin temelinde a\u015fk vard\u0131r, diyor Kitab-\u0131 Siyah Kalem. Ve ekliyor, d\u00fcnya da a\u015fkla yarat\u0131lmad\u0131 m\u0131? \u015eeytan\u0131n kula\u011f\u0131 bu hik\u00e2yeyi ne zaman duydu? S\u00f6yleyin bana, ne zaman? <\/p>\n","protected":false},"excerpt":{"rendered":"<p>Tarihin zor meselelerinden birine, bir muammaya yakla\u015fmay\u0131 deniyor G\u00fclfem Pamuk, \u00f6d\u00fcll\u00fc ve geni\u015f oylumlu ilk kitab\u0131 Kitab-\u0131 Siyah Kalem ile. Nakka\u015f Mehmed Siyah Kalem&#8217;in iz s\u00fcr\u00fclemez<span class=\"excerpt-hellip\"> [\u2026]<\/span><\/p>\n","protected":false},"featured_media":0,"template":"","meta":{"_monsterinsights_skip_tracking":false,"_monsterinsights_sitenote_active":false,"_monsterinsights_sitenote_note":"","_monsterinsights_sitenote_category":0},"product_brand":[],"product_cat":[12291,12711],"product_tag":[],"class_list":{"0":"post-778494","1":"product","2":"type-product","3":"status-publish","5":"product_cat-edebiyat","6":"product_cat-roman-oyku","7":"pa_cilt-ciltsiz","8":"pa_tur-kitap","9":"pa_yayinevi-everest-yayinlari","10":"pa_yazar-gulfem-pamuk","12":"first","13":"instock","14":"sale","15":"shipping-taxable","16":"purchasable","17":"product-type-simple"},"_links":{"self":[{"href":"https:\/\/roveyayinevi.com.tr\/index.php\/wp-json\/wp\/v2\/product\/778494","targetHints":{"allow":["GET"]}}],"collection":[{"href":"https:\/\/roveyayinevi.com.tr\/index.php\/wp-json\/wp\/v2\/product"}],"about":[{"href":"https:\/\/roveyayinevi.com.tr\/index.php\/wp-json\/wp\/v2\/types\/product"}],"wp:attachment":[{"href":"https:\/\/roveyayinevi.com.tr\/index.php\/wp-json\/wp\/v2\/media?parent=778494"}],"wp:term":[{"taxonomy":"product_brand","embeddable":true,"href":"https:\/\/roveyayinevi.com.tr\/index.php\/wp-json\/wp\/v2\/product_brand?post=778494"},{"taxonomy":"product_cat","embeddable":true,"href":"https:\/\/roveyayinevi.com.tr\/index.php\/wp-json\/wp\/v2\/product_cat?post=778494"},{"taxonomy":"product_tag","embeddable":true,"href":"https:\/\/roveyayinevi.com.tr\/index.php\/wp-json\/wp\/v2\/product_tag?post=778494"}],"curies":[{"name":"wp","href":"https:\/\/api.w.org\/{rel}","templated":true}]}}