{"id":778479,"date":"2025-11-13T08:13:56","date_gmt":"2025-11-13T05:13:56","guid":{"rendered":"https:\/\/roveyayinevi.com.tr\/index.php\/urun\/kazanirsak-kaybederiz-2-yaziyor-cep-boy\/"},"modified":"2026-04-16T02:54:41","modified_gmt":"2026-04-15T23:54:41","slug":"kazanirsak-kaybederiz-2-yaziyor-cep-boy","status":"publish","type":"product","link":"https:\/\/roveyayinevi.com.tr\/index.php\/urun\/kazanirsak-kaybederiz-2-yaziyor-cep-boy\/","title":{"rendered":"Kazan\u0131rsak Kaybederiz 2 : Yaz\u0131yor&#8230;-Cep Boy"},"content":{"rendered":"<p>\u201cB\u0130RER MASKE TAKTIK Y\u00dcZ\u00dcM\u00dcZE, H\u0130\u00c7 D\u00dc\u015eMEYECEK SANDIK. \u00dcN VE PARA U\u011eRUNA G\u0130DEB\u0130LECE\u011e\u0130M\u0130Z YERE KADAR G\u0130TT\u0130K.\u201d   Bir mektup, pop\u00fclerlik merdiveninde son basama\u011fa \u00e7\u0131kman\u0131 isteyen gizemli bir ki\u015fi ve \u00e7\u00f6z\u00fclmeyi bekleyen s\u0131rlar! Fame Evi, her ge\u00e7en g\u00fcn biraz daha ac\u0131mas\u0131zla\u015f\u0131r. Yar\u0131\u015fmac\u0131lar, kamera \u00f6n\u00fcndeki ya\u015famlar\u0131nda ekibin s\u00f6z sahibi olmas\u0131na al\u0131\u015fm\u0131\u015fken Eva\u2019n\u0131n eve geri d\u00f6nmesiyle i\u015fler yeniden kar\u0131\u015f\u0131r. \u0130kinci \u015fans\u0131 Eva\u2019y\u0131 ba\u015fka biri gibi davranmaya iter, oyunu kural\u0131na g\u00f6re oynamas\u0131 gerekti\u011fini kabullenmi\u015ftir. Art\u0131k do\u011frulu\u011fu ve d\u00fcr\u00fcstl\u00fc\u011f\u00fc savunan Eva yoktur; dostunu da a\u015fk\u0131n\u0131 da Fame kullan\u0131c\u0131lar\u0131ndan herhangi biri gibi g\u00f6rmektedir.   \u00dcn ve para u\u011fruna ne kadar ileri gidebilece\u011fini kestiremeyecek kadar g\u00f6z\u00fcn\u00fc karartm\u0131\u015f olan Eva Durusoy\u2019un h\u0131zla artan takip\u00e7i say\u0131s\u0131, kaybettiklerine de\u011fecek midir?<\/p>\n","protected":false},"excerpt":{"rendered":"<p>\u201cB\u0130RER MASKE TAKTIK Y\u00dcZ\u00dcM\u00dcZE, H\u0130\u00c7 D\u00dc\u015eMEYECEK SANDIK. \u00dcN VE PARA U\u011eRUNA G\u0130DEB\u0130LECE\u011e\u0130M\u0130Z YERE KADAR G\u0130TT\u0130K.\u201d Bir mektup, pop\u00fclerlik merdiveninde son basama\u011fa \u00e7\u0131kman\u0131 isteyen gizemli bir ki\u015fi<span class=\"excerpt-hellip\"> [\u2026]<\/span><\/p>\n","protected":false},"featured_media":0,"template":"","meta":{"_monsterinsights_skip_tracking":false,"_monsterinsights_sitenote_active":false,"_monsterinsights_sitenote_note":"","_monsterinsights_sitenote_category":0},"product_brand":[],"product_cat":[12291,12711],"product_tag":[],"class_list":{"0":"post-778479","1":"product","2":"type-product","3":"status-publish","5":"product_cat-edebiyat","6":"product_cat-roman-oyku","7":"pa_cilt-ciltsiz","8":"pa_tur-kitap","9":"pa_yayinevi-marti-yayinlari","10":"pa_yazar-zeynep-sey","12":"first","13":"instock","14":"sale","15":"shipping-taxable","16":"purchasable","17":"product-type-simple"},"_links":{"self":[{"href":"https:\/\/roveyayinevi.com.tr\/index.php\/wp-json\/wp\/v2\/product\/778479","targetHints":{"allow":["GET"]}}],"collection":[{"href":"https:\/\/roveyayinevi.com.tr\/index.php\/wp-json\/wp\/v2\/product"}],"about":[{"href":"https:\/\/roveyayinevi.com.tr\/index.php\/wp-json\/wp\/v2\/types\/product"}],"wp:attachment":[{"href":"https:\/\/roveyayinevi.com.tr\/index.php\/wp-json\/wp\/v2\/media?parent=778479"}],"wp:term":[{"taxonomy":"product_brand","embeddable":true,"href":"https:\/\/roveyayinevi.com.tr\/index.php\/wp-json\/wp\/v2\/product_brand?post=778479"},{"taxonomy":"product_cat","embeddable":true,"href":"https:\/\/roveyayinevi.com.tr\/index.php\/wp-json\/wp\/v2\/product_cat?post=778479"},{"taxonomy":"product_tag","embeddable":true,"href":"https:\/\/roveyayinevi.com.tr\/index.php\/wp-json\/wp\/v2\/product_tag?post=778479"}],"curies":[{"name":"wp","href":"https:\/\/api.w.org\/{rel}","templated":true}]}}