{"id":778476,"date":"2025-11-13T07:02:44","date_gmt":"2025-11-13T04:02:44","guid":{"rendered":"https:\/\/roveyayinevi.com.tr\/index.php\/urun\/10-adimda-girisimcilik\/"},"modified":"2026-04-16T02:40:54","modified_gmt":"2026-04-15T23:40:54","slug":"10-adimda-girisimcilik","status":"publish","type":"product","link":"https:\/\/roveyayinevi.com.tr\/index.php\/urun\/10-adimda-girisimcilik\/","title":{"rendered":"10 Ad\u0131mda Giri\u015fimcilik"},"content":{"rendered":"<p>\u201cGiri\u015fim\u201d ile \u201cGiri\u015fimci\u201d ifadelerinin \u00e7ok kar\u0131\u015ft\u0131r\u0131ld\u0131\u011f\u0131 bir \u00e7al\u0131\u015fma hayat\u0131 temposunda, asl\u0131nda kelimelerin de fazla anlam\u0131 kalm\u0131yor! \u00c7\u00fcnk\u00fc her giri\u015fimin art\u0131k bir giri\u015fimcilik kabul edildi\u011fi bir zaman\u0131 ya\u015f\u0131yoruz. Her ne kadar, giri\u015fimcilik ile \u201cgen\u00e7\u201d \u00e7ok iyi uyu\u015fsa da, g\u00f6nl\u00fc gen\u00e7, nice giri\u015fim sahipleri de yok de\u011fil! Zaten kavram\u0131n birle\u015fmesinin, \u00e7\u0131k\u0131\u015f noktas\u0131 da buras\u0131d\u0131r. T\u00fcrkiye \u0130statistik Kurumu da buradan yola \u00e7\u0131karak, b\u00fct\u00fcn i\u015fletmeleri,  s\u0131n\u0131f\u0131na bakmadan, \u201cgiri\u015fim\u201d olarak kabul etmektedir\u2026   Unutmayal\u0131m ki; bir giri\u015fimci, detayl\u0131 bir maliyet analizi, \u00fcr\u00fcn\u00fcn pazar ara\u015ft\u0131rmas\u0131, teknik tasar\u0131m, proje haz\u0131rlanmas\u0131, rakiplerin ara\u015ft\u0131r\u0131lmas\u0131, teknik analiz, \u00fcr\u00fcn\u00fcn deneyleri veya denenmesi gibi konularda, d\u00f6rt d\u00f6rtl\u00fck bir bilgiye sahip olamaz. Olsa da bu bir istisna olur. Bu y\u00fczden, giri\u015fimcilerin, daha i\u015fin ba\u015f\u0131nda ya da projeleri s\u00fcrerken, desteklenmeleri gerekir\u2026 <\/p>\n","protected":false},"excerpt":{"rendered":"<p>\u201cGiri\u015fim\u201d ile \u201cGiri\u015fimci\u201d ifadelerinin \u00e7ok kar\u0131\u015ft\u0131r\u0131ld\u0131\u011f\u0131 bir \u00e7al\u0131\u015fma hayat\u0131 temposunda, asl\u0131nda kelimelerin de fazla anlam\u0131 kalm\u0131yor! \u00c7\u00fcnk\u00fc her giri\u015fimin art\u0131k bir giri\u015fimcilik kabul edildi\u011fi bir zaman\u0131<span class=\"excerpt-hellip\"> [\u2026]<\/span><\/p>\n","protected":false},"featured_media":0,"template":"","meta":{"_monsterinsights_skip_tracking":false,"_monsterinsights_sitenote_active":false,"_monsterinsights_sitenote_note":"","_monsterinsights_sitenote_category":0},"product_brand":[],"product_cat":[12364,12376],"product_tag":[],"class_list":{"0":"post-778476","1":"product","2":"type-product","3":"status-publish","5":"product_cat-genel-konular","6":"product_cat-kisisel-gelisim","7":"pa_cilt-ciltsiz","8":"pa_tur-kitap","9":"pa_yayinevi-gulnar-yayinlari","10":"pa_yazar-sedat-sadioglu","12":"first","13":"instock","14":"sale","15":"shipping-taxable","16":"purchasable","17":"product-type-simple"},"_links":{"self":[{"href":"https:\/\/roveyayinevi.com.tr\/index.php\/wp-json\/wp\/v2\/product\/778476","targetHints":{"allow":["GET"]}}],"collection":[{"href":"https:\/\/roveyayinevi.com.tr\/index.php\/wp-json\/wp\/v2\/product"}],"about":[{"href":"https:\/\/roveyayinevi.com.tr\/index.php\/wp-json\/wp\/v2\/types\/product"}],"wp:attachment":[{"href":"https:\/\/roveyayinevi.com.tr\/index.php\/wp-json\/wp\/v2\/media?parent=778476"}],"wp:term":[{"taxonomy":"product_brand","embeddable":true,"href":"https:\/\/roveyayinevi.com.tr\/index.php\/wp-json\/wp\/v2\/product_brand?post=778476"},{"taxonomy":"product_cat","embeddable":true,"href":"https:\/\/roveyayinevi.com.tr\/index.php\/wp-json\/wp\/v2\/product_cat?post=778476"},{"taxonomy":"product_tag","embeddable":true,"href":"https:\/\/roveyayinevi.com.tr\/index.php\/wp-json\/wp\/v2\/product_tag?post=778476"}],"curies":[{"name":"wp","href":"https:\/\/api.w.org\/{rel}","templated":true}]}}