{"id":778470,"date":"2025-11-12T12:11:36","date_gmt":"2025-11-12T09:11:36","guid":{"rendered":"https:\/\/roveyayinevi.com.tr\/index.php\/urun\/ahiska-mucadelesine-adanan-bir-omur-enver-odabaseve-armagan\/"},"modified":"2026-04-15T03:44:07","modified_gmt":"2026-04-15T00:44:07","slug":"ahiska-mucadelesine-adanan-bir-omur-enver-odabaseve-armagan","status":"publish","type":"product","link":"https:\/\/roveyayinevi.com.tr\/index.php\/urun\/ahiska-mucadelesine-adanan-bir-omur-enver-odabaseve-armagan\/","title":{"rendered":"Ah\u0131ska M\u00fccadelesine Adanan Bir \u00d6m\u00fcr: Enver Odaba\u015fev\u2019e Arma\u011fan"},"content":{"rendered":"<p>Bu kitap, Ah\u0131ska T\u00fcrklerinin hak ve aidiyet m\u00fccadelesine adanm\u0131\u015f bir \u00f6mr\u00fcn tan\u0131kl\u0131\u011f\u0131n\u0131 tarihsel bir \u00e7er\u00e7evede ele al\u0131r. Belgeler, mektuplar ve tan\u0131kl\u0131klar, bireysel bir ya\u015famdan yola \u00e7\u0131karak toplulu\u011fun ortak haf\u0131zas\u0131n\u0131 g\u00f6r\u00fcn\u00fcr k\u0131lar. Ah\u0131ska m\u00fccadelesinin \u00f6nc\u00fc isimlerini tarih sahnesindeki yerini belirler ve tarih yaz\u0131m\u0131na sade, tutarl\u0131 ve kal\u0131c\u0131 bir katk\u0131 sa\u011flar. Ah\u0131ska Vatan Cemiyeti\u2019nin kurucu isimlerinden Enver Odaba\u015fev\u2019in b\u0131rakt\u0131\u011f\u0131 miras, okurlara ge\u00e7mi\u015fi derinlemesine kavraman\u0131n yan\u0131 s\u0131ra haf\u0131zan\u0131n s\u00fcreklili\u011fini hat\u0131rlat\u0131r. Ah\u0131ska T\u00fcrklerinin ya\u015fad\u0131\u011f\u0131 s\u00fcrg\u00fcn ve d\u00f6n\u00fc\u015f deneyimi, salt bir yer de\u011fi\u015fimi de\u011fildir; kimli\u011fin, aidiyetin ve adaletin zaman i\u00e7inde yeniden kuruldu\u011fu \u00e7ok katmanl\u0131 bir s\u00fcre\u00e7tir. Elinizdeki eser, Ah\u0131ska m\u00fccadelesinin \u00f6nc\u00fc isimlerini merkeze al\u0131rken, meselenin g\u00fcncel boyutlar\u0131n\u0131 tart\u0131\u015fan metinleri de bir araya getirmektedir. Bu kapsamda, eserde Ah\u0131ska\u2019ya d\u00f6n\u00fc\u015f\u00fcn hukuksal, toplumsal ve diasporik y\u00f6nlerini derinlemesine de\u011ferlendirme f\u0131rsat\u0131 bulacaks\u0131n\u0131z. <\/p>\n","protected":false},"excerpt":{"rendered":"<p>Bu kitap, Ah\u0131ska T\u00fcrklerinin hak ve aidiyet m\u00fccadelesine adanm\u0131\u015f bir \u00f6mr\u00fcn tan\u0131kl\u0131\u011f\u0131n\u0131 tarihsel bir \u00e7er\u00e7evede ele al\u0131r. Belgeler, mektuplar ve tan\u0131kl\u0131klar, bireysel bir ya\u015famdan yola \u00e7\u0131karak<span class=\"excerpt-hellip\"> [\u2026]<\/span><\/p>\n","protected":false},"featured_media":0,"template":"","meta":{"_monsterinsights_skip_tracking":false,"_monsterinsights_sitenote_active":false,"_monsterinsights_sitenote_note":"","_monsterinsights_sitenote_category":0},"product_brand":[],"product_cat":[12370,12304],"product_tag":[],"class_list":{"0":"post-778470","1":"product","2":"type-product","3":"status-publish","5":"product_cat-arastirma-inceleme","6":"product_cat-tarih","7":"pa_cilt-ciltsiz","8":"pa_tur-kitap","9":"pa_yayinevi-astana-yayinlari","10":"pa_yazar-rasim-bayraktar-leyla-dervis","12":"first","13":"instock","14":"sale","15":"shipping-taxable","16":"purchasable","17":"product-type-simple"},"_links":{"self":[{"href":"https:\/\/roveyayinevi.com.tr\/index.php\/wp-json\/wp\/v2\/product\/778470","targetHints":{"allow":["GET"]}}],"collection":[{"href":"https:\/\/roveyayinevi.com.tr\/index.php\/wp-json\/wp\/v2\/product"}],"about":[{"href":"https:\/\/roveyayinevi.com.tr\/index.php\/wp-json\/wp\/v2\/types\/product"}],"wp:attachment":[{"href":"https:\/\/roveyayinevi.com.tr\/index.php\/wp-json\/wp\/v2\/media?parent=778470"}],"wp:term":[{"taxonomy":"product_brand","embeddable":true,"href":"https:\/\/roveyayinevi.com.tr\/index.php\/wp-json\/wp\/v2\/product_brand?post=778470"},{"taxonomy":"product_cat","embeddable":true,"href":"https:\/\/roveyayinevi.com.tr\/index.php\/wp-json\/wp\/v2\/product_cat?post=778470"},{"taxonomy":"product_tag","embeddable":true,"href":"https:\/\/roveyayinevi.com.tr\/index.php\/wp-json\/wp\/v2\/product_tag?post=778470"}],"curies":[{"name":"wp","href":"https:\/\/api.w.org\/{rel}","templated":true}]}}

Ahıska Mücadelesine Adanan Bir Ömür: Enver Odabaşev’e Armağan

<p>Bu kitap, Ahıska Türklerinin hak ve aidiyet mücadelesine adanmış bir ömrün tanıklığını tarihsel bir çerçevede ele alır. Belgeler, mektuplar ve tanıklıklar, bireysel bir yaşamdan yola çıkarak topluluğun ortak hafızasını görünür kılar. Ahıska mücadelesinin öncü isimlerini tarih sahnesindeki yerini belirler ve tarih yazımına sade, tutarlı ve kalıcı bir katkı sağlar. Ahıska Vatan Cemiyeti’nin kurucu isimlerinden Enver Odabaşev’in bıraktığı miras, okurlara geçmişi derinlemesine kavramanın yanı sıra hafızanın sürekliliğini hatırlatır. Ahıska Türklerinin yaşadığı sürgün ve dönüş deneyimi, salt bir yer değişimi değildir; kimliğin, aidiyetin ve adaletin zaman içinde yeniden kurulduğu çok katmanlı bir süreçtir. Elinizdeki eser, Ahıska mücadelesinin öncü isimlerini merkeze alırken, meselenin güncel boyutlarını tartışan metinleri de bir araya getirmektedir. Bu kapsamda, eserde Ahıska’ya dönüşün hukuksal, toplumsal ve diasporik yönlerini derinlemesine değerlendirme fırsatı bulacaksınız. </p>

<p>Bu kitap, Ahıska Türklerinin hak ve aidiyet mücadelesine adanmış bir ömrün tanıklığını tarihsel bir çerçevede ele alır. Belgeler, mektuplar ve tanıklıklar, bireysel bir yaşamdan yola çıkarak<span class="excerpt-hellip"> […]</span></p>
