{"id":778444,"date":"2025-11-12T12:10:40","date_gmt":"2025-11-12T09:10:40","guid":{"rendered":"https:\/\/roveyayinevi.com.tr\/index.php\/urun\/hayal-gucu-kisa-bir-giris\/"},"modified":"2026-04-15T03:43:46","modified_gmt":"2026-04-15T00:43:46","slug":"hayal-gucu-kisa-bir-giris","status":"publish","type":"product","link":"https:\/\/roveyayinevi.com.tr\/index.php\/urun\/hayal-gucu-kisa-bir-giris\/","title":{"rendered":"Hayal G\u00fcc\u00fc &#8211; K\u0131sa Bir Giri\u015f"},"content":{"rendered":"<p>Hayal g\u00fcc\u00fc insanlara m\u0131 \u00f6zg\u00fcd\u00fcr? \u0130nsan\u0131n yetileri aras\u0131nda hayal g\u00fcc\u00fcn\u00fcn yeri nedir, \u00f6zg\u00fcnl\u00fc\u011f\u00fc nereden gelir? Hayal g\u00fcc\u00fcn\u00fcn etraf\u0131m\u0131zdaki d\u00fcnyay\u0131 ve \u00fcst\u00fcm\u00fczdeki y\u0131ld\u0131zl\u0131 g\u00f6ky\u00fcz\u00fcn\u00fc alg\u0131lay\u0131\u015f\u0131m\u0131zdaki evrimsel k\u00f6kenlerinden, hayal g\u00fcc\u00fcn\u00fcn kurulu\u015funda oyunun \u00fcstlendi\u011fi role kadar bu e\u015fsiz kudreti pek \u00e7ok y\u00f6n\u00fcyle ele alan Gosetti-Ferencei, normal hayat\u0131m\u0131z\u0131 hi\u00e7 terk etmeden bu hayattan ka\u00e7may\u0131, ba\u015fka d\u00fcnyalar\u0131n m\u00fcmk\u00fcn oldu\u011funu g\u00f6rmemizi sa\u011flayan hayal g\u00fcc\u00fcn\u00fc d\u00fc\u015f\u00fcnce tarihi i\u00e7inde hak etti\u011fi yere oturtuyor. Ger\u00e7ekli\u011fi tek ba\u015f\u0131na de\u011fi\u015ftiremeyecek olsa da mevcut olan\u0131 ba\u015fka bir g\u00f6zle g\u00f6rebilmemizi m\u00fcmk\u00fcn k\u0131lan hayal g\u00fcc\u00fc, bu ger\u00e7ekli\u011fi de\u011fi\u015ftirebilmenin de \u00f6nko\u015fulu olageldi hep. Platon ve Aristoteles\u2019ten, Descartes, Hume, Kant\u2019a, Nietzsche\u2019den Wittengstein, Sartre, Ricoeur ve Merleau-Ponty\u2019e uzanan bir \u00e7izgide hayal g\u00fcc\u00fcn\u00fcn felsefe tarihindeki yerini h\u00fcnerle g\u00f6steriyor Gosetti-Ferencei. D\u00fcnyay\u0131 insanile\u015ftiren, d\u00fcnyay\u0131 insan\u0131n ait oldu\u011fu yer olarak kabul etmemizi sa\u011flayan hayal g\u00fcc\u00fcne bu gelenekten bakabilmek, g\u00fcnden g\u00fcne insanilikten \u00e7\u0131kar\u0131lan ve bug\u00fcne hapsedilen d\u00fcnyam\u0131zda insana lay\u0131k olana geri d\u00f6nebilmemiz ve yar\u0131n\u0131 hat\u0131rlayabilmemiz i\u00e7in m\u00fctevaz\u0131 bir ba\u015flang\u0131\u00e7 olacakt\u0131r belki de. Jennifer Gosetti-Ferencei, Johns Hopkins \u00dcniversitesi\u2019nde felsefe profes\u00f6r\u00fcd\u00fcr. <\/p>\n","protected":false},"excerpt":{"rendered":"<p>Hayal g\u00fcc\u00fc insanlara m\u0131 \u00f6zg\u00fcd\u00fcr? \u0130nsan\u0131n yetileri aras\u0131nda hayal g\u00fcc\u00fcn\u00fcn yeri nedir, \u00f6zg\u00fcnl\u00fc\u011f\u00fc nereden gelir? Hayal g\u00fcc\u00fcn\u00fcn etraf\u0131m\u0131zdaki d\u00fcnyay\u0131 ve \u00fcst\u00fcm\u00fczdeki y\u0131ld\u0131zl\u0131 g\u00f6ky\u00fcz\u00fcn\u00fc alg\u0131lay\u0131\u015f\u0131m\u0131zdaki evrimsel k\u00f6kenlerinden,<span class=\"excerpt-hellip\"> [\u2026]<\/span><\/p>\n","protected":false},"featured_media":0,"template":"","meta":{"_monsterinsights_skip_tracking":false,"_monsterinsights_sitenote_active":false,"_monsterinsights_sitenote_note":"","_monsterinsights_sitenote_category":0},"product_brand":[],"product_cat":[12388],"product_tag":[],"class_list":{"0":"post-778444","1":"product","2":"type-product","3":"status-publish","5":"product_cat-felsefe","6":"pa_cilt-ciltsiz","7":"pa_tur-kitap","8":"pa_yayinevi-koc-universitesi-yayinlari","9":"pa_yazar-jennifer-anna-gosetti-ferencei","11":"first","12":"instock","13":"sale","14":"shipping-taxable","15":"purchasable","16":"product-type-simple"},"_links":{"self":[{"href":"https:\/\/roveyayinevi.com.tr\/index.php\/wp-json\/wp\/v2\/product\/778444","targetHints":{"allow":["GET"]}}],"collection":[{"href":"https:\/\/roveyayinevi.com.tr\/index.php\/wp-json\/wp\/v2\/product"}],"about":[{"href":"https:\/\/roveyayinevi.com.tr\/index.php\/wp-json\/wp\/v2\/types\/product"}],"wp:attachment":[{"href":"https:\/\/roveyayinevi.com.tr\/index.php\/wp-json\/wp\/v2\/media?parent=778444"}],"wp:term":[{"taxonomy":"product_brand","embeddable":true,"href":"https:\/\/roveyayinevi.com.tr\/index.php\/wp-json\/wp\/v2\/product_brand?post=778444"},{"taxonomy":"product_cat","embeddable":true,"href":"https:\/\/roveyayinevi.com.tr\/index.php\/wp-json\/wp\/v2\/product_cat?post=778444"},{"taxonomy":"product_tag","embeddable":true,"href":"https:\/\/roveyayinevi.com.tr\/index.php\/wp-json\/wp\/v2\/product_tag?post=778444"}],"curies":[{"name":"wp","href":"https:\/\/api.w.org\/{rel}","templated":true}]}}