{"id":778433,"date":"2025-11-12T06:46:36","date_gmt":"2025-11-12T03:46:36","guid":{"rendered":"https:\/\/roveyayinevi.com.tr\/index.php\/urun\/musluman-cenazesi\/"},"modified":"2026-04-16T02:38:27","modified_gmt":"2026-04-15T23:38:27","slug":"musluman-cenazesi","status":"publish","type":"product","link":"https:\/\/roveyayinevi.com.tr\/index.php\/urun\/musluman-cenazesi\/","title":{"rendered":"M\u00fcsl\u00fcman Cenazesi"},"content":{"rendered":"<p>Huo Da\u2019n\u0131n Mao Dun Edebiyat \u00d6d\u00fcl\u00fc\u2019ne lay\u0131k g\u00f6r\u00fclen ba\u015fyap\u0131t\u0131 M\u00fcsl\u00fcman Cenazesi, \u00c7in edebiyat\u0131nda M\u00fcsl\u00fcman kimli\u011fin ses buldu\u011fu ilk b\u00fcy\u00fck anlat\u0131lardan biri olarak d\u00fcnya \u00e7ap\u0131nda geni\u015f yank\u0131 uyand\u0131rd\u0131.   Roman, ye\u015fim ta\u015f\u0131na adanm\u0131\u015f bir hayat\u0131n i\u00e7inde, b\u00fcy\u00fck bir sevdan\u0131n ve a\u011f\u0131r bir fedak\u00e2rl\u0131\u011f\u0131n izlerini s\u00fcrerken, Hui M\u00fcsl\u00fcmanlar\u0131n\u0131n \u00c7in toplumunda verdikleri hayatta kalma m\u00fccadelesine odaklan\u0131yor. Pekin\u2019in arka sokaklar\u0131nda ge\u00e7en hik\u00e2ye; \u00fc\u00e7 ku\u015fa\u011f\u0131, a\u015fklar, inan\u00e7lar, kay\u0131plar ve pi\u015fmanl\u0131klar etraf\u0131nda birle\u015ftiriyor.   D\u00fcnya \u00e7ap\u0131nda milyonlarca okura ula\u015fan, onlarca dile \u00e7evrilen ve \u015fimdi T\u00fcrk\u00e7ede ilk kez yay\u0131mlanan M\u00fcsl\u00fcman Cenazesi, okurunu derin bir duygu d\u00fcnyas\u0131na davet ediyor. <\/p>\n","protected":false},"excerpt":{"rendered":"<p>Huo Da\u2019n\u0131n Mao Dun Edebiyat \u00d6d\u00fcl\u00fc\u2019ne lay\u0131k g\u00f6r\u00fclen ba\u015fyap\u0131t\u0131 M\u00fcsl\u00fcman Cenazesi, \u00c7in edebiyat\u0131nda M\u00fcsl\u00fcman kimli\u011fin ses buldu\u011fu ilk b\u00fcy\u00fck anlat\u0131lardan biri olarak d\u00fcnya \u00e7ap\u0131nda geni\u015f yank\u0131<span class=\"excerpt-hellip\"> [\u2026]<\/span><\/p>\n","protected":false},"featured_media":0,"template":"","meta":{"_monsterinsights_skip_tracking":false,"_monsterinsights_sitenote_active":false,"_monsterinsights_sitenote_note":"","_monsterinsights_sitenote_category":0},"product_brand":[],"product_cat":[12291,12711],"product_tag":[],"class_list":{"0":"post-778433","1":"product","2":"type-product","3":"status-publish","5":"product_cat-edebiyat","6":"product_cat-roman-oyku","7":"pa_cilt-ciltsiz","8":"pa_tur-kitap","9":"pa_yayinevi-kirmizi-kedi-yayinevi","10":"pa_yazar-huo-da","12":"first","13":"instock","14":"sale","15":"shipping-taxable","16":"purchasable","17":"product-type-simple"},"_links":{"self":[{"href":"https:\/\/roveyayinevi.com.tr\/index.php\/wp-json\/wp\/v2\/product\/778433","targetHints":{"allow":["GET"]}}],"collection":[{"href":"https:\/\/roveyayinevi.com.tr\/index.php\/wp-json\/wp\/v2\/product"}],"about":[{"href":"https:\/\/roveyayinevi.com.tr\/index.php\/wp-json\/wp\/v2\/types\/product"}],"wp:attachment":[{"href":"https:\/\/roveyayinevi.com.tr\/index.php\/wp-json\/wp\/v2\/media?parent=778433"}],"wp:term":[{"taxonomy":"product_brand","embeddable":true,"href":"https:\/\/roveyayinevi.com.tr\/index.php\/wp-json\/wp\/v2\/product_brand?post=778433"},{"taxonomy":"product_cat","embeddable":true,"href":"https:\/\/roveyayinevi.com.tr\/index.php\/wp-json\/wp\/v2\/product_cat?post=778433"},{"taxonomy":"product_tag","embeddable":true,"href":"https:\/\/roveyayinevi.com.tr\/index.php\/wp-json\/wp\/v2\/product_tag?post=778433"}],"curies":[{"name":"wp","href":"https:\/\/api.w.org\/{rel}","templated":true}]}}