{"id":778410,"date":"2025-11-11T12:02:30","date_gmt":"2025-11-11T09:02:30","guid":{"rendered":"https:\/\/roveyayinevi.com.tr\/index.php\/urun\/bediuzzaman-tefsiri-i\/"},"modified":"2026-04-15T03:43:48","modified_gmt":"2026-04-15T00:43:48","slug":"bediuzzaman-tefsiri-i","status":"publish","type":"product","link":"https:\/\/roveyayinevi.com.tr\/index.php\/urun\/bediuzzaman-tefsiri-i\/","title":{"rendered":"Bedi\u00fczzaman Tefsiri I"},"content":{"rendered":"<p>&#8220;Y\u00fczy\u0131l\u0131n en b\u00fcy\u00fck iman hakikatleri k\u0131lavuzu, \u015fimdi bir tefsir b\u00fct\u00fcnl\u00fc\u011f\u00fcyle sizinle! Bu eser, geleneksel tefsir y\u00f6ntemlerinin i\u00e7erisinde, Bedi\u00fczzaman Said Nursi&#8217;nin Risale-i Nur K\u00fclliyat\u0131&#8217;nda ayetlere yapt\u0131\u011f\u0131 o derin, ak\u0131lc\u0131 ve kalbe hitap eden yorumlar\u0131 bir araya getiriyor. Bu tefsir, sadece Kur&#8217;an metnini a\u00e7\u0131klamakla kalmaz; ayn\u0131 zamanda felsefe, bilim ve modern hayat\u0131n getirdi\u011fi t\u00fcm varolu\u015fsal sorulara Kur&#8217;an&#8217;\u0131n nazar\u0131yla cevaplar sunuyor. Bu \u00e7al\u0131\u015fma, klasik tefsir birikimini \u00e7a\u011f\u0131m\u0131z\u0131n idrakine sunan, hem bir iman manifestosu hem de bir rehberdir. Kur&#8217;an&#8217;\u0131n derinliklerine yolculuk yapmak, hayat\u0131n anlam\u0131n\u0131 ke\u015ffetmek ve asr\u0131n \u015f\u00fcphelerinden ar\u0131nm\u0131\u015f bir imanla donanmak isteyen herkes i\u00e7in vazge\u00e7ilmez bir ba\u015fvuru kayna\u011f\u0131d\u0131r. Risalelerdeki Kur&#8217;an hakikatleri, \u015fimdi bir tefsir sistemi i\u00e7inde ruhunuzu ayd\u0131nlatmay\u0131 bekliyor. <\/p>\n","protected":false},"excerpt":{"rendered":"<p>&#8220;Y\u00fczy\u0131l\u0131n en b\u00fcy\u00fck iman hakikatleri k\u0131lavuzu, \u015fimdi bir tefsir b\u00fct\u00fcnl\u00fc\u011f\u00fcyle sizinle! Bu eser, geleneksel tefsir y\u00f6ntemlerinin i\u00e7erisinde, Bedi\u00fczzaman Said Nursi&#8217;nin Risale-i Nur K\u00fclliyat\u0131&#8217;nda ayetlere yapt\u0131\u011f\u0131 o<span class=\"excerpt-hellip\"> [\u2026]<\/span><\/p>\n","protected":false},"featured_media":0,"template":"","meta":{"_monsterinsights_skip_tracking":false,"_monsterinsights_sitenote_active":false,"_monsterinsights_sitenote_note":"","_monsterinsights_sitenote_category":0},"product_brand":[],"product_cat":[12718,12719,45552],"product_tag":[],"class_list":{"0":"post-778410","1":"product","2":"type-product","3":"status-publish","5":"product_cat-din","6":"product_cat-islam","7":"product_cat-meal-tefsir-hadis","8":"pa_cilt-ciltsiz","9":"pa_tur-kitap","10":"pa_yayinevi-gulnar-yayinlari","11":"pa_yazar-a-cuneyt-eren","13":"first","14":"instock","15":"sale","16":"shipping-taxable","17":"purchasable","18":"product-type-simple"},"_links":{"self":[{"href":"https:\/\/roveyayinevi.com.tr\/index.php\/wp-json\/wp\/v2\/product\/778410","targetHints":{"allow":["GET"]}}],"collection":[{"href":"https:\/\/roveyayinevi.com.tr\/index.php\/wp-json\/wp\/v2\/product"}],"about":[{"href":"https:\/\/roveyayinevi.com.tr\/index.php\/wp-json\/wp\/v2\/types\/product"}],"wp:attachment":[{"href":"https:\/\/roveyayinevi.com.tr\/index.php\/wp-json\/wp\/v2\/media?parent=778410"}],"wp:term":[{"taxonomy":"product_brand","embeddable":true,"href":"https:\/\/roveyayinevi.com.tr\/index.php\/wp-json\/wp\/v2\/product_brand?post=778410"},{"taxonomy":"product_cat","embeddable":true,"href":"https:\/\/roveyayinevi.com.tr\/index.php\/wp-json\/wp\/v2\/product_cat?post=778410"},{"taxonomy":"product_tag","embeddable":true,"href":"https:\/\/roveyayinevi.com.tr\/index.php\/wp-json\/wp\/v2\/product_tag?post=778410"}],"curies":[{"name":"wp","href":"https:\/\/api.w.org\/{rel}","templated":true}]}}