{"id":778402,"date":"2025-11-11T12:01:19","date_gmt":"2025-11-11T09:01:19","guid":{"rendered":"https:\/\/roveyayinevi.com.tr\/index.php\/urun\/istisarenin-turk-devlet-gelenegindeki-rolu-siyasetnameler-uzerinden-bir-inceleme\/"},"modified":"2026-04-15T03:43:39","modified_gmt":"2026-04-15T00:43:39","slug":"istisarenin-turk-devlet-gelenegindeki-rolu-siyasetnameler-uzerinden-bir-inceleme","status":"publish","type":"product","link":"https:\/\/roveyayinevi.com.tr\/index.php\/urun\/istisarenin-turk-devlet-gelenegindeki-rolu-siyasetnameler-uzerinden-bir-inceleme\/","title":{"rendered":"\u0130sti\u015farenin T\u00fcrk Devlet Gelene\u011findeki Rol\u00fc: Siyasetnameler \u00dczerinden Bir \u0130nceleme"},"content":{"rendered":"<p>\u0130\u00e7indekiler :     B\u0130R\u0130NC\u0130 B\u00d6L\u00dcM  T\u00dcRK DEVLET GELENE\u011e\u0130   \u0130K\u0130NC\u0130 B\u00d6L\u00dcM  T\u00dcRK DEVLET GELENE\u011e\u0130NDE \u0130ST\u0130\u015eARE VE \u0130ST\u0130\u015eARE KURUMLARI   \u00dc\u00c7\u00dcNC\u00dc B\u00d6L\u00dcM T\u00dcRK DEVLET GELENE\u011e\u0130NDE \u0130ST\u0130\u015eAREN\u0130N S\u0130YASETNAMELER \u00dcZER\u0130NDEN \u0130NCELENMES\u0130   <\/p>\n","protected":false},"excerpt":{"rendered":"<p>\u0130\u00e7indekiler : B\u0130R\u0130NC\u0130 B\u00d6L\u00dcM T\u00dcRK DEVLET GELENE\u011e\u0130 \u0130K\u0130NC\u0130 B\u00d6L\u00dcM T\u00dcRK DEVLET GELENE\u011e\u0130NDE \u0130ST\u0130\u015eARE VE \u0130ST\u0130\u015eARE KURUMLARI \u00dc\u00c7\u00dcNC\u00dc B\u00d6L\u00dcM T\u00dcRK DEVLET GELENE\u011e\u0130NDE \u0130ST\u0130\u015eAREN\u0130N S\u0130YASETNAMELER \u00dcZER\u0130NDEN \u0130NCELENMES\u0130<\/p>\n","protected":false},"featured_media":0,"template":"","meta":{"_monsterinsights_skip_tracking":false,"_monsterinsights_sitenote_active":false,"_monsterinsights_sitenote_note":"","_monsterinsights_sitenote_category":0},"product_brand":[],"product_cat":[13043,14381],"product_tag":[],"class_list":{"0":"post-778402","1":"product","2":"type-product","3":"status-publish","5":"product_cat-ekonomi","6":"product_cat-isletme-muhasebe-maliye","7":"pa_cilt-ciltsiz","8":"pa_tur-kitap","9":"pa_yayinevi-gazi-kitabevi","10":"pa_yazar-ferhat-kesgin","12":"first","13":"instock","14":"sale","15":"shipping-taxable","16":"purchasable","17":"product-type-simple"},"_links":{"self":[{"href":"https:\/\/roveyayinevi.com.tr\/index.php\/wp-json\/wp\/v2\/product\/778402","targetHints":{"allow":["GET"]}}],"collection":[{"href":"https:\/\/roveyayinevi.com.tr\/index.php\/wp-json\/wp\/v2\/product"}],"about":[{"href":"https:\/\/roveyayinevi.com.tr\/index.php\/wp-json\/wp\/v2\/types\/product"}],"wp:attachment":[{"href":"https:\/\/roveyayinevi.com.tr\/index.php\/wp-json\/wp\/v2\/media?parent=778402"}],"wp:term":[{"taxonomy":"product_brand","embeddable":true,"href":"https:\/\/roveyayinevi.com.tr\/index.php\/wp-json\/wp\/v2\/product_brand?post=778402"},{"taxonomy":"product_cat","embeddable":true,"href":"https:\/\/roveyayinevi.com.tr\/index.php\/wp-json\/wp\/v2\/product_cat?post=778402"},{"taxonomy":"product_tag","embeddable":true,"href":"https:\/\/roveyayinevi.com.tr\/index.php\/wp-json\/wp\/v2\/product_tag?post=778402"}],"curies":[{"name":"wp","href":"https:\/\/api.w.org\/{rel}","templated":true}]}}