{"id":778393,"date":"2025-11-11T04:46:17","date_gmt":"2025-11-11T01:46:17","guid":{"rendered":"https:\/\/roveyayinevi.com.tr\/index.php\/urun\/kafes-arkasi-gunahkarlari\/"},"modified":"2026-04-16T02:22:48","modified_gmt":"2026-04-15T23:22:48","slug":"kafes-arkasi-gunahkarlari","status":"publish","type":"product","link":"https:\/\/roveyayinevi.com.tr\/index.php\/urun\/kafes-arkasi-gunahkarlari\/","title":{"rendered":"Kafes Arkas\u0131 G\u00fcnahkarlar\u0131"},"content":{"rendered":"<p>Re\u015fad Ekrem\u2019in dilinde tarih ger\u00e7ek hayattandaha canl\u0131,daha g\u00fczel, daha b\u00fcy\u00fcl\u00fc\u2026 \u201cK\u0131\u015f\u0131n S\u00fcleymaniye\u2019deki kona\u011f\u0131nda, yaz\u0131n \u0130stinye\u2019deki yal\u0131s\u0131nda oturan Silah\u015f\u00f6r K\u0131z\u0131 Rabia Han\u0131m, ya\u015f\u0131 altm\u0131\u015f\u0131 a\u015fm\u0131\u015f, biri bey, biri a\u011fa, biri pa\u015fa \u00fc\u00e7 koca eskitmi\u015f fakat cennet hurileri misali g\u00fczelli\u011finin ku\u015f gibi u\u00e7tu\u011funu bir t\u00fcrl\u00fc kabul edememi\u015f, g\u00f6z\u00fc ve g\u00f6nl\u00fc daima oyna\u015fta bir nazenindi. Oyna\u015f\u0131 erkekleri de hepayaktak\u0131m\u0131ndan se\u00e7iyordu\u2026 Nazenin han\u0131m\u0131n pen\u00e7esinden kurtlar\u0131, parslar\u0131 and\u0131ran vah\u015fi delikanl\u0131lar bile kurtulamam\u0131\u015ft\u0131.\u201d Rabia Han\u0131m ile arzular\u0131n\u0131n arka sokaklar\u0131nda gezinmekten ka\u00e7\u0131nmayan ba\u015fka kad\u0131nlar\u0131n tehlikelimaceralar\u0131\u2026  Re\u015fad Ekrem Ko\u00e7u\u2019dan gizemli, tutkulu ve ba\u015frolde hep kad\u0131n\u0131n oldu\u011fu \u00f6yk\u00fcler. <\/p>\n","protected":false},"excerpt":{"rendered":"<p>Re\u015fad Ekrem\u2019in dilinde tarih ger\u00e7ek hayattandaha canl\u0131,daha g\u00fczel, daha b\u00fcy\u00fcl\u00fc\u2026 \u201cK\u0131\u015f\u0131n S\u00fcleymaniye\u2019deki kona\u011f\u0131nda, yaz\u0131n \u0130stinye\u2019deki yal\u0131s\u0131nda oturan Silah\u015f\u00f6r K\u0131z\u0131 Rabia Han\u0131m, ya\u015f\u0131 altm\u0131\u015f\u0131 a\u015fm\u0131\u015f, biri bey,<span class=\"excerpt-hellip\"> [\u2026]<\/span><\/p>\n","protected":false},"featured_media":0,"template":"","meta":{"_monsterinsights_skip_tracking":false,"_monsterinsights_sitenote_active":false,"_monsterinsights_sitenote_note":"","_monsterinsights_sitenote_category":0},"product_brand":[],"product_cat":[12370,12304],"product_tag":[],"class_list":{"0":"post-778393","1":"product","2":"type-product","3":"status-publish","5":"product_cat-arastirma-inceleme","6":"product_cat-tarih","7":"pa_cilt-ciltsiz","8":"pa_tur-kitap","9":"pa_yayinevi-dogan-kitap","10":"pa_yazar-resad-ekrem-kocu","12":"first","13":"instock","14":"sale","15":"shipping-taxable","16":"purchasable","17":"product-type-simple"},"_links":{"self":[{"href":"https:\/\/roveyayinevi.com.tr\/index.php\/wp-json\/wp\/v2\/product\/778393","targetHints":{"allow":["GET"]}}],"collection":[{"href":"https:\/\/roveyayinevi.com.tr\/index.php\/wp-json\/wp\/v2\/product"}],"about":[{"href":"https:\/\/roveyayinevi.com.tr\/index.php\/wp-json\/wp\/v2\/types\/product"}],"wp:attachment":[{"href":"https:\/\/roveyayinevi.com.tr\/index.php\/wp-json\/wp\/v2\/media?parent=778393"}],"wp:term":[{"taxonomy":"product_brand","embeddable":true,"href":"https:\/\/roveyayinevi.com.tr\/index.php\/wp-json\/wp\/v2\/product_brand?post=778393"},{"taxonomy":"product_cat","embeddable":true,"href":"https:\/\/roveyayinevi.com.tr\/index.php\/wp-json\/wp\/v2\/product_cat?post=778393"},{"taxonomy":"product_tag","embeddable":true,"href":"https:\/\/roveyayinevi.com.tr\/index.php\/wp-json\/wp\/v2\/product_tag?post=778393"}],"curies":[{"name":"wp","href":"https:\/\/api.w.org\/{rel}","templated":true}]}}