{"id":778366,"date":"2025-11-09T07:25:55","date_gmt":"2025-11-09T04:25:55","guid":{"rendered":"https:\/\/roveyayinevi.com.tr\/index.php\/urun\/dahi-ikizlerin-seruvenleri-cengiz-hanin-mezar-soygunculari\/"},"modified":"2026-04-16T02:45:45","modified_gmt":"2026-04-15T23:45:45","slug":"dahi-ikizlerin-seruvenleri-cengiz-hanin-mezar-soygunculari","status":"publish","type":"product","link":"https:\/\/roveyayinevi.com.tr\/index.php\/urun\/dahi-ikizlerin-seruvenleri-cengiz-hanin-mezar-soygunculari\/","title":{"rendered":"Dahi \u0130kizlerin Ser\u00fcvenleri &#8211; Cengiz Han&#8217;\u0131n Mezar Soyguncular\u0131"},"content":{"rendered":"<p>Yak\u0131n zamanda kadim bir cin soyundan geldiklerini ve b\u00fcy\u00fcl\u00fc g\u00fc\u00e7leri oldu\u011funu ke\u015ffeden ikizlerimiz John ve Philippa Gaunt, s\u0131ra d\u0131\u015f\u0131 maceralar\u0131na serinin son kitab\u0131 olan Cengiz Han\u2019\u0131n Mezar Soyguncular\u0131\u2019nda devam ediyorlar.   John ve Philippa Gaunt, d\u00fcnyan\u0131n d\u00f6rt bir yan\u0131ndaki volkanlar alt\u0131n lavlar sa\u00e7arak patlamaya ba\u015flay\u0131nca Cengiz Han\u2019\u0131n mezar\u0131n\u0131 soyanlar\u0131n pe\u015fine d\u00fc\u015fmek zorunda kal\u0131rlar.   \u0130kizler, Nimrod ve Groanin\u2019in de deste\u011fiyle \u015fimdiye dek kar\u015f\u0131la\u015ft\u0131klar\u0131 en b\u00fcy\u00fck tehlikeyi atlat\u0131p d\u00fcnya yok olmadan t\u00fcrl\u00fc felaketlerin \u00f6n\u00fcne ge\u00e7ebilecekler mi yoksa hi\u00e7 hesaba katmad\u0131klar\u0131 bir ger\u00e7ekle mi y\u00fczle\u015fecekler? Cevaplar\u0131 yine hep birlikte ke\u015ffedece\u011fiz&#8230; <\/p>\n","protected":false},"excerpt":{"rendered":"<p>Yak\u0131n zamanda kadim bir cin soyundan geldiklerini ve b\u00fcy\u00fcl\u00fc g\u00fc\u00e7leri oldu\u011funu ke\u015ffeden ikizlerimiz John ve Philippa Gaunt, s\u0131ra d\u0131\u015f\u0131 maceralar\u0131na serinin son kitab\u0131 olan Cengiz Han\u2019\u0131n<span class=\"excerpt-hellip\"> [\u2026]<\/span><\/p>\n","protected":false},"featured_media":0,"template":"","meta":{"_monsterinsights_skip_tracking":false,"_monsterinsights_sitenote_active":false,"_monsterinsights_sitenote_note":"","_monsterinsights_sitenote_category":0},"product_brand":[],"product_cat":[12275,12274],"product_tag":[],"class_list":{"0":"post-778366","1":"product","2":"type-product","3":"status-publish","5":"product_cat-6-12-yas-kitaplari","6":"product_cat-cocuk-ve-genclik-kitaplari","7":"pa_cilt-ciltsiz","8":"pa_tur-kitap","9":"pa_yayinevi-buyulu-fener-yayinlari","10":"pa_yazar-philip-kerr","12":"first","13":"instock","14":"sale","15":"shipping-taxable","16":"purchasable","17":"product-type-simple"},"_links":{"self":[{"href":"https:\/\/roveyayinevi.com.tr\/index.php\/wp-json\/wp\/v2\/product\/778366","targetHints":{"allow":["GET"]}}],"collection":[{"href":"https:\/\/roveyayinevi.com.tr\/index.php\/wp-json\/wp\/v2\/product"}],"about":[{"href":"https:\/\/roveyayinevi.com.tr\/index.php\/wp-json\/wp\/v2\/types\/product"}],"wp:attachment":[{"href":"https:\/\/roveyayinevi.com.tr\/index.php\/wp-json\/wp\/v2\/media?parent=778366"}],"wp:term":[{"taxonomy":"product_brand","embeddable":true,"href":"https:\/\/roveyayinevi.com.tr\/index.php\/wp-json\/wp\/v2\/product_brand?post=778366"},{"taxonomy":"product_cat","embeddable":true,"href":"https:\/\/roveyayinevi.com.tr\/index.php\/wp-json\/wp\/v2\/product_cat?post=778366"},{"taxonomy":"product_tag","embeddable":true,"href":"https:\/\/roveyayinevi.com.tr\/index.php\/wp-json\/wp\/v2\/product_tag?post=778366"}],"curies":[{"name":"wp","href":"https:\/\/api.w.org\/{rel}","templated":true}]}}