{"id":778360,"date":"2025-11-09T04:29:45","date_gmt":"2025-11-09T01:29:45","guid":{"rendered":"https:\/\/roveyayinevi.com.tr\/index.php\/urun\/istanbul-uc-sehrin-hikayesi-ciltli\/"},"modified":"2026-04-16T02:19:54","modified_gmt":"2026-04-15T23:19:54","slug":"istanbul-uc-sehrin-hikayesi-ciltli","status":"publish","type":"product","link":"https:\/\/roveyayinevi.com.tr\/index.php\/urun\/istanbul-uc-sehrin-hikayesi-ciltli\/","title":{"rendered":"\u0130stanbul \u00dc\u00e7 \u015eehrin Hikayesi (Ciltli)"},"content":{"rendered":"<p>\u201c\u0130stanbul\u2019a ilk kez 25 y\u0131l \u00f6nce gittim ve o zaman \u00e2\u015f\u0131k oldu\u011fumu anlad\u0131m. \u015eehir ge\u00e7mi\u015fte bir\u00e7ok b\u00fcy\u00fck uygarl\u0131k i\u00e7in mihenk ta\u015f\u0131 olmu\u015f ve bin y\u0131l boyunca nesillerin hem hayallerini ger\u00e7ekle\u015ftirmi\u015f, hem de hayal k\u0131r\u0131kl\u0131\u011f\u0131na u\u011fratm\u0131\u015ft\u0131r. Hakl\u0131 olarak \u201cO \u015eehir\u201d diye bilinir, \u00e7\u00fcnk\u00fc iki safir aras\u0131ndaki z\u00fcmr\u00fctt\u00fcr, t\u00fcm d\u00fcnyan\u0131n arzulad\u0131\u011f\u0131 yerdir.\u201d \u2013Bettany Hughes \u201cKimi zaman bir a\u015fk mektubu gibi, kimi zaman da kaybolan \u015feylere \u00f6vg\u00fc gibi yaz\u0131lm\u0131\u015f. Yazar\u0131n ge\u00e7mi\u015ften g\u00fcn\u00fcm\u00fcze milyonlarca sakiniyle birlikte \u015fehir i\u00e7in duydu\u011fu sevgi ilk sayfalardan itibaren kar\u015f\u0131m\u0131za \u00e7\u0131k\u0131yor: elinizdeki kitap da ak\u0131lla yaz\u0131ld\u0131\u011f\u0131 kadar kalple yaz\u0131lan bir kitapt\u0131r. Unutulmu\u015flara, sessizle\u015ftirilmi\u015flere, d\u0131\u015flanm\u0131\u015flara kulak vererek ger\u00e7ekleri ve hik\u00e2yeleri toplam\u0131\u015ft\u0131r. Yaln\u0131zca tarih \u00e2\u015f\u0131klar\u0131 ya da d\u00fcnyadaki en \u00f6nemli \u015fehirlerden birini ziyaret edenler de\u011fil, k\u00fclt\u00fcr, uygarl\u0131k, \u00e7ok k\u00fclt\u00fcrl\u00fcl\u00fck ve toplumsal haf\u0131zayla ilgilenen herkes bu kitab\u0131 ilgi \u00e7ekici bulacak. \u0130\u015fte bir\u00e7ok farkl\u0131 dile \u00e7evrilmesi gereken \u00f6nemli bir kitap.\u201d  \u2013Elif \u015eafak, The Spectator Guardian \u0130stanbul  6000 y\u0131ll\u0131k tarihi boyunca Fenikeliler, Cenevizliler, Venedikliler, Yahudiler ve Vikingler i\u00e7in yurt; Roma, Bizans ve Osmanl\u0131 imparatorluklar\u0131 i\u00e7in <\/p>\n","protected":false},"excerpt":{"rendered":"<p>\u201c\u0130stanbul\u2019a ilk kez 25 y\u0131l \u00f6nce gittim ve o zaman \u00e2\u015f\u0131k oldu\u011fumu anlad\u0131m. \u015eehir ge\u00e7mi\u015fte bir\u00e7ok b\u00fcy\u00fck uygarl\u0131k i\u00e7in mihenk ta\u015f\u0131 olmu\u015f ve bin y\u0131l boyunca<span class=\"excerpt-hellip\"> [\u2026]<\/span><\/p>\n","protected":false},"featured_media":0,"template":"","meta":{"_monsterinsights_skip_tracking":false,"_monsterinsights_sitenote_active":false,"_monsterinsights_sitenote_note":"","_monsterinsights_sitenote_category":0},"product_brand":[],"product_cat":[12291,12745],"product_tag":[],"class_list":{"0":"post-778360","1":"product","2":"type-product","3":"status-publish","5":"product_cat-edebiyat","6":"product_cat-tarihi-roman","7":"pa_cilt-ciltli","8":"pa_tur-kitap","9":"pa_yayinevi-alfa-yayinlari","10":"pa_yazar-bettany-hughes","12":"first","13":"instock","14":"sale","15":"shipping-taxable","16":"purchasable","17":"product-type-simple"},"_links":{"self":[{"href":"https:\/\/roveyayinevi.com.tr\/index.php\/wp-json\/wp\/v2\/product\/778360","targetHints":{"allow":["GET"]}}],"collection":[{"href":"https:\/\/roveyayinevi.com.tr\/index.php\/wp-json\/wp\/v2\/product"}],"about":[{"href":"https:\/\/roveyayinevi.com.tr\/index.php\/wp-json\/wp\/v2\/types\/product"}],"wp:attachment":[{"href":"https:\/\/roveyayinevi.com.tr\/index.php\/wp-json\/wp\/v2\/media?parent=778360"}],"wp:term":[{"taxonomy":"product_brand","embeddable":true,"href":"https:\/\/roveyayinevi.com.tr\/index.php\/wp-json\/wp\/v2\/product_brand?post=778360"},{"taxonomy":"product_cat","embeddable":true,"href":"https:\/\/roveyayinevi.com.tr\/index.php\/wp-json\/wp\/v2\/product_cat?post=778360"},{"taxonomy":"product_tag","embeddable":true,"href":"https:\/\/roveyayinevi.com.tr\/index.php\/wp-json\/wp\/v2\/product_tag?post=778360"}],"curies":[{"name":"wp","href":"https:\/\/api.w.org\/{rel}","templated":true}]}}