{"id":778346,"date":"2025-11-08T12:12:25","date_gmt":"2025-11-08T09:12:25","guid":{"rendered":"https:\/\/roveyayinevi.com.tr\/index.php\/urun\/enerjin-kadar-seversin\/"},"modified":"2026-04-03T03:34:44","modified_gmt":"2026-04-03T00:34:44","slug":"enerjin-kadar-seversin","status":"publish","type":"product","link":"https:\/\/roveyayinevi.com.tr\/index.php\/urun\/enerjin-kadar-seversin\/","title":{"rendered":"Enerjin Kadar Seversin"},"content":{"rendered":"<p>Her ili\u015fki bir yolculuktur. Bazen ini\u015fli \u00e7\u0131k\u0131\u015fl\u0131, bazen sessiz ve derin. Ama en \u00f6nemlisi: her ili\u015fki bir enerji al\u0131\u015fveri\u015fidir.Kalbimizden \u00e7\u0131kan frekans, partnerimizin alan\u0131na ula\u015f\u0131r. Peki bu enerji ne kadar temiz ne kadar bilin\u00e7li ve ne kadar \u015fifal\u0131?Bu kitap, a\u015fk\u0131n g\u00f6r\u00fcnmeyen y\u00fcz\u00fcn\u00fc ke\u015ffetmek isteyenler i\u00e7in bir rehberdir.\u0130li\u015fkilerde negatif enerjileri nas\u0131l fark ederiz? Aura ve frekans \u00e7al\u0131\u015fmalar\u0131 ile ili\u015fkiler nas\u0131l d\u00f6n\u00fc\u015ft\u00fcr\u00fcl\u00fcr?Di\u015fil ve eril enerjiler nas\u0131l dengeye gelir? Karmik ba\u011flar nas\u0131l \u00e7\u00f6z\u00fcl\u00fcr?Bioenerji, kozmik teknikler, frekans y\u00fckseltme y\u00f6ntemleri ve kalpten gelen niyetlerle dolu bu kitapta hem kendinizle hem de sevdiklerinizle yepyeni bir ba\u011f kuracaks\u0131n\u0131z.Kalpten kalbe bir yolculu\u011fa \u00e7\u0131kmaya haz\u0131r m\u0131s\u0131n\u0131z?\u0130li\u015fkilerinizin enerjisini d\u00f6n\u00fc\u015ft\u00fcr\u00fcn, sevginin frekans\u0131na ad\u0131m at\u0131n.<\/p>\n","protected":false},"excerpt":{"rendered":"<p>Her ili\u015fki bir yolculuktur. Bazen ini\u015fli \u00e7\u0131k\u0131\u015fl\u0131, bazen sessiz ve derin. Ama en \u00f6nemlisi: her ili\u015fki bir enerji al\u0131\u015fveri\u015fidir.Kalbimizden \u00e7\u0131kan frekans, partnerimizin alan\u0131na ula\u015f\u0131r. Peki bu<span class=\"excerpt-hellip\"> [\u2026]<\/span><\/p>\n","protected":false},"featured_media":0,"template":"","meta":{"_monsterinsights_skip_tracking":false,"_monsterinsights_sitenote_active":false,"_monsterinsights_sitenote_note":"","_monsterinsights_sitenote_category":0},"product_brand":[],"product_cat":[12364,12376],"product_tag":[],"class_list":{"0":"post-778346","1":"product","2":"type-product","3":"status-publish","5":"product_cat-genel-konular","6":"product_cat-kisisel-gelisim","7":"pa_cilt-ciltsiz","8":"pa_tur-kitap","9":"pa_yayinevi-bambuk-yayinevi","10":"pa_yazar-ayfer-gok","12":"first","13":"instock","14":"sale","15":"shipping-taxable","16":"purchasable","17":"product-type-simple"},"_links":{"self":[{"href":"https:\/\/roveyayinevi.com.tr\/index.php\/wp-json\/wp\/v2\/product\/778346","targetHints":{"allow":["GET"]}}],"collection":[{"href":"https:\/\/roveyayinevi.com.tr\/index.php\/wp-json\/wp\/v2\/product"}],"about":[{"href":"https:\/\/roveyayinevi.com.tr\/index.php\/wp-json\/wp\/v2\/types\/product"}],"wp:attachment":[{"href":"https:\/\/roveyayinevi.com.tr\/index.php\/wp-json\/wp\/v2\/media?parent=778346"}],"wp:term":[{"taxonomy":"product_brand","embeddable":true,"href":"https:\/\/roveyayinevi.com.tr\/index.php\/wp-json\/wp\/v2\/product_brand?post=778346"},{"taxonomy":"product_cat","embeddable":true,"href":"https:\/\/roveyayinevi.com.tr\/index.php\/wp-json\/wp\/v2\/product_cat?post=778346"},{"taxonomy":"product_tag","embeddable":true,"href":"https:\/\/roveyayinevi.com.tr\/index.php\/wp-json\/wp\/v2\/product_tag?post=778346"}],"curies":[{"name":"wp","href":"https:\/\/api.w.org\/{rel}","templated":true}]}}