{"id":778323,"date":"2025-11-08T12:11:06","date_gmt":"2025-11-08T09:11:06","guid":{"rendered":"https:\/\/roveyayinevi.com.tr\/index.php\/urun\/modernlesmenin-iflasi\/"},"modified":"2025-11-08T12:11:06","modified_gmt":"2025-11-08T09:11:06","slug":"modernlesmenin-iflasi","status":"publish","type":"product","link":"https:\/\/roveyayinevi.com.tr\/index.php\/urun\/modernlesmenin-iflasi\/","title":{"rendered":"Modernle\u015fmenin \u0130flas\u0131"},"content":{"rendered":"<p>Modernle\u015fme bize ilerleme, refah ve \u00f6zg\u00fcrl\u00fck vadetti. Modernle\u015fmenin \u0130flas\u0131 bu vaadin bedelini, sistemin kendi i\u00e7 \u00e7eli\u015fkilerinin nas\u0131l toplumsal, tarihsel ve ekonomik \u00e7\u0131kmaza d\u00f6n\u00fc\u015ft\u00fc\u011f\u00fcn\u00fc g\u00f6steriyor.   Kurz, \u201ck\u0131\u015fla sosyalizmi\u201dnin \u00e7\u00f6k\u00fc\u015f\u00fcnden k\u00fcresel ekonominin krizlerine uzanan hatt\u0131, okurun g\u00fcndelik sezgilerini tersy\u00fcz eden bir berrakl\u0131kla \u00e7\u00f6z\u00fcml\u00fcyor.   Sadece b\u00fcy\u00fck tezler de\u011fil, ampirik veriler, gazete ar\u015fivleri ve d\u00f6nemin tan\u0131kl\u0131klar\u0131 da masada: 1989 sonras\u0131 bas\u0131ndan yapt\u0131\u011f\u0131 dikkatli al\u0131nt\u0131lar, S\u00fcddeutsche Zeitung\u2019dan Die Zeit\u2019e, International Herald Tribune\u2019e uzanan bir \u201canl\u0131k foto\u011fraflar\u201d alb\u00fcm\u00fcne d\u00f6n\u00fc\u015f\u00fcyor; ideolojik g\u00fcr\u00fclt\u00fcn\u00fcn i\u00e7inden ger\u00e7e\u011fin ritmini \u00e7ekip \u00e7\u0131kar\u0131yor.   Kurz\u2019un en sars\u0131c\u0131 hamlesi, Marksist bir konumdan \u201creel sosyalizm\u201de y\u00f6neltti\u011fi radikal ele\u015ftiri: \u00c7\u00f6k\u00fc\u015f\u00fc Bat\u0131\u2019n\u0131n zaferi diye okuyan kolayc\u0131 anlat\u0131lar\u0131 bir kenara itip iki sistemin de ayn\u0131 \u201cemek toplumu\u201d mant\u0131\u011f\u0131na kilitlendi\u011fini, bu mant\u0131\u011f\u0131n da art\u0131k i\u015flemez hale geldi\u011fini g\u00f6steriyor. Bu y\u00fczden kitap, sadece sosyalizmin yenilgisi de\u011fil, modernle\u015fmenin bizzat \u00e7\u00f6k\u00fc\u015f mant\u0131\u011f\u0131 \u00fczerine.   \u201c\u2026 Okurlar\u0131na ve \u00f6\u011frencilerine tarihsel materyalizme olan inanc\u0131 yeniden a\u015f\u0131layabilen, belki de son Marksist teorisyen.\u201d (Uli Krug, Bahamas)<\/p>\n","protected":false},"excerpt":{"rendered":"<p>Modernle\u015fme bize ilerleme, refah ve \u00f6zg\u00fcrl\u00fck vadetti. Modernle\u015fmenin \u0130flas\u0131 bu vaadin bedelini, sistemin kendi i\u00e7 \u00e7eli\u015fkilerinin nas\u0131l toplumsal, tarihsel ve ekonomik \u00e7\u0131kmaza d\u00f6n\u00fc\u015ft\u00fc\u011f\u00fcn\u00fc g\u00f6steriyor. Kurz, \u201ck\u0131\u015fla<span class=\"excerpt-hellip\"> [\u2026]<\/span><\/p>\n","protected":false},"featured_media":0,"template":"","meta":{"_monsterinsights_skip_tracking":false,"_monsterinsights_sitenote_active":false,"_monsterinsights_sitenote_note":"","_monsterinsights_sitenote_category":0},"product_brand":[],"product_cat":[12324],"product_tag":[],"class_list":{"0":"post-778323","1":"product","2":"type-product","3":"status-publish","5":"product_cat-sosyoloji","6":"pa_cilt-ciltsiz","7":"pa_tur-kitap","8":"pa_yayinevi-monografi-yayinlari","9":"pa_yazar-robert-kurzban","11":"first","12":"instock","13":"sale","14":"shipping-taxable","15":"purchasable","16":"product-type-simple"},"_links":{"self":[{"href":"https:\/\/roveyayinevi.com.tr\/index.php\/wp-json\/wp\/v2\/product\/778323","targetHints":{"allow":["GET"]}}],"collection":[{"href":"https:\/\/roveyayinevi.com.tr\/index.php\/wp-json\/wp\/v2\/product"}],"about":[{"href":"https:\/\/roveyayinevi.com.tr\/index.php\/wp-json\/wp\/v2\/types\/product"}],"wp:attachment":[{"href":"https:\/\/roveyayinevi.com.tr\/index.php\/wp-json\/wp\/v2\/media?parent=778323"}],"wp:term":[{"taxonomy":"product_brand","embeddable":true,"href":"https:\/\/roveyayinevi.com.tr\/index.php\/wp-json\/wp\/v2\/product_brand?post=778323"},{"taxonomy":"product_cat","embeddable":true,"href":"https:\/\/roveyayinevi.com.tr\/index.php\/wp-json\/wp\/v2\/product_cat?post=778323"},{"taxonomy":"product_tag","embeddable":true,"href":"https:\/\/roveyayinevi.com.tr\/index.php\/wp-json\/wp\/v2\/product_tag?post=778323"}],"curies":[{"name":"wp","href":"https:\/\/api.w.org\/{rel}","templated":true}]}}