{"id":778319,"date":"2025-11-08T12:10:09","date_gmt":"2025-11-08T09:10:09","guid":{"rendered":"https:\/\/roveyayinevi.com.tr\/index.php\/urun\/toplumun-payandalari-hortlaklar\/"},"modified":"2026-04-15T03:43:36","modified_gmt":"2026-04-15T00:43:36","slug":"toplumun-payandalari-hortlaklar","status":"publish","type":"product","link":"https:\/\/roveyayinevi.com.tr\/index.php\/urun\/toplumun-payandalari-hortlaklar\/","title":{"rendered":"Toplumun Payandalar\u0131\/Hortlaklar"},"content":{"rendered":"<p>Ibsen, ahlak problemini ki\u015fisel ve toplumsal boyut-lar\u0131yla i\u015fledi\u011fi bu iki oyundan Toplumun Payandalar\u0131\u2019nda, k\u0131smen sembolizme de ba\u015fvurarak, ger\u00e7ekte yalan ve sahtekarl\u0131k \u00fczerine kurulmu\u015f ili\u015fkiler a\u011f\u0131n\u0131n yol a\u00e7t\u0131\u011f\u0131 sonu\u00e7lar\u0131 irdeler, d\u00fcr\u00fcstl\u00fck yitimiyle beraber kendini g\u00f6steren al\u00e7almaya i\u015faret eder. Ama hakikat d\u00fcrt\u00fcs\u00fc en sonunda galebe \u00e7alacak, oyun (Ibsen\u2019de pek g\u00f6r\u00fclmedik bir bi\u00e7imde) iyimser bir tonla noktalanacakt\u0131r. Benzer \u015fekilde, geleneksel ahlak anlay\u0131\u015f\u0131n\u0131 ve toplumdaki ikiy\u00fczl\u00fcl\u00fc\u011f\u00fc hedef tahtas\u0131na oturtan Hortlaklar\u2019da ise yazar, aile kurumunu bir ba\u011fnazl\u0131k\/dar g\u00f6r\u00fc\u015fl\u00fcl\u00fck yata\u011f\u0131, sevgi ve \u015fefkatin zorbal\u0131\u011fa\/sahiplenmeye evrildi\u011fi bir yer olarak serimler. Ge\u00e7mi\u015ften miras kalan \u015feylerin a\u011f\u0131r y\u00fck\u00fc (hem kal\u0131t\u0131m hem ya\u015fanm\u0131\u015fl\u0131k anlam\u0131nda) bireylerin hayallerini tuzla buz edecek, onlar\u0131 birer cans\u0131z\/soluk hayalete d\u00f6n\u00fc\u015ft\u00fcrecektir. \u0130\u00e7indeki \u015fairi en \u2018toplumsal\u2019 oyunlar\u0131nda bile unutulmaz bir ye\u011finlikle d\u0131\u015favuran bir yazard\u0131r Ibsen.   <\/p>\n","protected":false},"excerpt":{"rendered":"<p>Ibsen, ahlak problemini ki\u015fisel ve toplumsal boyut-lar\u0131yla i\u015fledi\u011fi bu iki oyundan Toplumun Payandalar\u0131\u2019nda, k\u0131smen sembolizme de ba\u015fvurarak, ger\u00e7ekte yalan ve sahtekarl\u0131k \u00fczerine kurulmu\u015f ili\u015fkiler a\u011f\u0131n\u0131n yol<span class=\"excerpt-hellip\"> [\u2026]<\/span><\/p>\n","protected":false},"featured_media":0,"template":"","meta":{"_monsterinsights_skip_tracking":false,"_monsterinsights_sitenote_active":false,"_monsterinsights_sitenote_note":"","_monsterinsights_sitenote_category":0},"product_brand":[],"product_cat":[12291,14272],"product_tag":[],"class_list":{"0":"post-778319","1":"product","2":"type-product","3":"status-publish","5":"product_cat-edebiyat","6":"product_cat-tiyatro","7":"pa_cilt-ciltsiz","8":"pa_tur-kitap","9":"pa_yayinevi-dipnot-yayinlari","10":"pa_yazar-henrik-ibsen","12":"first","13":"instock","14":"sale","15":"shipping-taxable","16":"purchasable","17":"product-type-simple"},"_links":{"self":[{"href":"https:\/\/roveyayinevi.com.tr\/index.php\/wp-json\/wp\/v2\/product\/778319","targetHints":{"allow":["GET"]}}],"collection":[{"href":"https:\/\/roveyayinevi.com.tr\/index.php\/wp-json\/wp\/v2\/product"}],"about":[{"href":"https:\/\/roveyayinevi.com.tr\/index.php\/wp-json\/wp\/v2\/types\/product"}],"wp:attachment":[{"href":"https:\/\/roveyayinevi.com.tr\/index.php\/wp-json\/wp\/v2\/media?parent=778319"}],"wp:term":[{"taxonomy":"product_brand","embeddable":true,"href":"https:\/\/roveyayinevi.com.tr\/index.php\/wp-json\/wp\/v2\/product_brand?post=778319"},{"taxonomy":"product_cat","embeddable":true,"href":"https:\/\/roveyayinevi.com.tr\/index.php\/wp-json\/wp\/v2\/product_cat?post=778319"},{"taxonomy":"product_tag","embeddable":true,"href":"https:\/\/roveyayinevi.com.tr\/index.php\/wp-json\/wp\/v2\/product_tag?post=778319"}],"curies":[{"name":"wp","href":"https:\/\/api.w.org\/{rel}","templated":true}]}}