{"id":778312,"date":"2025-11-07T12:05:38","date_gmt":"2025-11-07T09:05:38","guid":{"rendered":"https:\/\/roveyayinevi.com.tr\/index.php\/urun\/hapishaneden-caglayan-okyanus\/"},"modified":"2026-03-12T03:40:48","modified_gmt":"2026-03-12T00:40:48","slug":"hapishaneden-caglayan-okyanus","status":"publish","type":"product","link":"https:\/\/roveyayinevi.com.tr\/index.php\/urun\/hapishaneden-caglayan-okyanus\/","title":{"rendered":"Hapishaneden \u00c7a\u011flayan Okyanus"},"content":{"rendered":"<p>Beni merak ediyorsun biliyorum, Sessiz duru\u015flar\u0131ndan belli,anl\u0131yorum&#8230; Merak etme,iyiyim, \u0130\u015fteyim s\u0131cac\u0131k \u00e7ay demledim, Bu\u011fular \u00e7\u0131k\u0131yor kaynad\u0131k\u00e7a demli\u011fin ibri\u011finden&#8230; Art\u0131k eskisi gibi duman is dolmuyor odaya, Soba yok \u00e7\u00fcnk\u00fc malum&#8230; Kaloriferin ba\u015f\u0131nda oturup Uzaklara ta uzaklara dal\u0131p gidiyorum Arada g\u00f6ky\u00fcz\u00fcne bak\u0131yorum, Ku\u015flar grup halinde u\u00e7u\u015fuyor, \u00d6zg\u00fcrce&#8230; Havada kara bulutlar G\u00f6ky\u00fcz\u00fc alabildi\u011fine h\u00fcz\u00fcn dolu&#8230; \u00d6yle i\u015fte&#8230; <\/p>\n","protected":false},"excerpt":{"rendered":"<p>Beni merak ediyorsun biliyorum, Sessiz duru\u015flar\u0131ndan belli,anl\u0131yorum&#8230; Merak etme,iyiyim, \u0130\u015fteyim s\u0131cac\u0131k \u00e7ay demledim, Bu\u011fular \u00e7\u0131k\u0131yor kaynad\u0131k\u00e7a demli\u011fin ibri\u011finden&#8230; Art\u0131k eskisi gibi duman is dolmuyor odaya, Soba<span class=\"excerpt-hellip\"> [\u2026]<\/span><\/p>\n","protected":false},"featured_media":0,"template":"","meta":{"_monsterinsights_skip_tracking":false,"_monsterinsights_sitenote_active":false,"_monsterinsights_sitenote_note":"","_monsterinsights_sitenote_category":0},"product_brand":[],"product_cat":[12291,12509],"product_tag":[],"class_list":{"0":"post-778312","1":"product","2":"type-product","3":"status-publish","5":"product_cat-edebiyat","6":"product_cat-siir","7":"pa_cilt-ciltsiz","8":"pa_tur-kitap","9":"pa_yayinevi-kirmizi-cati-yayinlari","10":"pa_yazar-ahmet-keskin","12":"first","13":"instock","14":"sale","15":"shipping-taxable","16":"purchasable","17":"product-type-simple"},"_links":{"self":[{"href":"https:\/\/roveyayinevi.com.tr\/index.php\/wp-json\/wp\/v2\/product\/778312","targetHints":{"allow":["GET"]}}],"collection":[{"href":"https:\/\/roveyayinevi.com.tr\/index.php\/wp-json\/wp\/v2\/product"}],"about":[{"href":"https:\/\/roveyayinevi.com.tr\/index.php\/wp-json\/wp\/v2\/types\/product"}],"wp:attachment":[{"href":"https:\/\/roveyayinevi.com.tr\/index.php\/wp-json\/wp\/v2\/media?parent=778312"}],"wp:term":[{"taxonomy":"product_brand","embeddable":true,"href":"https:\/\/roveyayinevi.com.tr\/index.php\/wp-json\/wp\/v2\/product_brand?post=778312"},{"taxonomy":"product_cat","embeddable":true,"href":"https:\/\/roveyayinevi.com.tr\/index.php\/wp-json\/wp\/v2\/product_cat?post=778312"},{"taxonomy":"product_tag","embeddable":true,"href":"https:\/\/roveyayinevi.com.tr\/index.php\/wp-json\/wp\/v2\/product_tag?post=778312"}],"curies":[{"name":"wp","href":"https:\/\/api.w.org\/{rel}","templated":true}]}}