{"id":778299,"date":"2025-11-07T12:05:14","date_gmt":"2025-11-07T09:05:14","guid":{"rendered":"https:\/\/roveyayinevi.com.tr\/index.php\/urun\/berlinde-ofsayt\/"},"modified":"2026-04-15T03:43:47","modified_gmt":"2026-04-15T00:43:47","slug":"berlinde-ofsayt","status":"publish","type":"product","link":"https:\/\/roveyayinevi.com.tr\/index.php\/urun\/berlinde-ofsayt\/","title":{"rendered":"Berlinde Ofsayt"},"content":{"rendered":"<p>1961 yaz\u0131, Berlin. \u015eehrin t\u00fcm \u00e7ocuklar\u0131 oyun oynamak i\u00e7in Bat\u0131 ve Do\u011fu Berlin s\u0131n\u0131r\u0131ndaki meydanda toplan\u0131r. Ne var ki meydanda bulunan futbol sahas\u0131 y\u00fcz\u00fcnden \u00e7ocuklar aras\u0131nda zaman zaman tart\u0131\u015fmalar, hatta kavgalar olur. Ve sonunda sahan\u0131n kontrol\u00fcn\u00fcn kime ge\u00e7ece\u011fine karar vermek i\u00e7in bir futbol turnuvas\u0131 d\u00fczenlenir. Turnuvada art\u0131k sona gelinmi\u015ftir ve final ma\u00e7\u0131 oynanmak \u00fczeredir. Ama bir gecede Bat\u0131 ve Do\u011fu Berlin aras\u0131na \u00e7ekilen tel \u00f6rg\u00fcler her \u015feyi de\u011fi\u015ftirir. Leo ve tak\u0131m arkada\u015flar\u0131 hayallerini y\u0131kmak isteyenlere kar\u015f\u0131, rakipleriyle birlikte m\u00fccadele etmek zorundad\u0131r. Final ma\u00e7\u0131 her ne pahas\u0131na olursa olsun oynanacakt\u0131r! Berlin\u2019de Ofsayt, yirmi sekiz y\u0131l boyunca bir duvarla b\u00f6l\u00fcnm\u00fc\u015f olan Berlin&#8217;de ge\u00e7en bir dostluk ve dayan\u0131\u015fma hik\u00e2yesi.<\/p>\n","protected":false},"excerpt":{"rendered":"<p>1961 yaz\u0131, Berlin. \u015eehrin t\u00fcm \u00e7ocuklar\u0131 oyun oynamak i\u00e7in Bat\u0131 ve Do\u011fu Berlin s\u0131n\u0131r\u0131ndaki meydanda toplan\u0131r. Ne var ki meydanda bulunan futbol sahas\u0131 y\u00fcz\u00fcnden \u00e7ocuklar aras\u0131nda<span class=\"excerpt-hellip\"> [\u2026]<\/span><\/p>\n","protected":false},"featured_media":0,"template":"","meta":{"_monsterinsights_skip_tracking":false,"_monsterinsights_sitenote_active":false,"_monsterinsights_sitenote_note":"","_monsterinsights_sitenote_category":0},"product_brand":[],"product_cat":[12274,12284],"product_tag":[],"class_list":{"0":"post-778299","1":"product","2":"type-product","3":"status-publish","5":"product_cat-cocuk-ve-genclik-kitaplari","6":"product_cat-hikayeler","7":"pa_cilt-ciltsiz","8":"pa_tur-kitap","9":"pa_yayinevi-beyaz-balina-yayinlari","10":"pa_yazar-christian-antonini","12":"first","13":"instock","14":"sale","15":"shipping-taxable","16":"purchasable","17":"product-type-simple"},"_links":{"self":[{"href":"https:\/\/roveyayinevi.com.tr\/index.php\/wp-json\/wp\/v2\/product\/778299","targetHints":{"allow":["GET"]}}],"collection":[{"href":"https:\/\/roveyayinevi.com.tr\/index.php\/wp-json\/wp\/v2\/product"}],"about":[{"href":"https:\/\/roveyayinevi.com.tr\/index.php\/wp-json\/wp\/v2\/types\/product"}],"wp:attachment":[{"href":"https:\/\/roveyayinevi.com.tr\/index.php\/wp-json\/wp\/v2\/media?parent=778299"}],"wp:term":[{"taxonomy":"product_brand","embeddable":true,"href":"https:\/\/roveyayinevi.com.tr\/index.php\/wp-json\/wp\/v2\/product_brand?post=778299"},{"taxonomy":"product_cat","embeddable":true,"href":"https:\/\/roveyayinevi.com.tr\/index.php\/wp-json\/wp\/v2\/product_cat?post=778299"},{"taxonomy":"product_tag","embeddable":true,"href":"https:\/\/roveyayinevi.com.tr\/index.php\/wp-json\/wp\/v2\/product_tag?post=778299"}],"curies":[{"name":"wp","href":"https:\/\/api.w.org\/{rel}","templated":true}]}}