{"id":778283,"date":"2025-11-07T10:22:27","date_gmt":"2025-11-07T07:22:27","guid":{"rendered":"https:\/\/roveyayinevi.com.tr\/index.php\/urun\/ejderhanin-ebeveyn-gunlukleri-1\/"},"modified":"2026-04-16T03:14:44","modified_gmt":"2026-04-16T00:14:44","slug":"ejderhanin-ebeveyn-gunlukleri-1","status":"publish","type":"product","link":"https:\/\/roveyayinevi.com.tr\/index.php\/urun\/ejderhanin-ebeveyn-gunlukleri-1\/","title":{"rendered":"Ejderhan\u0131n Ebeveyn G\u00fcnl\u00fckleri 1"},"content":{"rendered":"<p>Da\u011f\u0131n derinliklerinde ya\u015fayan ejderhan\u0131n yan\u0131na k\u00fc\u00e7\u00fck bir k\u0131z \u00e7\u0131kagelir. Birden ejderhaya &#8220;baba&#8221; der! Irklar\u0131 da \u00f6m\u00fcrleri de farkl\u0131 olan ikili, aile olur.   &#8220;Karar\u0131m\u0131 verdim.&#8221;   &#8220;Baban olaca\u011f\u0131m.&#8221; <\/p>\n","protected":false},"excerpt":{"rendered":"<p>Da\u011f\u0131n derinliklerinde ya\u015fayan ejderhan\u0131n yan\u0131na k\u00fc\u00e7\u00fck bir k\u0131z \u00e7\u0131kagelir. Birden ejderhaya &#8220;baba&#8221; der! Irklar\u0131 da \u00f6m\u00fcrleri de farkl\u0131 olan ikili, aile olur. &#8220;Karar\u0131m\u0131 verdim.&#8221; &#8220;Baban olaca\u011f\u0131m.&#8221;<\/p>\n","protected":false},"featured_media":0,"template":"","meta":{"_monsterinsights_skip_tracking":false,"_monsterinsights_sitenote_active":false,"_monsterinsights_sitenote_note":"","_monsterinsights_sitenote_category":0},"product_brand":[],"product_cat":[12416,12291],"product_tag":[],"class_list":{"0":"post-778283","1":"product","2":"type-product","3":"status-publish","5":"product_cat-cizgi-roman","6":"product_cat-edebiyat","7":"pa_cilt-ciltsiz","8":"pa_tur-kitap","9":"pa_yayinevi-athica-yayinlari","10":"pa_yazar-ameko-kaeruda","12":"first","13":"instock","14":"sale","15":"shipping-taxable","16":"purchasable","17":"product-type-simple"},"_links":{"self":[{"href":"https:\/\/roveyayinevi.com.tr\/index.php\/wp-json\/wp\/v2\/product\/778283","targetHints":{"allow":["GET"]}}],"collection":[{"href":"https:\/\/roveyayinevi.com.tr\/index.php\/wp-json\/wp\/v2\/product"}],"about":[{"href":"https:\/\/roveyayinevi.com.tr\/index.php\/wp-json\/wp\/v2\/types\/product"}],"wp:attachment":[{"href":"https:\/\/roveyayinevi.com.tr\/index.php\/wp-json\/wp\/v2\/media?parent=778283"}],"wp:term":[{"taxonomy":"product_brand","embeddable":true,"href":"https:\/\/roveyayinevi.com.tr\/index.php\/wp-json\/wp\/v2\/product_brand?post=778283"},{"taxonomy":"product_cat","embeddable":true,"href":"https:\/\/roveyayinevi.com.tr\/index.php\/wp-json\/wp\/v2\/product_cat?post=778283"},{"taxonomy":"product_tag","embeddable":true,"href":"https:\/\/roveyayinevi.com.tr\/index.php\/wp-json\/wp\/v2\/product_tag?post=778283"}],"curies":[{"name":"wp","href":"https:\/\/api.w.org\/{rel}","templated":true}]}}