{"id":778277,"date":"2025-11-06T12:08:27","date_gmt":"2025-11-06T09:08:27","guid":{"rendered":"https:\/\/roveyayinevi.com.tr\/index.php\/urun\/bisikletimiz\/"},"modified":"2026-04-15T03:43:47","modified_gmt":"2026-04-15T00:43:47","slug":"bisikletimiz","status":"publish","type":"product","link":"https:\/\/roveyayinevi.com.tr\/index.php\/urun\/bisikletimiz\/","title":{"rendered":"Bisikletimiz"},"content":{"rendered":"<p>Evlerinin garaj\u0131nda sessizce duran pasl\u0131 bisiklet, asl\u0131nda ge\u00e7mi\u015fte kalan de\u011ferli bir an\u0131y\u0131 saklamaktad\u0131r. Daniel\u2019\u0131n renkler ve \u00e7izim d\u00fcnyas\u0131na dair hayalleri ise k\u0131rtasiyenin vitrinindeki bir kalem kutusunda gizlidir. Daniel, bisiklet ve kalem kutusu, yani ge\u00e7mi\u015fle hayalleri aras\u0131nda bir se\u00e7im yapar. Sonra hatas\u0131n\u0131 fark eder ve d\u00fczeltmeye \u00e7al\u0131\u015f\u0131r ama \u00f6n\u00fcnde b\u00fcy\u00fck engeller vard\u0131r. Bu kitapta bir \u00e7ocu\u011fun, ailesini, an\u0131lar\u0131n\u0131 ve kendini ke\u015ffetti\u011fi i\u00e7sel yolculu\u011fun hik\u00e2yesini bulacaks\u0131n\u0131z.<\/p>\n","protected":false},"excerpt":{"rendered":"<p>Evlerinin garaj\u0131nda sessizce duran pasl\u0131 bisiklet, asl\u0131nda ge\u00e7mi\u015fte kalan de\u011ferli bir an\u0131y\u0131 saklamaktad\u0131r. Daniel\u2019\u0131n renkler ve \u00e7izim d\u00fcnyas\u0131na dair hayalleri ise k\u0131rtasiyenin vitrinindeki bir kalem kutusunda<span class=\"excerpt-hellip\"> [\u2026]<\/span><\/p>\n","protected":false},"featured_media":0,"template":"","meta":{"_monsterinsights_skip_tracking":false,"_monsterinsights_sitenote_active":false,"_monsterinsights_sitenote_note":"","_monsterinsights_sitenote_category":0},"product_brand":[],"product_cat":[141304],"product_tag":[],"class_list":{"0":"post-778277","1":"product","2":"type-product","3":"status-publish","5":"product_cat-yeni-cikanlar","6":"pa_cilt-ciltsiz","7":"pa_tur-kitap","8":"pa_yayinevi-beyaz-balina-yayinlari","9":"pa_yazar-guilherme-semionato","11":"first","12":"instock","13":"sale","14":"shipping-taxable","15":"purchasable","16":"product-type-simple"},"_links":{"self":[{"href":"https:\/\/roveyayinevi.com.tr\/index.php\/wp-json\/wp\/v2\/product\/778277","targetHints":{"allow":["GET"]}}],"collection":[{"href":"https:\/\/roveyayinevi.com.tr\/index.php\/wp-json\/wp\/v2\/product"}],"about":[{"href":"https:\/\/roveyayinevi.com.tr\/index.php\/wp-json\/wp\/v2\/types\/product"}],"wp:attachment":[{"href":"https:\/\/roveyayinevi.com.tr\/index.php\/wp-json\/wp\/v2\/media?parent=778277"}],"wp:term":[{"taxonomy":"product_brand","embeddable":true,"href":"https:\/\/roveyayinevi.com.tr\/index.php\/wp-json\/wp\/v2\/product_brand?post=778277"},{"taxonomy":"product_cat","embeddable":true,"href":"https:\/\/roveyayinevi.com.tr\/index.php\/wp-json\/wp\/v2\/product_cat?post=778277"},{"taxonomy":"product_tag","embeddable":true,"href":"https:\/\/roveyayinevi.com.tr\/index.php\/wp-json\/wp\/v2\/product_tag?post=778277"}],"curies":[{"name":"wp","href":"https:\/\/api.w.org\/{rel}","templated":true}]}}