{"id":778253,"date":"2025-11-06T12:07:45","date_gmt":"2025-11-06T09:07:45","guid":{"rendered":"https:\/\/roveyayinevi.com.tr\/index.php\/urun\/kirik-zaman-aynasi\/"},"modified":"2026-04-15T03:43:45","modified_gmt":"2026-04-15T00:43:45","slug":"kirik-zaman-aynasi","status":"publish","type":"product","link":"https:\/\/roveyayinevi.com.tr\/index.php\/urun\/kirik-zaman-aynasi\/","title":{"rendered":"K\u0131r\u0131k Zaman Aynas\u0131"},"content":{"rendered":"<p>Ayna, ma\u011faran\u0131n en eski m\u00fcdavimidir. Her giren, Tanr\u0131dibi gibi kendini bulur onda. Zaman\u0131n kilidini a\u00e7an bir i\u00e7g\u00f6r\u00fcye d\u00f6n\u00fc\u015f\u00fcr ayna; iki g\u00f6zl\u00fc, \u00e7ok dilli bir k\u0131lavuz gibi elinden tutar, alarga misali a\u00e7\u0131lan U\u00e7makovas\u0131\u2019na s\u00fcr\u00fckler sizi. Bu yolculuk, aynaya bakmak gibidir: Her seferinde par\u00e7alanm\u0131\u015f bir kitab\u0131n sayfas\u0131na varmak, da\u011f\u0131lm\u0131\u015f \u015firazeyi usulca yerine oturtmak, ebedi bir b\u00fct\u00fcnl\u00fc\u011f\u00fcn e\u015fi\u011fine varmakt\u0131r. Ger\u00e7ek mi d\u00fc\u015f m\u00fc bu yol? Bir samurun hayk\u0131r\u0131\u015f\u0131nda, do\u011fan\u0131n sars\u0131lmaz sadakatinde, Kuzgun\u2019un temkinli kanad\u0131nda, duman\u0131 pembe t\u00fcten bir k\u00f6y evinde, uzay\u0131n evrenlerine tak\u0131lan o ak\u0131lda, lalin anla\u015f\u0131lmayan kelimelerinde gizlidir bu yolculuk. Her biri k\u0131r\u0131k bir aynadan yans\u0131yan zaman par\u00e7alar\u0131d\u0131r. Fatma Efe Nergiz\u2019in kaleme ald\u0131\u011f\u0131 K\u0131r\u0131k Zaman Aynas\u0131\u2019nda, insan\u0131n kendi g\u00f6lgesiyle y\u00fczle\u015fti\u011fi o derin anlara tan\u0131k olacaks\u0131n\u0131z. Aynada kendi yans\u0131man\u0131zla kar\u015f\u0131la\u015ft\u0131\u011f\u0131n\u0131zda, zaman\u0131n ac\u0131s\u0131na dokunacak ve belki de bir s\u00f6\u011f\u00fct a\u011fac\u0131na d\u00f6n\u00fc\u015fmeyi se\u00e7eceksiniz. K\u0131r\u0131k Zaman Aynas\u0131, insan\u0131n kendine bakma cesaretini anlatan \u015fiirsel bir roman. Her sayfas\u0131, okuru kendi aynas\u0131na davet ediyor <\/p>\n","protected":false},"excerpt":{"rendered":"<p>Ayna, ma\u011faran\u0131n en eski m\u00fcdavimidir. Her giren, Tanr\u0131dibi gibi kendini bulur onda. Zaman\u0131n kilidini a\u00e7an bir i\u00e7g\u00f6r\u00fcye d\u00f6n\u00fc\u015f\u00fcr ayna; iki g\u00f6zl\u00fc, \u00e7ok dilli bir k\u0131lavuz gibi<span class=\"excerpt-hellip\"> [\u2026]<\/span><\/p>\n","protected":false},"featured_media":0,"template":"","meta":{"_monsterinsights_skip_tracking":false,"_monsterinsights_sitenote_active":false,"_monsterinsights_sitenote_note":"","_monsterinsights_sitenote_category":0},"product_brand":[],"product_cat":[12291,12711],"product_tag":[],"class_list":{"0":"post-778253","1":"product","2":"type-product","3":"status-publish","5":"product_cat-edebiyat","6":"product_cat-roman-oyku","7":"pa_cilt-ciltsiz","8":"pa_tur-kitap","9":"pa_yayinevi-kirmizi-kedi-yayinevi","10":"pa_yazar-fatma-efe-nergiz","12":"first","13":"instock","14":"sale","15":"shipping-taxable","16":"purchasable","17":"product-type-simple"},"_links":{"self":[{"href":"https:\/\/roveyayinevi.com.tr\/index.php\/wp-json\/wp\/v2\/product\/778253","targetHints":{"allow":["GET"]}}],"collection":[{"href":"https:\/\/roveyayinevi.com.tr\/index.php\/wp-json\/wp\/v2\/product"}],"about":[{"href":"https:\/\/roveyayinevi.com.tr\/index.php\/wp-json\/wp\/v2\/types\/product"}],"wp:attachment":[{"href":"https:\/\/roveyayinevi.com.tr\/index.php\/wp-json\/wp\/v2\/media?parent=778253"}],"wp:term":[{"taxonomy":"product_brand","embeddable":true,"href":"https:\/\/roveyayinevi.com.tr\/index.php\/wp-json\/wp\/v2\/product_brand?post=778253"},{"taxonomy":"product_cat","embeddable":true,"href":"https:\/\/roveyayinevi.com.tr\/index.php\/wp-json\/wp\/v2\/product_cat?post=778253"},{"taxonomy":"product_tag","embeddable":true,"href":"https:\/\/roveyayinevi.com.tr\/index.php\/wp-json\/wp\/v2\/product_tag?post=778253"}],"curies":[{"name":"wp","href":"https:\/\/api.w.org\/{rel}","templated":true}]}}