{"id":778208,"date":"2025-11-05T12:19:34","date_gmt":"2025-11-05T09:19:34","guid":{"rendered":"https:\/\/roveyayinevi.com.tr\/index.php\/urun\/ejderha-kadim-zamanlardan-gunumuze-sevdigimiz-ejderhalar-ciltli\/"},"modified":"2026-04-15T03:43:44","modified_gmt":"2026-04-15T00:43:44","slug":"ejderha-kadim-zamanlardan-gunumuze-sevdigimiz-ejderhalar-ciltli","status":"publish","type":"product","link":"https:\/\/roveyayinevi.com.tr\/index.php\/urun\/ejderha-kadim-zamanlardan-gunumuze-sevdigimiz-ejderhalar-ciltli\/","title":{"rendered":"Ejderha: Kadim Zamanlardan G\u00fcn\u00fcm\u00fcze Sevdi\u011fimiz Ejderhalar (Ciltli)"},"content":{"rendered":"<p>Sanat\u0131n ve edebiyat\u0131n oda\u011f\u0131nda efsanev\u00ee bir simge: Ejderha Sevin Okyay ile Arzu Ta\u015f\u00e7\u0131o\u011flu\u2019nun ortak imzas\u0131n\u0131 ta\u015f\u0131yan Ejderha: Kadim Zamanlardan G\u00fcn\u00fcm\u00fcze Sevdi\u011fimiz Ejderhalar, kimi k\u00fclt\u00fcrlerde deh\u015fet kimilerindeyse bereket sa\u00e7t\u0131\u011f\u0131na inan\u0131lan ejderhalar\u0131n binlerce y\u0131ll\u0131k efsanesine \u0131\u015f\u0131k tutan, kapsaml\u0131 bir k\u0131lavuz. Tarih boyunca say\u0131s\u0131z mite konu olan ejderhalar\u0131n farkl\u0131 toplumlar \u00fczerindeki yans\u0131malar\u0131n\u0131 mitoloji, sanat ve edebiyat \u00fc\u00e7geninde ele alan eser, as\u0131rlard\u0131r g\u00fcncelli\u011finden hi\u00e7bir \u015fey yitirmemi\u015f bu kudretli yarat\u0131klar\u0131n gizemli d\u00fcnyas\u0131na do\u011fru b\u00fcy\u00fcleyici bir ser\u00fcven vadediyor. Ehil ellerde t\u0131ls\u0131ml\u0131 s\u00f6zc\u00fcklerle yeniden hayat bulan ejderhalar\u0131n hi\u00e7 bitmeyen hik\u00e2yesini anlatan kitap, antik grav\u00fcrlerden \u00e7a\u011fda\u015f ill\u00fcstrasyonlara uzanan g\u00f6z al\u0131c\u0131 resimler e\u015fli\u011finde Do\u011fu ve Bat\u0131 sanat\u0131 aras\u0131nda efsunlu bir k\u00f6pr\u00fc kuruyor. Ejderha&#8230; U\u011furu u\u011fursuzlukla, bollu\u011fu k\u0131tl\u0131kla \u00e7arp\u0131\u015ft\u0131rmay\u0131 ba\u015faran bu efsanev\u00ee yarat\u0131k; k\u00e2h yedi ba\u015fl\u0131 bir canavar, k\u00e2h etrafa iyilik sa\u00e7an kutsal bir varl\u0131k olarak kolektif haf\u0131zam\u0131z\u0131n hem en \u00fcrk\u00fct\u00fcc\u00fc hem de en hayranl\u0131k uyand\u0131r\u0131c\u0131 fig\u00fcrleri aras\u0131nda yer al\u0131yor. Peki, ejderhalar\u0131n insanl\u0131k tarihi i\u00e7in ta\u015f\u0131d\u0131\u011f\u0131 manevi de\u011ferin ard\u0131nda hangi s\u0131rlar yat\u0131yor? Okurlar\u0131, a\u011fz\u0131ndan ate\u015f p\u00fcsk\u00fcrten bir ejderhan\u0131n s\u0131rt\u0131nda g\u00f6rkemli bir yolculu\u011fa davet eden kitap, Su\u0308mer mitlerinden Yunan destanlar\u0131na, \u00c7in\u2019in bilge ejderhalar\u0131ndan \u0130skandinav sagalar\u0131na, Anadolu menk\u0131belerinden modern edebiyat\u0131n unutulmaz ejderlerine kadar geni\u015f bir panorama sunuyor. Okyay\u2019\u0131n tarihsel ve k\u00fclt\u00fcrel yorumlar\u0131yla derinle\u015fen bu yolculuk, Ta\u015f\u00e7\u0131o\u011flu\u2019nun ejderhalar\u0131 kendi dillerinden konu\u015fturan oyunbaz anlat\u0131lar\u0131yla iyice alevleniyor. \u0130kili, ejderhan\u0131n sadece deh\u015fet uyand\u0131ran bir yarat\u0131k de\u011fil, ayn\u0131 zamanda bilgeli\u011fin ve yeniden do\u011fu\u015fun simgesi oldu\u011funu da g\u00f6zler \u00f6n\u00fcne seriyor. Mitoloji ve fantastik edebiyat tutkunlar\u0131 i\u00e7in zengin bir ba\u015fvuru kayna\u011f\u0131 olan Ejderha: Kadim Zamanlardan G\u00fcn\u00fcm\u00fcze Sevdi\u011fimiz Ejderhalar, \u00f6zel sayfa tasar\u0131m\u0131 ve ciltli bask\u0131s\u0131yla \u00f6ne \u00e7\u0131kan nadide bir koleksiyon par\u00e7as\u0131.<\/p>\n","protected":false},"excerpt":{"rendered":"<p>Sanat\u0131n ve edebiyat\u0131n oda\u011f\u0131nda efsanev\u00ee bir simge: Ejderha Sevin Okyay ile Arzu Ta\u015f\u00e7\u0131o\u011flu\u2019nun ortak imzas\u0131n\u0131 ta\u015f\u0131yan Ejderha: Kadim Zamanlardan G\u00fcn\u00fcm\u00fcze Sevdi\u011fimiz Ejderhalar, kimi k\u00fclt\u00fcrlerde deh\u015fet kimilerindeyse<span class=\"excerpt-hellip\"> [\u2026]<\/span><\/p>\n","protected":false},"featured_media":0,"template":"","meta":{"_monsterinsights_skip_tracking":false,"_monsterinsights_sitenote_active":false,"_monsterinsights_sitenote_note":"","_monsterinsights_sitenote_category":0},"product_brand":[],"product_cat":[12291,14777],"product_tag":[],"class_list":{"0":"post-778208","1":"product","2":"type-product","3":"status-publish","5":"product_cat-edebiyat","6":"product_cat-fantastik","7":"pa_cilt-ciltli","8":"pa_tur-kitap","9":"pa_yayinevi-delidolu","10":"pa_yazar-sevin-okyay-arzu-tascioglu","12":"first","13":"instock","14":"sale","15":"shipping-taxable","16":"purchasable","17":"product-type-simple"},"_links":{"self":[{"href":"https:\/\/roveyayinevi.com.tr\/index.php\/wp-json\/wp\/v2\/product\/778208","targetHints":{"allow":["GET"]}}],"collection":[{"href":"https:\/\/roveyayinevi.com.tr\/index.php\/wp-json\/wp\/v2\/product"}],"about":[{"href":"https:\/\/roveyayinevi.com.tr\/index.php\/wp-json\/wp\/v2\/types\/product"}],"wp:attachment":[{"href":"https:\/\/roveyayinevi.com.tr\/index.php\/wp-json\/wp\/v2\/media?parent=778208"}],"wp:term":[{"taxonomy":"product_brand","embeddable":true,"href":"https:\/\/roveyayinevi.com.tr\/index.php\/wp-json\/wp\/v2\/product_brand?post=778208"},{"taxonomy":"product_cat","embeddable":true,"href":"https:\/\/roveyayinevi.com.tr\/index.php\/wp-json\/wp\/v2\/product_cat?post=778208"},{"taxonomy":"product_tag","embeddable":true,"href":"https:\/\/roveyayinevi.com.tr\/index.php\/wp-json\/wp\/v2\/product_tag?post=778208"}],"curies":[{"name":"wp","href":"https:\/\/api.w.org\/{rel}","templated":true}]}}