{"id":778200,"date":"2025-11-05T12:19:20","date_gmt":"2025-11-05T09:19:20","guid":{"rendered":"https:\/\/roveyayinevi.com.tr\/index.php\/urun\/cambridge-turkiye-tarihi-2-bir-dunya-gucu-olarak-osmanali-imparatorlugu-1453-1603-ciltli\/"},"modified":"2026-04-15T03:43:44","modified_gmt":"2026-04-15T00:43:44","slug":"cambridge-turkiye-tarihi-2-bir-dunya-gucu-olarak-osmanali-imparatorlugu-1453-1603-ciltli","status":"publish","type":"product","link":"https:\/\/roveyayinevi.com.tr\/index.php\/urun\/cambridge-turkiye-tarihi-2-bir-dunya-gucu-olarak-osmanali-imparatorlugu-1453-1603-ciltli\/","title":{"rendered":"Cambridge T\u00fcrkiye Tarihi 2 &#8211; Bir D\u00fcnya G\u00fcc\u00fc Olarak Osmanal\u0131 \u0130mparatorlu\u011fu 1453-1603 (Ciltli)"},"content":{"rendered":"<p>Cambridge T\u00fcrkiye Tarihi\u2019nin Osmanl\u0131\u2019n\u0131n, Konstantinopolis\u2019in d\u00fc\u015f\u00fc\u015f\u00fc ve Bizans \u0130mparatorlu\u011funun \u00e7\u00f6k\u00fc\u015f\u00fcyle birlikte, bask\u0131n bir g\u00fc\u00e7 olarak d\u00fcnya sahnesine \u00e7\u0131kt\u0131\u011f\u0131 g\u00fcnlere (1453-1603) e\u011filen bu cildinde \u00e7ok kapsaml\u0131 bir geni\u015fleme evresi diyebilece\u011fimiz o d\u00f6nemin siyasal kudret ve sanatsal zarafetine odaklan\u0131l\u0131yor. Pek \u00e7ok a\u00e7\u0131dan Osmanl\u0131\u2019n\u0131n alt\u0131n \u00e7a\u011f\u0131 addedilen o g\u00fcnlere ba\u015fka bir yerden, kimileyin az\u0131c\u0131k geri \u00e7ekilip kimileyinse tam ortadan yeniden bak\u0131l\u0131yor. Bu askeri ve siyasi \u015fahlan\u0131\u015f d\u00f6neminin sonlar\u0131na do\u011fru beliren ekonomik krizlerle isyanlar ve uzun s\u00fcren sava\u015flar\u0131n dayatt\u0131\u011f\u0131 \u00e7aresizlikler de ayn\u0131 \u015fekilde kendine has y\u00f6ntemlerle ele al\u0131n\u0131yor.   \u201cUzun y\u0131llar boyunca b\u00fcy\u00fck fayda sa\u011flayacak bir kitap.\u201d \u2013Bulletin of SOAS <\/p>\n","protected":false},"excerpt":{"rendered":"<p>Cambridge T\u00fcrkiye Tarihi\u2019nin Osmanl\u0131\u2019n\u0131n, Konstantinopolis\u2019in d\u00fc\u015f\u00fc\u015f\u00fc ve Bizans \u0130mparatorlu\u011funun \u00e7\u00f6k\u00fc\u015f\u00fcyle birlikte, bask\u0131n bir g\u00fc\u00e7 olarak d\u00fcnya sahnesine \u00e7\u0131kt\u0131\u011f\u0131 g\u00fcnlere (1453-1603) e\u011filen bu cildinde \u00e7ok kapsaml\u0131 bir<span class=\"excerpt-hellip\"> [\u2026]<\/span><\/p>\n","protected":false},"featured_media":0,"template":"","meta":{"_monsterinsights_skip_tracking":false,"_monsterinsights_sitenote_active":false,"_monsterinsights_sitenote_note":"","_monsterinsights_sitenote_category":0},"product_brand":[],"product_cat":[12304],"product_tag":[],"class_list":{"0":"post-778200","1":"product","2":"type-product","3":"status-publish","5":"product_cat-tarih","6":"pa_cilt-ciltli","7":"pa_tur-kitap","8":"pa_yayinevi-alfa-yayinlari","9":"pa_yazar-kolektif","11":"first","12":"instock","13":"sale","14":"shipping-taxable","15":"purchasable","16":"product-type-simple"},"_links":{"self":[{"href":"https:\/\/roveyayinevi.com.tr\/index.php\/wp-json\/wp\/v2\/product\/778200","targetHints":{"allow":["GET"]}}],"collection":[{"href":"https:\/\/roveyayinevi.com.tr\/index.php\/wp-json\/wp\/v2\/product"}],"about":[{"href":"https:\/\/roveyayinevi.com.tr\/index.php\/wp-json\/wp\/v2\/types\/product"}],"wp:attachment":[{"href":"https:\/\/roveyayinevi.com.tr\/index.php\/wp-json\/wp\/v2\/media?parent=778200"}],"wp:term":[{"taxonomy":"product_brand","embeddable":true,"href":"https:\/\/roveyayinevi.com.tr\/index.php\/wp-json\/wp\/v2\/product_brand?post=778200"},{"taxonomy":"product_cat","embeddable":true,"href":"https:\/\/roveyayinevi.com.tr\/index.php\/wp-json\/wp\/v2\/product_cat?post=778200"},{"taxonomy":"product_tag","embeddable":true,"href":"https:\/\/roveyayinevi.com.tr\/index.php\/wp-json\/wp\/v2\/product_tag?post=778200"}],"curies":[{"name":"wp","href":"https:\/\/api.w.org\/{rel}","templated":true}]}}