{"id":778177,"date":"2025-11-05T12:18:44","date_gmt":"2025-11-05T09:18:44","guid":{"rendered":"https:\/\/roveyayinevi.com.tr\/index.php\/urun\/iskoc-aydinlanmasi-ve-kita-avrupasi-aydinlanmasi\/"},"modified":"2026-04-15T03:43:43","modified_gmt":"2026-04-15T00:43:43","slug":"iskoc-aydinlanmasi-ve-kita-avrupasi-aydinlanmasi","status":"publish","type":"product","link":"https:\/\/roveyayinevi.com.tr\/index.php\/urun\/iskoc-aydinlanmasi-ve-kita-avrupasi-aydinlanmasi\/","title":{"rendered":"\u0130sko\u00e7 Ayd\u0131nlanmas\u0131 ve K\u0131ta Avrupas\u0131 Ayd\u0131nlanmas\u0131"},"content":{"rendered":"<p>Ayd\u0131nlanma, yaln\u0131zca bir tarihsel d\u00f6nem de\u011fil, insan akl\u0131n\u0131n, \u00f6zg\u00fcrl\u00fc\u011f\u00fcn ve toplumsal d\u00fczenin anlam\u0131n\u0131 yeniden tan\u0131mlayan kapsaml\u0131 bir zihinsel s\u00fcre\u00e7tir. Ancak bu b\u00fcy\u00fck d\u00f6n\u00fc\u015f\u00fcm, tek bir bi\u00e7imde de\u011fil; farkl\u0131 co\u011frafyalarda birbirinden ayr\u0131 yollarla \u015fekillenmi\u015ftir. Bu kitap, genellikle homojen bir olgu olarak sunulan Ayd\u0131nlanma d\u00fc\u015f\u00fcncesine yeni bir bak\u0131\u015f kazand\u0131rarak, \u0130sko\u00e7 Ayd\u0131nlanmas\u0131 ile K\u0131ta Avrupas\u0131 Ayd\u0131nlanmas\u0131n\u0131 toplumsal d\u00fczen teorileri ba\u011flam\u0131nda kar\u015f\u0131la\u015ft\u0131rmaktad\u0131r. \u0130sko\u00e7 Ayd\u0131nlanmas\u0131\u2019n\u0131n kendili\u011finden olu\u015fan d\u00fczen anlay\u0131\u015f\u0131 ile K\u0131ta Avrupas\u0131 Ayd\u0131nlanmas\u0131\u2019n\u0131n organize edilmi\u015f d\u00fczen fikrini ele alan bu \u00e7al\u0131\u015fma, toplumun temellerine yeni bir g\u00f6zle bakmam\u0131z\u0131 sa\u011fl\u0131yor. R\u00fcveyda \u00c7elik, Francis Hutcheson\u2019dan David Hume\u2019a, Adam Smith\u2019ten Immanuel Kant\u2019a uzanan d\u00fc\u015f\u00fcnce \u00e7izgisinde toplumsal d\u00fczenin do\u011fas\u0131n\u0131 sorguluyor:D\u00fczen, bilin\u00e7li bir planlaman\u0131n \u00fcr\u00fcn\u00fc m\u00fcd\u00fcr, yoksa \u00f6zg\u00fcr bireylerin etkile\u015fimlerinden kendili\u011finden mi do\u011far? Bu sorgulama, yaln\u0131zca ge\u00e7mi\u015fe de\u011fil, bug\u00fcne de \u0131\u015f\u0131k tutuyor. G\u00fcn\u00fcm\u00fcz\u00fcn merkeziyet\u00e7i e\u011filimleri, b\u00fcrokratik yap\u0131lar\u0131 ve \u00f6zg\u00fcrl\u00fck tart\u0131\u015fmalar\u0131, iki Ayd\u0131nlanma gelene\u011finin felsefi miras\u0131nda yank\u0131lan\u0131yor. \u0130sko\u00e7 Ayd\u0131nlanmas\u0131 ve K\u0131ta Avrupas\u0131 Ayd\u0131nlanmas\u0131: Toplumsal D\u00fczen Teorisi, tarih, felsefe ve siyaset bilimi aras\u0131nda k\u00f6pr\u00fc kuran bu \u00f6zg\u00fcn incelemeyle okuru, Ayd\u0131nlanmay\u0131 bir zihinsel s\u00fcrecin s\u00fcreklili\u011fi i\u00e7inde yeniden d\u00fc\u015f\u00fcnmeye davet ediyor. <\/p>\n","protected":false},"excerpt":{"rendered":"<p>Ayd\u0131nlanma, yaln\u0131zca bir tarihsel d\u00f6nem de\u011fil, insan akl\u0131n\u0131n, \u00f6zg\u00fcrl\u00fc\u011f\u00fcn ve toplumsal d\u00fczenin anlam\u0131n\u0131 yeniden tan\u0131mlayan kapsaml\u0131 bir zihinsel s\u00fcre\u00e7tir. Ancak bu b\u00fcy\u00fck d\u00f6n\u00fc\u015f\u00fcm, tek bir bi\u00e7imde<span class=\"excerpt-hellip\"> [\u2026]<\/span><\/p>\n","protected":false},"featured_media":0,"template":"","meta":{"_monsterinsights_skip_tracking":false,"_monsterinsights_sitenote_active":false,"_monsterinsights_sitenote_note":"","_monsterinsights_sitenote_category":0},"product_brand":[],"product_cat":[12337,14528],"product_tag":[],"class_list":{"0":"post-778177","1":"product","2":"type-product","3":"status-publish","5":"product_cat-politika-siyaset","6":"product_cat-siyaset-tarihi","7":"pa_cilt-ciltsiz","8":"pa_tur-kitap","9":"pa_yayinevi-liberte-yayinlari","10":"pa_yazar-ruveyda-celik","12":"first","13":"instock","14":"sale","15":"shipping-taxable","16":"purchasable","17":"product-type-simple"},"_links":{"self":[{"href":"https:\/\/roveyayinevi.com.tr\/index.php\/wp-json\/wp\/v2\/product\/778177","targetHints":{"allow":["GET"]}}],"collection":[{"href":"https:\/\/roveyayinevi.com.tr\/index.php\/wp-json\/wp\/v2\/product"}],"about":[{"href":"https:\/\/roveyayinevi.com.tr\/index.php\/wp-json\/wp\/v2\/types\/product"}],"wp:attachment":[{"href":"https:\/\/roveyayinevi.com.tr\/index.php\/wp-json\/wp\/v2\/media?parent=778177"}],"wp:term":[{"taxonomy":"product_brand","embeddable":true,"href":"https:\/\/roveyayinevi.com.tr\/index.php\/wp-json\/wp\/v2\/product_brand?post=778177"},{"taxonomy":"product_cat","embeddable":true,"href":"https:\/\/roveyayinevi.com.tr\/index.php\/wp-json\/wp\/v2\/product_cat?post=778177"},{"taxonomy":"product_tag","embeddable":true,"href":"https:\/\/roveyayinevi.com.tr\/index.php\/wp-json\/wp\/v2\/product_tag?post=778177"}],"curies":[{"name":"wp","href":"https:\/\/api.w.org\/{rel}","templated":true}]}}

İskoç Aydınlanması ve Kıta Avrupası Aydınlanması

<p>Aydınlanma, yalnızca bir tarihsel dönem değil, insan aklının, özgürlüğün ve toplumsal düzenin anlamını yeniden tanımlayan kapsamlı bir zihinsel süreçtir. Ancak bu büyük dönüşüm, tek bir biçimde değil; farklı coğrafyalarda birbirinden ayrı yollarla şekillenmiştir. Bu kitap, genellikle homojen bir olgu olarak sunulan Aydınlanma düşüncesine yeni bir bakış kazandırarak, İskoç Aydınlanması ile Kıta Avrupası Aydınlanmasını toplumsal düzen teorileri bağlamında karşılaştırmaktadır. İskoç Aydınlanması’nın kendiliğinden oluşan düzen anlayışı ile Kıta Avrupası Aydınlanması’nın organize edilmiş düzen fikrini ele alan bu çalışma, toplumun temellerine yeni bir gözle bakmamızı sağlıyor. Rüveyda Çelik, Francis Hutcheson’dan David Hume’a, Adam Smith’ten Immanuel Kant’a uzanan düşünce çizgisinde toplumsal düzenin doğasını sorguluyor:Düzen, bilinçli bir planlamanın ürünü müdür, yoksa özgür bireylerin etkileşimlerinden kendiliğinden mi doğar? Bu sorgulama, yalnızca geçmişe değil, bugüne de ışık tutuyor. Günümüzün merkeziyetçi eğilimleri, bürokratik yapıları ve özgürlük tartışmaları, iki Aydınlanma geleneğinin felsefi mirasında yankılanıyor. İskoç Aydınlanması ve Kıta Avrupası Aydınlanması: Toplumsal Düzen Teorisi, tarih, felsefe ve siyaset bilimi arasında köprü kuran bu özgün incelemeyle okuru, Aydınlanmayı bir zihinsel sürecin sürekliliği içinde yeniden düşünmeye davet ediyor. </p>

<p>Aydınlanma, yalnızca bir tarihsel dönem değil, insan aklının, özgürlüğün ve toplumsal düzenin anlamını yeniden tanımlayan kapsamlı bir zihinsel süreçtir. Ancak bu büyük dönüşüm, tek bir biçimde<span class="excerpt-hellip"> […]</span></p>
