{"id":778165,"date":"2025-11-05T12:18:17","date_gmt":"2025-11-05T09:18:17","guid":{"rendered":"https:\/\/roveyayinevi.com.tr\/index.php\/urun\/senin-yuzunden-ciltli\/"},"modified":"2026-04-15T03:43:42","modified_gmt":"2026-04-15T00:43:42","slug":"senin-yuzunden-ciltli","status":"publish","type":"product","link":"https:\/\/roveyayinevi.com.tr\/index.php\/urun\/senin-yuzunden-ciltli\/","title":{"rendered":"Senin Y\u00fcz\u00fcnden (Ciltli)"},"content":{"rendered":"<p>Yeliz, s\u0131radan bir s\u0131nav stresinin g\u00f6lgesinde, s\u0131ra d\u0131\u015f\u0131 bir gecenin e\u015fi\u011fine s\u00fcr\u00fcklenir. Kap\u0131dan i\u00e7eri ad\u0131m att\u0131\u011f\u0131nda karanl\u0131k sadece \u0131\u015f\u0131klar\u0131 de\u011fil, ger\u00e7ekli\u011fi de yutmu\u015ftur. Tan\u0131d\u0131k y\u00fczler yabanc\u0131la\u015f\u0131r. Kendi zihnine bile g\u00fcvenemez h\u00e2le gelir.      Her \u015fey bir g\u00fcl\u00fcmsemeyle ba\u015flar. Ve bir g\u00fcl\u00fcmsemeyle son bulur. Cesaretin varsa kapa\u011f\u0131 a\u00e7, yoksa buradan hemen uzakla\u015f. \u201cE\u011fer halamla eni\u015ftem d\u0131\u015far\u0131daysa\u2026 az \u00f6nce salonda oturanlar kimdi?\u201d Senin Y\u00fcz\u00fcnden, insan\u0131n kendine bile d\u00fc\u015fman kesilebilece\u011fi, karanl\u0131k bir labirentte korkunun katmanlar\u0131n\u0131 tek tek soyarak ilerleyen bir psikolojik gerilim-korku roman\u0131.   <\/p>\n","protected":false},"excerpt":{"rendered":"<p>Yeliz, s\u0131radan bir s\u0131nav stresinin g\u00f6lgesinde, s\u0131ra d\u0131\u015f\u0131 bir gecenin e\u015fi\u011fine s\u00fcr\u00fcklenir. Kap\u0131dan i\u00e7eri ad\u0131m att\u0131\u011f\u0131nda karanl\u0131k sadece \u0131\u015f\u0131klar\u0131 de\u011fil, ger\u00e7ekli\u011fi de yutmu\u015ftur. Tan\u0131d\u0131k y\u00fczler yabanc\u0131la\u015f\u0131r.<span class=\"excerpt-hellip\"> [\u2026]<\/span><\/p>\n","protected":false},"featured_media":0,"template":"","meta":{"_monsterinsights_skip_tracking":false,"_monsterinsights_sitenote_active":false,"_monsterinsights_sitenote_note":"","_monsterinsights_sitenote_category":0},"product_brand":[],"product_cat":[12291,17033],"product_tag":[],"class_list":{"0":"post-778165","1":"product","2":"type-product","3":"status-publish","5":"product_cat-edebiyat","6":"product_cat-korku-gerilim","7":"pa_cilt-ciltli","8":"pa_tur-kitap","9":"pa_yayinevi-artemis-yayinlari","10":"pa_yazar-r-ideli","12":"first","13":"instock","14":"sale","15":"shipping-taxable","16":"purchasable","17":"product-type-simple"},"_links":{"self":[{"href":"https:\/\/roveyayinevi.com.tr\/index.php\/wp-json\/wp\/v2\/product\/778165","targetHints":{"allow":["GET"]}}],"collection":[{"href":"https:\/\/roveyayinevi.com.tr\/index.php\/wp-json\/wp\/v2\/product"}],"about":[{"href":"https:\/\/roveyayinevi.com.tr\/index.php\/wp-json\/wp\/v2\/types\/product"}],"wp:attachment":[{"href":"https:\/\/roveyayinevi.com.tr\/index.php\/wp-json\/wp\/v2\/media?parent=778165"}],"wp:term":[{"taxonomy":"product_brand","embeddable":true,"href":"https:\/\/roveyayinevi.com.tr\/index.php\/wp-json\/wp\/v2\/product_brand?post=778165"},{"taxonomy":"product_cat","embeddable":true,"href":"https:\/\/roveyayinevi.com.tr\/index.php\/wp-json\/wp\/v2\/product_cat?post=778165"},{"taxonomy":"product_tag","embeddable":true,"href":"https:\/\/roveyayinevi.com.tr\/index.php\/wp-json\/wp\/v2\/product_tag?post=778165"}],"curies":[{"name":"wp","href":"https:\/\/api.w.org\/{rel}","templated":true}]}}