{"id":778154,"date":"2025-11-05T12:17:51","date_gmt":"2025-11-05T09:17:51","guid":{"rendered":"https:\/\/roveyayinevi.com.tr\/index.php\/urun\/ozgurluge-giden-uzun-yol\/"},"modified":"2026-04-15T03:43:42","modified_gmt":"2026-04-15T00:43:42","slug":"ozgurluge-giden-uzun-yol","status":"publish","type":"product","link":"https:\/\/roveyayinevi.com.tr\/index.php\/urun\/ozgurluge-giden-uzun-yol\/","title":{"rendered":"\u00d6zg\u00fcrl\u00fc\u011fe Giden Uzun Yol"},"content":{"rendered":"<p>\u201cMerak uyand\u0131r\u0131c\u0131 bir kitap. \u0130nsanl\u0131k d\u0131\u015f\u0131 bir sistemin muazzam tasviri ve bunu a\u015facak bir g\u00fcc\u00fcn var oldu\u011funun kan\u0131t\u0131.\u201d \u2013Washington Post Book World   \u201cAz say\u0131daki s\u00fcr\u00fckleyici politik otobiyografiden birisi, \u00d6zg\u00fcrl\u00fc\u011fe Giden Uzun Yol\u2019u \u2018en iyi\u2019 ifadesi anlatabilir.\u201d \u2013Los Angeles Times Book Review   \u201c\u0130nsan umudunun ve onurunun yenilmez do\u011fas\u0131na olan inanc\u0131n \u0131\u015f\u0131\u011f\u0131yla yan\u0131yor.\u201d \u2013Andre Brink   \u201cMuhte\u015fem. Bu Mandela&#8217;n\u0131n ve m\u00fccadelenin ve bir halk\u0131n zaferinin hikayesi.\u201d \u2013Desmond Tutu   \u201cFarkl\u0131, sade, edebi ve okuru bilgilendirirken duygusal olarak da yakalayan ger\u00e7ekten harika bir otobiyografi.\u201d \u2013Chicago Tribune   \u201cMandela az g\u00f6r\u00fclen ve s\u00fcr\u00fckleyici bir a\u00e7\u0131k y\u00fcreklilikle yaz\u0131yor.\u201d \u2013The Economist   \u201cY\u00fcceli\u011fin olu\u015fumuyla ger\u00e7ekten ilgilenen herkes i\u00e7in okumaya de\u011fen ve 20. y\u00fczy\u0131l\u0131n en ola\u011fan\u00fcst\u00fc politik \u00f6yk\u00fclerinden birisi.\u201d \u2013Financial Times (Londra)   \u201cNelson Mandela\u2019n\u0131n etkileyici yolculu\u011funu okumak boyun e\u011fmez insan ruhunu hat\u0131rlat\u0131yor. Fakat bu hat\u0131rlatma o kadar ince ve usta bir \u015fekilde veriliyor ki boyun e\u011fmez olman\u0131n anlam\u0131 derinle\u015fiyor.\u201d \u2013San Diego Union-Tribune   \u201cFedak\u00e2rl\u0131k, cesaret ve dayanma g\u00fcc\u00fc gibi kelimeler, Mandela\u2019n\u0131n bu kadar bekleyebilen ve bekledi\u011finin ne i\u00e7in oldu\u011funu bilen adam\u0131 selaml\u0131yor. \u00c7ok ya\u015fa, Mandela! \u00c7ok Ya\u015fa!\u201d \u2013Globe and Mail <\/p>\n","protected":false},"excerpt":{"rendered":"<p>\u201cMerak uyand\u0131r\u0131c\u0131 bir kitap. \u0130nsanl\u0131k d\u0131\u015f\u0131 bir sistemin muazzam tasviri ve bunu a\u015facak bir g\u00fcc\u00fcn var oldu\u011funun kan\u0131t\u0131.\u201d \u2013Washington Post Book World \u201cAz say\u0131daki s\u00fcr\u00fckleyici politik<span class=\"excerpt-hellip\"> [\u2026]<\/span><\/p>\n","protected":false},"featured_media":0,"template":"","meta":{"_monsterinsights_skip_tracking":false,"_monsterinsights_sitenote_active":false,"_monsterinsights_sitenote_note":"","_monsterinsights_sitenote_category":0},"product_brand":[],"product_cat":[14009,12291],"product_tag":[],"class_list":{"0":"post-778154","1":"product","2":"type-product","3":"status-publish","5":"product_cat-biyografi-otobiyografi-edebiyat","6":"product_cat-edebiyat","7":"pa_cilt-ciltsiz","8":"pa_tur-kitap","9":"pa_yayinevi-alfa-yayinlari","10":"pa_yazar-nelson-mandela","12":"first","13":"instock","14":"sale","15":"shipping-taxable","16":"purchasable","17":"product-type-simple"},"_links":{"self":[{"href":"https:\/\/roveyayinevi.com.tr\/index.php\/wp-json\/wp\/v2\/product\/778154","targetHints":{"allow":["GET"]}}],"collection":[{"href":"https:\/\/roveyayinevi.com.tr\/index.php\/wp-json\/wp\/v2\/product"}],"about":[{"href":"https:\/\/roveyayinevi.com.tr\/index.php\/wp-json\/wp\/v2\/types\/product"}],"wp:attachment":[{"href":"https:\/\/roveyayinevi.com.tr\/index.php\/wp-json\/wp\/v2\/media?parent=778154"}],"wp:term":[{"taxonomy":"product_brand","embeddable":true,"href":"https:\/\/roveyayinevi.com.tr\/index.php\/wp-json\/wp\/v2\/product_brand?post=778154"},{"taxonomy":"product_cat","embeddable":true,"href":"https:\/\/roveyayinevi.com.tr\/index.php\/wp-json\/wp\/v2\/product_cat?post=778154"},{"taxonomy":"product_tag","embeddable":true,"href":"https:\/\/roveyayinevi.com.tr\/index.php\/wp-json\/wp\/v2\/product_tag?post=778154"}],"curies":[{"name":"wp","href":"https:\/\/api.w.org\/{rel}","templated":true}]}}