{"id":778146,"date":"2025-11-05T12:17:31","date_gmt":"2025-11-05T09:17:31","guid":{"rendered":"https:\/\/roveyayinevi.com.tr\/index.php\/urun\/adan-zye-cocuk-ve-anne-baba-egitiminin-onemi\/"},"modified":"2026-01-30T04:15:50","modified_gmt":"2026-01-30T01:15:50","slug":"adan-zye-cocuk-ve-anne-baba-egitiminin-onemi","status":"publish","type":"product","link":"https:\/\/roveyayinevi.com.tr\/index.php\/urun\/adan-zye-cocuk-ve-anne-baba-egitiminin-onemi\/","title":{"rendered":"A&#8217;dan Z&#8217;ye \u00c7ocuk ve Anne Baba E\u011fitiminin \u00d6nemi"},"content":{"rendered":"<p>\u00c7ocuk e\u011fitimi, yaln\u0131zca kurallar koymak de\u011fil; anlamak, duymak ve ba\u011f kurmakt\u0131r. A\u2019dan Z\u2019ye \u00c7ocuk ve Anne Baba E\u011fitiminin \u00d6nemi, \u00e7ocuk geli\u015fiminde s\u0131k kar\u015f\u0131la\u015f\u0131lan davran\u0131\u015f bozukluklar\u0131n\u0131, yeme sorunlar\u0131n\u0131, tikleri, duygusal tepkileri ve ergenlik sanc\u0131lar\u0131n\u0131 psikolojik temelleriyle ele al\u0131yor. Anne baba tutumlar\u0131n\u0131n \u00e7ocuk ruh sa\u011fl\u0131\u011f\u0131 \u00fczerindeki etkilerini ger\u00e7ek \u00f6rneklerle ve bilimsel a\u00e7\u0131klamalarla ortaya koyan bu kitap, hem rehber hem de fark\u0131ndal\u0131k kayna\u011f\u0131 niteli\u011finde.   \u00c7ocu\u011funuzu anlamaya, onun i\u00e7 d\u00fcnyas\u0131na temas etmeye haz\u0131rsan\u0131z, bu kitap tam size g\u00f6re. <\/p>\n","protected":false},"excerpt":{"rendered":"<p>\u00c7ocuk e\u011fitimi, yaln\u0131zca kurallar koymak de\u011fil; anlamak, duymak ve ba\u011f kurmakt\u0131r. A\u2019dan Z\u2019ye \u00c7ocuk ve Anne Baba E\u011fitiminin \u00d6nemi, \u00e7ocuk geli\u015fiminde s\u0131k kar\u015f\u0131la\u015f\u0131lan davran\u0131\u015f bozukluklar\u0131n\u0131, yeme<span class=\"excerpt-hellip\"> [\u2026]<\/span><\/p>\n","protected":false},"featured_media":0,"template":"","meta":{"_monsterinsights_skip_tracking":false,"_monsterinsights_sitenote_active":false,"_monsterinsights_sitenote_note":"","_monsterinsights_sitenote_category":0},"product_brand":[],"product_cat":[141304],"product_tag":[],"class_list":{"0":"post-778146","1":"product","2":"type-product","3":"status-publish","5":"product_cat-yeni-cikanlar","6":"pa_cilt-ciltsiz","7":"pa_tur-kitap","8":"pa_yayinevi-vova-yayinlari","9":"pa_yazar-sema-kosaroglu","11":"first","12":"instock","13":"sale","14":"shipping-taxable","15":"purchasable","16":"product-type-simple"},"_links":{"self":[{"href":"https:\/\/roveyayinevi.com.tr\/index.php\/wp-json\/wp\/v2\/product\/778146","targetHints":{"allow":["GET"]}}],"collection":[{"href":"https:\/\/roveyayinevi.com.tr\/index.php\/wp-json\/wp\/v2\/product"}],"about":[{"href":"https:\/\/roveyayinevi.com.tr\/index.php\/wp-json\/wp\/v2\/types\/product"}],"wp:attachment":[{"href":"https:\/\/roveyayinevi.com.tr\/index.php\/wp-json\/wp\/v2\/media?parent=778146"}],"wp:term":[{"taxonomy":"product_brand","embeddable":true,"href":"https:\/\/roveyayinevi.com.tr\/index.php\/wp-json\/wp\/v2\/product_brand?post=778146"},{"taxonomy":"product_cat","embeddable":true,"href":"https:\/\/roveyayinevi.com.tr\/index.php\/wp-json\/wp\/v2\/product_cat?post=778146"},{"taxonomy":"product_tag","embeddable":true,"href":"https:\/\/roveyayinevi.com.tr\/index.php\/wp-json\/wp\/v2\/product_tag?post=778146"}],"curies":[{"name":"wp","href":"https:\/\/api.w.org\/{rel}","templated":true}]}}