{"id":778131,"date":"2025-11-05T12:16:53","date_gmt":"2025-11-05T09:16:53","guid":{"rendered":"https:\/\/roveyayinevi.com.tr\/index.php\/urun\/var-etmenin-gucu\/"},"modified":"2026-04-15T03:43:39","modified_gmt":"2026-04-15T00:43:39","slug":"var-etmenin-gucu","status":"publish","type":"product","link":"https:\/\/roveyayinevi.com.tr\/index.php\/urun\/var-etmenin-gucu\/","title":{"rendered":"Var Etmenin G\u00fcc\u00fc"},"content":{"rendered":"<p>Var etmenin s\u0131rr\u0131 d\u0131\u015far\u0131da arad\u0131\u011f\u0131n\u0131z bir gizem de\u011fil,  i\u00e7inizde ke\u015ffedilmeyi bekleyen bir ger\u00e7ekliktir.   Hepimiz hayat\u0131m\u0131zda daha fazlas\u0131n\u0131 isteriz: daha anlaml\u0131 ili\u015fkiler, daha huzurlu bir zihin, daha fazla para.   Peki b\u00fct\u00fcn bunlar\u0131 \u201cvar etmenin\u201d bir s\u0131rr\u0131 var m\u0131?   Sinan Ergin, y\u0131llar i\u00e7inde edindi\u011fi bilgileri, tecr\u00fcbeleri yal\u0131n ve etkili bir anlat\u0131mla aktararak bizi kendi g\u00fcc\u00fcm\u00fczle bulu\u015fturuyor. Bu kitapta, hayat\u0131n\u0131zda neyin m\u00fcmk\u00fcn oldu\u011funu yeniden ke\u015ffedecek, d\u00fc\u015f\u00fcnd\u00fc\u011f\u00fcn\u00fcz, hissetti\u011finiz ve yapt\u0131\u011f\u0131n\u0131z her \u015feyin nas\u0131l bir \u201cyarat\u0131m\u201d s\u00fcreci oldu\u011funu g\u00f6receksiniz.   Var Etmenin G\u00fcc\u00fc, bir ki\u015fisel geli\u015fim kitab\u0131 de\u011fil; sorunsuz bir hayat yaratman\u0131z i\u00e7in haz\u0131rlanm\u0131\u015f bir yol haritas\u0131\u2026 <\/p>\n","protected":false},"excerpt":{"rendered":"<p>Var etmenin s\u0131rr\u0131 d\u0131\u015far\u0131da arad\u0131\u011f\u0131n\u0131z bir gizem de\u011fil, i\u00e7inizde ke\u015ffedilmeyi bekleyen bir ger\u00e7ekliktir. Hepimiz hayat\u0131m\u0131zda daha fazlas\u0131n\u0131 isteriz: daha anlaml\u0131 ili\u015fkiler, daha huzurlu bir zihin, daha<span class=\"excerpt-hellip\"> [\u2026]<\/span><\/p>\n","protected":false},"featured_media":0,"template":"","meta":{"_monsterinsights_skip_tracking":false,"_monsterinsights_sitenote_active":false,"_monsterinsights_sitenote_note":"","_monsterinsights_sitenote_category":0},"product_brand":[],"product_cat":[12364,12376],"product_tag":[],"class_list":{"0":"post-778131","1":"product","2":"type-product","3":"status-publish","5":"product_cat-genel-konular","6":"product_cat-kisisel-gelisim","7":"pa_cilt-ciltsiz","8":"pa_tur-kitap","9":"pa_yayinevi-destek-yayinlari","10":"pa_yazar-sinan-ergin","12":"first","13":"instock","14":"sale","15":"shipping-taxable","16":"purchasable","17":"product-type-simple"},"_links":{"self":[{"href":"https:\/\/roveyayinevi.com.tr\/index.php\/wp-json\/wp\/v2\/product\/778131","targetHints":{"allow":["GET"]}}],"collection":[{"href":"https:\/\/roveyayinevi.com.tr\/index.php\/wp-json\/wp\/v2\/product"}],"about":[{"href":"https:\/\/roveyayinevi.com.tr\/index.php\/wp-json\/wp\/v2\/types\/product"}],"wp:attachment":[{"href":"https:\/\/roveyayinevi.com.tr\/index.php\/wp-json\/wp\/v2\/media?parent=778131"}],"wp:term":[{"taxonomy":"product_brand","embeddable":true,"href":"https:\/\/roveyayinevi.com.tr\/index.php\/wp-json\/wp\/v2\/product_brand?post=778131"},{"taxonomy":"product_cat","embeddable":true,"href":"https:\/\/roveyayinevi.com.tr\/index.php\/wp-json\/wp\/v2\/product_cat?post=778131"},{"taxonomy":"product_tag","embeddable":true,"href":"https:\/\/roveyayinevi.com.tr\/index.php\/wp-json\/wp\/v2\/product_tag?post=778131"}],"curies":[{"name":"wp","href":"https:\/\/api.w.org\/{rel}","templated":true}]}}