{"id":778129,"date":"2025-11-05T12:16:45","date_gmt":"2025-11-05T09:16:45","guid":{"rendered":"https:\/\/roveyayinevi.com.tr\/index.php\/urun\/danismanlik-incileri-uygulamaci-icin-dusunceler\/"},"modified":"2026-04-15T03:43:38","modified_gmt":"2026-04-15T00:43:38","slug":"danismanlik-incileri-uygulamaci-icin-dusunceler","status":"publish","type":"product","link":"https:\/\/roveyayinevi.com.tr\/index.php\/urun\/danismanlik-incileri-uygulamaci-icin-dusunceler\/","title":{"rendered":"Dan\u0131\u015fmanl\u0131k \u0130ncileri Uygulamac\u0131 \u0130\u00e7in D\u00fc\u015f\u00fcnceler"},"content":{"rendered":"<p>\u0130\u00e7indekiler :        B\u00d6L\u00dcM I: DANI\u015eMANLIK FELSEFES\u0130        B\u00d6L\u00dcM II: DANI\u015eMANLI\u011eIN AMA\u00c7LARI VE SINIRLARI        B\u00d6L\u00dcM III: DANI\u015eANLARIN DANI\u015eMA NEDENLER\u0130        B\u00d6L\u00dcM IV: DANI\u015eMANIN ROL\u00dc        B\u00d6L\u00dcM V: DANI\u015eMANLIKTA SORUNLAR        B\u00d6L\u00dcM VI: TEKN\u0130KLER ve \u0130\u015eLEMLER        B\u00d6L\u00dcM VII: YAP ve YAPMA        B\u00d6L\u00dcM VIII: SONLANDIRMA <\/p>\n","protected":false},"excerpt":{"rendered":"<p>\u0130\u00e7indekiler : B\u00d6L\u00dcM I: DANI\u015eMANLIK FELSEFES\u0130 B\u00d6L\u00dcM II: DANI\u015eMANLI\u011eIN AMA\u00c7LARI VE SINIRLARI B\u00d6L\u00dcM III: DANI\u015eANLARIN DANI\u015eMA NEDENLER\u0130 B\u00d6L\u00dcM IV: DANI\u015eMANIN ROL\u00dc B\u00d6L\u00dcM V: DANI\u015eMANLIKTA SORUNLAR B\u00d6L\u00dcM<span class=\"excerpt-hellip\"> [\u2026]<\/span><\/p>\n","protected":false},"featured_media":0,"template":"","meta":{"_monsterinsights_skip_tracking":false,"_monsterinsights_sitenote_active":false,"_monsterinsights_sitenote_note":"","_monsterinsights_sitenote_category":0},"product_brand":[],"product_cat":[12357],"product_tag":[],"class_list":{"0":"post-778129","1":"product","2":"type-product","3":"status-publish","5":"product_cat-psikoloji","6":"pa_cilt-ciltsiz","7":"pa_tur-kitap","8":"pa_yayinevi-gazi-kitabevi","9":"pa_yazar-james-p-carnevale","11":"first","12":"instock","13":"sale","14":"shipping-taxable","15":"purchasable","16":"product-type-simple"},"_links":{"self":[{"href":"https:\/\/roveyayinevi.com.tr\/index.php\/wp-json\/wp\/v2\/product\/778129","targetHints":{"allow":["GET"]}}],"collection":[{"href":"https:\/\/roveyayinevi.com.tr\/index.php\/wp-json\/wp\/v2\/product"}],"about":[{"href":"https:\/\/roveyayinevi.com.tr\/index.php\/wp-json\/wp\/v2\/types\/product"}],"wp:attachment":[{"href":"https:\/\/roveyayinevi.com.tr\/index.php\/wp-json\/wp\/v2\/media?parent=778129"}],"wp:term":[{"taxonomy":"product_brand","embeddable":true,"href":"https:\/\/roveyayinevi.com.tr\/index.php\/wp-json\/wp\/v2\/product_brand?post=778129"},{"taxonomy":"product_cat","embeddable":true,"href":"https:\/\/roveyayinevi.com.tr\/index.php\/wp-json\/wp\/v2\/product_cat?post=778129"},{"taxonomy":"product_tag","embeddable":true,"href":"https:\/\/roveyayinevi.com.tr\/index.php\/wp-json\/wp\/v2\/product_tag?post=778129"}],"curies":[{"name":"wp","href":"https:\/\/api.w.org\/{rel}","templated":true}]}}