{"id":778112,"date":"2025-11-05T12:14:35","date_gmt":"2025-11-05T09:14:35","guid":{"rendered":"https:\/\/roveyayinevi.com.tr\/index.php\/urun\/kaynak-kod-yolun-basi\/"},"modified":"2026-04-15T03:43:12","modified_gmt":"2026-04-15T00:43:12","slug":"kaynak-kod-yolun-basi","status":"publish","type":"product","link":"https:\/\/roveyayinevi.com.tr\/index.php\/urun\/kaynak-kod-yolun-basi\/","title":{"rendered":"Kaynak Kod: Yolun Ba\u015f\u0131"},"content":{"rendered":"<p>Bu y\u00fczy\u0131lda nefes al\u0131p vermi\u015f ve Bill Gates\u2019in giri\u015fimcilik ba\u015far\u0131lar\u0131n\u0131 duymam\u0131\u015f az insan vard\u0131r: Harvard \u00dcniversitesi\u2019ndeki e\u011fitimini b\u0131rak\u0131p sekt\u00f6r\u00fcn devi haline gelen, \u00e7al\u0131\u015fma ve ya\u015fam bi\u00e7imimizi k\u00f6kten de\u011fi\u015ftiren bir yaz\u0131l\u0131m \u015firketi kuran yirmi ya\u015f\u0131ndaki gen\u00e7 adam; daha sonra iklim de\u011fi\u015fikli\u011fi, k\u00fcresel sa\u011fl\u0131k ve e\u011fitim gibi \u00f6nemli konulara kendini adayan multimilyarder.     Ama Kaynak Kod, Microsoft\u2019un alt\u0131n \u00e7a\u011f\u0131, Gates Vakf\u0131 veya teknolojinin gelece\u011fi ile ilgili de\u011fil. Bu kitap, kendi a\u011fz\u0131ndan Bill Gates\u2019in bug\u00fcn oldu\u011fu ki\u015fiye nas\u0131l d\u00f6n\u00fc\u015ft\u00fc\u011f\u00fcn\u00fcn hayli insani ve ki\u015fisel hik\u00e2yesi: \u00c7ocuklu\u011fu, ilk tutkular\u0131, kat\u0131 ilkeleri olan b\u00fcy\u00fckannesi, h\u0131rsl\u0131 anne babas\u0131, ilk dostluklar\u0131, \u00e7evresine uyum sa\u011flama \u00e7abalar\u0131, yeni bir \u00e7a\u011f\u0131n \u015fafa\u011f\u0131nda kodlama ve bilgisayarlarla tan\u0131\u015fmas\u0131. Ergenlik y\u0131llar\u0131nda, gece yar\u0131s\u0131 bir bilgisayar merkezine yapt\u0131\u011f\u0131 gizli ka\u00e7amaklardan \u00fcniversite yurdunda ba\u015flatt\u0131\u011f\u0131, d\u00fcnyay\u0131 de\u011fi\u015ftiren devrime uzanan yolculu\u011fu. Bilgelik ve samimiyetle yaz\u0131lm\u0131\u015f bu kitap, hem ilham verici hem de etkileyici bir hayat portresi.     \u201cBill Gates incelikle, sorgulayarak ve okuruna sars\u0131lmaz bir g\u00fcven duyarak \u015fu sorunun pe\u015fine d\u00fc\u015f\u00fcyor: Neden \u00f6zellikle o, Bill Gates oldu ve sadece \u00e7a\u011f\u0131m\u0131z\u0131n ilk b\u00fcy\u00fck teknoloji devi de\u011fil, muhtemelen en iyisi haline geldi?\u201d \u2013BLOOMBERG     \u201cNe\u015feli, kendine inceden bir alayla yakla\u015fan, her daim samimi bir anlat\u0131m.\u201d \u2013THE NEW YORK TIMES BOOK REVIEW <\/p>\n","protected":false},"excerpt":{"rendered":"<p>Bu y\u00fczy\u0131lda nefes al\u0131p vermi\u015f ve Bill Gates\u2019in giri\u015fimcilik ba\u015far\u0131lar\u0131n\u0131 duymam\u0131\u015f az insan vard\u0131r: Harvard \u00dcniversitesi\u2019ndeki e\u011fitimini b\u0131rak\u0131p sekt\u00f6r\u00fcn devi haline gelen, \u00e7al\u0131\u015fma ve ya\u015fam bi\u00e7imimizi<span class=\"excerpt-hellip\"> [\u2026]<\/span><\/p>\n","protected":false},"featured_media":0,"template":"","meta":{"_monsterinsights_skip_tracking":false,"_monsterinsights_sitenote_active":false,"_monsterinsights_sitenote_note":"","_monsterinsights_sitenote_category":0},"product_brand":[],"product_cat":[12291,12711],"product_tag":[],"class_list":{"0":"post-778112","1":"product","2":"type-product","3":"status-publish","5":"product_cat-edebiyat","6":"product_cat-roman-oyku","7":"pa_cilt-ciltsiz","8":"pa_tur-kitap","9":"pa_yayinevi-domingo-yayinevi","10":"pa_yazar-bill-gates","12":"first","13":"instock","14":"sale","15":"shipping-taxable","16":"purchasable","17":"product-type-simple"},"_links":{"self":[{"href":"https:\/\/roveyayinevi.com.tr\/index.php\/wp-json\/wp\/v2\/product\/778112","targetHints":{"allow":["GET"]}}],"collection":[{"href":"https:\/\/roveyayinevi.com.tr\/index.php\/wp-json\/wp\/v2\/product"}],"about":[{"href":"https:\/\/roveyayinevi.com.tr\/index.php\/wp-json\/wp\/v2\/types\/product"}],"wp:attachment":[{"href":"https:\/\/roveyayinevi.com.tr\/index.php\/wp-json\/wp\/v2\/media?parent=778112"}],"wp:term":[{"taxonomy":"product_brand","embeddable":true,"href":"https:\/\/roveyayinevi.com.tr\/index.php\/wp-json\/wp\/v2\/product_brand?post=778112"},{"taxonomy":"product_cat","embeddable":true,"href":"https:\/\/roveyayinevi.com.tr\/index.php\/wp-json\/wp\/v2\/product_cat?post=778112"},{"taxonomy":"product_tag","embeddable":true,"href":"https:\/\/roveyayinevi.com.tr\/index.php\/wp-json\/wp\/v2\/product_tag?post=778112"}],"curies":[{"name":"wp","href":"https:\/\/api.w.org\/{rel}","templated":true}]}}