{"id":778097,"date":"2025-11-05T11:05:52","date_gmt":"2025-11-05T08:05:52","guid":{"rendered":"https:\/\/roveyayinevi.com.tr\/index.php\/urun\/sosyoloji-ve-cinde-buyuk-toplumsal-degisim\/"},"modified":"2025-11-10T10:56:52","modified_gmt":"2025-11-10T07:56:52","slug":"sosyoloji-ve-cinde-buyuk-toplumsal-degisim","status":"publish","type":"product","link":"https:\/\/roveyayinevi.com.tr\/index.php\/urun\/sosyoloji-ve-cinde-buyuk-toplumsal-degisim\/","title":{"rendered":"Sosyoloji ve \u00c7in\u2019de B\u00fcy\u00fck Toplumsal De\u011fi\u015fim"},"content":{"rendered":"<p>Do\u011fu \u00fclkelerinin y\u00fckseli\u015fi, d\u00fcnya ekonomik ve siyasi yap\u0131s\u0131n\u0131 derinden etkilemekle kalmay\u0131p, ayn\u0131 zamanda \u2018Bat\u0131 modernle\u015fmesi\u2019nden farkl\u0131 bir \u2018Do\u011fu modernle\u015fmesi\u2019 yolunu da \u015fekillendirmektedir. Ancak \u2018Do\u011fu modernle\u015fmesi\u2019 yaln\u0131zca co\u011frafi bir kavram de\u011fildir; bu kavram d\u00fcnya modernle\u015fmesine Bat\u0131\u2019dan farkl\u0131 yeni deneyimler sunan t\u00fcm kalk\u0131nma yollar\u0131n\u0131 kapsamaktad\u0131r. \u00c7inli sosyologlar, \u00c7in Sosyolojisinin teorisini ve sistemini in\u015fa etmeye y\u00f6nelik s\u00fcrekli bir \u00e7aba i\u00e7erisindedirler. Bu \u00e7aba, \u00f6nceki nesil \u00c7inli sosyologlardan ba\u015flayarak \u00c7in toplumunun yap\u0131lar\u0131, ili\u015fkileri ve kurallar\u0131n\u0131n \u00f6zg\u00fcnl\u00fc\u011f\u00fcn\u00fc ve bu \u00f6zg\u00fcnl\u00fc\u011f\u00fcn evrenselliklerini ara\u015ft\u0131rmak \u015feklinde kendini g\u00f6stermektedir. Elinizde tuttu\u011funuz bu kitap, \u00e7a\u011f\u0131m\u0131z\u0131n en \u00f6nemli \u00c7inli sosyologlar\u0131ndan biri olan Li Peilin\u2019in kaleminden \u00e7\u0131km\u0131\u015ft\u0131r.<\/p>\n","protected":false},"excerpt":{"rendered":"<p>Do\u011fu \u00fclkelerinin y\u00fckseli\u015fi, d\u00fcnya ekonomik ve siyasi yap\u0131s\u0131n\u0131 derinden etkilemekle kalmay\u0131p, ayn\u0131 zamanda \u2018Bat\u0131 modernle\u015fmesi\u2019nden farkl\u0131 bir \u2018Do\u011fu modernle\u015fmesi\u2019 yolunu da \u015fekillendirmektedir. Ancak \u2018Do\u011fu modernle\u015fmesi\u2019 yaln\u0131zca<span class=\"excerpt-hellip\"> [\u2026]<\/span><\/p>\n","protected":false},"featured_media":0,"template":"","meta":{"_monsterinsights_skip_tracking":false,"_monsterinsights_sitenote_active":false,"_monsterinsights_sitenote_note":"","_monsterinsights_sitenote_category":0},"product_brand":[],"product_cat":[12351,12324],"product_tag":[],"class_list":{"0":"post-778097","1":"product","2":"type-product","3":"status-publish","5":"product_cat-siyaset-sosyolojisi","6":"product_cat-sosyoloji","7":"pa_cilt-ciltsiz","8":"pa_tur-kitap","9":"pa_yayinevi-kirmizi-kedi-yayinevi","10":"pa_yazar-li-peilin","12":"first","13":"instock","14":"sale","15":"shipping-taxable","16":"purchasable","17":"product-type-simple"},"_links":{"self":[{"href":"https:\/\/roveyayinevi.com.tr\/index.php\/wp-json\/wp\/v2\/product\/778097","targetHints":{"allow":["GET"]}}],"collection":[{"href":"https:\/\/roveyayinevi.com.tr\/index.php\/wp-json\/wp\/v2\/product"}],"about":[{"href":"https:\/\/roveyayinevi.com.tr\/index.php\/wp-json\/wp\/v2\/types\/product"}],"wp:attachment":[{"href":"https:\/\/roveyayinevi.com.tr\/index.php\/wp-json\/wp\/v2\/media?parent=778097"}],"wp:term":[{"taxonomy":"product_brand","embeddable":true,"href":"https:\/\/roveyayinevi.com.tr\/index.php\/wp-json\/wp\/v2\/product_brand?post=778097"},{"taxonomy":"product_cat","embeddable":true,"href":"https:\/\/roveyayinevi.com.tr\/index.php\/wp-json\/wp\/v2\/product_cat?post=778097"},{"taxonomy":"product_tag","embeddable":true,"href":"https:\/\/roveyayinevi.com.tr\/index.php\/wp-json\/wp\/v2\/product_tag?post=778097"}],"curies":[{"name":"wp","href":"https:\/\/api.w.org\/{rel}","templated":true}]}}