{"id":778094,"date":"2025-11-05T10:48:02","date_gmt":"2025-11-05T07:48:02","guid":{"rendered":"https:\/\/roveyayinevi.com.tr\/index.php\/urun\/futbolcu-ne-yapar\/"},"modified":"2026-04-15T03:28:42","modified_gmt":"2026-04-15T00:28:42","slug":"futbolcu-ne-yapar","status":"publish","type":"product","link":"https:\/\/roveyayinevi.com.tr\/index.php\/urun\/futbolcu-ne-yapar\/","title":{"rendered":"Futbolcu Ne Yapar?"},"content":{"rendered":"<p>\u015euut\u2026 ve GOOOL! Peki o koskoca sahada bu kadar h\u0131zl\u0131 olmay\u0131 nas\u0131l ba\u015far\u0131yor? Futbolcu ma\u00e7larda iyi oynayabilmek i\u00e7in her gu\u0308n tak\u0131m\u0131yla antrenman yap\u0131yor, sa\u011fl\u0131kl\u0131 beslenip uykusuna dikkat ediyor. Hepsi ma\u00e7 gu\u0308nu\u0308 geldi\u011finde haz\u0131r olmak i\u00e7in. Ma\u00e7larda stadyum taraftarlarla dolup ta\u015f\u0131yor, heyecan hep birlikte ya\u015fan\u0131yor. Kim bilir, belki sen de bir gu\u0308n bu heyecan\u0131 ya\u015fars\u0131n&#8230; \u0130\u015eTE SANA FUTBOLCULAR VE MA\u00c7LAR HAKKINDA HAR\u0130KA B\u0130LG\u0130LERLE DOLU B\u0130R K\u0130TAP. <\/p>\n","protected":false},"excerpt":{"rendered":"<p>\u015euut\u2026 ve GOOOL! Peki o koskoca sahada bu kadar h\u0131zl\u0131 olmay\u0131 nas\u0131l ba\u015far\u0131yor? Futbolcu ma\u00e7larda iyi oynayabilmek i\u00e7in her gu\u0308n tak\u0131m\u0131yla antrenman yap\u0131yor, sa\u011fl\u0131kl\u0131 beslenip uykusuna<span class=\"excerpt-hellip\"> [\u2026]<\/span><\/p>\n","protected":false},"featured_media":0,"template":"","meta":{"_monsterinsights_skip_tracking":false,"_monsterinsights_sitenote_active":false,"_monsterinsights_sitenote_note":"","_monsterinsights_sitenote_category":0},"product_brand":[],"product_cat":[12274,15842],"product_tag":[],"class_list":{"0":"post-778094","1":"product","2":"type-product","3":"status-publish","5":"product_cat-cocuk-ve-genclik-kitaplari","6":"product_cat-egitici-kitaplar","7":"pa_cilt-ciltsiz","8":"pa_tur-kitap","9":"pa_yayinevi-domingo-yayinevi","10":"pa_yazar-liesbet-slegers","12":"first","13":"instock","14":"sale","15":"shipping-taxable","16":"purchasable","17":"product-type-simple"},"_links":{"self":[{"href":"https:\/\/roveyayinevi.com.tr\/index.php\/wp-json\/wp\/v2\/product\/778094","targetHints":{"allow":["GET"]}}],"collection":[{"href":"https:\/\/roveyayinevi.com.tr\/index.php\/wp-json\/wp\/v2\/product"}],"about":[{"href":"https:\/\/roveyayinevi.com.tr\/index.php\/wp-json\/wp\/v2\/types\/product"}],"wp:attachment":[{"href":"https:\/\/roveyayinevi.com.tr\/index.php\/wp-json\/wp\/v2\/media?parent=778094"}],"wp:term":[{"taxonomy":"product_brand","embeddable":true,"href":"https:\/\/roveyayinevi.com.tr\/index.php\/wp-json\/wp\/v2\/product_brand?post=778094"},{"taxonomy":"product_cat","embeddable":true,"href":"https:\/\/roveyayinevi.com.tr\/index.php\/wp-json\/wp\/v2\/product_cat?post=778094"},{"taxonomy":"product_tag","embeddable":true,"href":"https:\/\/roveyayinevi.com.tr\/index.php\/wp-json\/wp\/v2\/product_tag?post=778094"}],"curies":[{"name":"wp","href":"https:\/\/api.w.org\/{rel}","templated":true}]}}