{"id":778092,"date":"2025-11-05T10:40:24","date_gmt":"2025-11-05T07:40:24","guid":{"rendered":"https:\/\/roveyayinevi.com.tr\/index.php\/urun\/dusuncenin-gucu-3\/"},"modified":"2026-04-03T03:19:51","modified_gmt":"2026-04-03T00:19:51","slug":"dusuncenin-gucu-3","status":"publish","type":"product","link":"https:\/\/roveyayinevi.com.tr\/index.php\/urun\/dusuncenin-gucu-3\/","title":{"rendered":"D\u00fc\u015f\u00fcncenin G\u00fcc\u00fc"},"content":{"rendered":"<p>G\u00fc\u00e7l\u00fc bir inanc\u0131n ve sars\u0131lmaz bir amac\u0131n  ba\u015faramayaca\u011f\u0131 hi\u00e7bir \u015fey yoktur.   James Allen\u2019\u0131n \u00f6l\u00fcms\u00fcz eseri D\u00fc\u015f\u00fcnce G\u00fcc\u00fc t\u00fcm d\u00fcnyada milyonlarca insana esin kayna\u011f\u0131 olmay\u0131 ba\u015farm\u0131\u015ft\u0131r. Her birimiz kendi karakterimizi olu\u015fturma ve kendi mutlulu\u011fumuzu in\u015fa etme g\u00fcc\u00fcne sahibiz. Allen, D\u00fc\u015f\u00fcnce G\u00fcc\u00fc eseriyle okuru olumlu d\u00fc\u015f\u00fcnmeye ve ka\u00e7\u0131n\u0131lmaz olarak olumlu ad\u0131mlar atmaya y\u00f6nlendiriyor.   Ekstra olarak okura sundu\u011fumuz Allen\u2019\u0131n di\u011fer eseri olan Ba\u015far\u0131ya Giden Yol ise d\u00fc\u015f\u00fcnce g\u00fcc\u00fcyle hayat\u0131na y\u00f6n vermek isteyenlerin yoluna \u0131\u015f\u0131k tutuyor. Ba\u015far\u0131ya Giden Yol, okura tepkilerindeki de\u011fi\u015fikliklerle huzur ve ba\u015far\u0131y\u0131 nas\u0131l yakalayaca\u011f\u0131n\u0131 en sade \u015fekilde anlat\u0131yor. Y\u00fcre\u011finizde ta\u00e7land\u0131rd\u0131\u011f\u0131n\u0131z ideal, akl\u0131n\u0131zda y\u00fcceltti\u011finiz hayal ne ise hayat\u0131n\u0131z\u0131 bunlarla \u015fekillendirirsiniz.<\/p>\n","protected":false},"excerpt":{"rendered":"<p>G\u00fc\u00e7l\u00fc bir inanc\u0131n ve sars\u0131lmaz bir amac\u0131n ba\u015faramayaca\u011f\u0131 hi\u00e7bir \u015fey yoktur. James Allen\u2019\u0131n \u00f6l\u00fcms\u00fcz eseri D\u00fc\u015f\u00fcnce G\u00fcc\u00fc t\u00fcm d\u00fcnyada milyonlarca insana esin kayna\u011f\u0131 olmay\u0131 ba\u015farm\u0131\u015ft\u0131r. Her<span class=\"excerpt-hellip\"> [\u2026]<\/span><\/p>\n","protected":false},"featured_media":0,"template":"","meta":{"_monsterinsights_skip_tracking":false,"_monsterinsights_sitenote_active":false,"_monsterinsights_sitenote_note":"","_monsterinsights_sitenote_category":0},"product_brand":[],"product_cat":[12364,12376],"product_tag":[],"class_list":{"0":"post-778092","1":"product","2":"type-product","3":"status-publish","5":"product_cat-genel-konular","6":"product_cat-kisisel-gelisim","7":"pa_cilt-ciltsiz","8":"pa_tur-kitap","9":"pa_yayinevi-ren-kitap","10":"pa_yazar-james-allen","12":"first","13":"instock","14":"sale","15":"shipping-taxable","16":"purchasable","17":"product-type-simple"},"_links":{"self":[{"href":"https:\/\/roveyayinevi.com.tr\/index.php\/wp-json\/wp\/v2\/product\/778092","targetHints":{"allow":["GET"]}}],"collection":[{"href":"https:\/\/roveyayinevi.com.tr\/index.php\/wp-json\/wp\/v2\/product"}],"about":[{"href":"https:\/\/roveyayinevi.com.tr\/index.php\/wp-json\/wp\/v2\/types\/product"}],"wp:attachment":[{"href":"https:\/\/roveyayinevi.com.tr\/index.php\/wp-json\/wp\/v2\/media?parent=778092"}],"wp:term":[{"taxonomy":"product_brand","embeddable":true,"href":"https:\/\/roveyayinevi.com.tr\/index.php\/wp-json\/wp\/v2\/product_brand?post=778092"},{"taxonomy":"product_cat","embeddable":true,"href":"https:\/\/roveyayinevi.com.tr\/index.php\/wp-json\/wp\/v2\/product_cat?post=778092"},{"taxonomy":"product_tag","embeddable":true,"href":"https:\/\/roveyayinevi.com.tr\/index.php\/wp-json\/wp\/v2\/product_tag?post=778092"}],"curies":[{"name":"wp","href":"https:\/\/api.w.org\/{rel}","templated":true}]}}