{"id":778090,"date":"2025-11-05T10:00:25","date_gmt":"2025-11-05T07:00:25","guid":{"rendered":"https:\/\/roveyayinevi.com.tr\/index.php\/urun\/islam-felsefesi-uzerine\/"},"modified":"2025-11-21T09:57:04","modified_gmt":"2025-11-21T06:57:04","slug":"islam-felsefesi-uzerine","status":"publish","type":"product","link":"https:\/\/roveyayinevi.com.tr\/index.php\/urun\/islam-felsefesi-uzerine\/","title":{"rendered":"\u0130slam Felsefesi \u00dczerine"},"content":{"rendered":"<p>\u0130slam uygarl\u0131\u011f\u0131nda felsefi bir gelene\u011fin olup olmad\u0131\u011f\u0131 ilgi \u00e7ekici oldu\u011fu kadar tart\u0131\u015fmal\u0131 konulardan da biridir. Zira bu soruya olumlu ya da olumsuz bir yan\u0131t vermekten \u00e7ok, verilecek yan\u0131t\u0131n hangi gerek\u00e7elerle temellendirilece\u011fi \u00f6nem arz eder. \u00d6te yandan, b\u00f6yle bir gelene\u011fin tarihsel ve ay\u0131rt edici \u00f6zelliklerini tart\u0131\u015fmak, onun evrensel felsefe i\u00e7indeki yer ve de\u011ferini belirlemeye de imk\u00e2n tan\u0131yacakt\u0131r. Ahmet Arslan \u0130slam Felsefesi \u00dczerine adl\u0131 bu \u00e7al\u0131\u015fmas\u0131nda tam da bu merkez etraf\u0131ndaki sorunlar\u0131 ele al\u0131yor. \u0130slam\u0131n kendi dinamiklerinden do\u011fan ve tarihsel olarak da felsefi bilimlerden \u00f6nce gelen kelam anlay\u0131\u015f\u0131n\u0131n belirleyicili\u011finin ortaya konmas\u0131; \u201cYunan tarz\u0131ndaki felsefe\u201d ile \u0130slam felsefesi aras\u0131nda kurulan ili\u015fkinin niteli\u011fi; ya da farkl\u0131 yakla\u015f\u0131mlar\u0131n tarihsel seyir i\u00e7erisindeki katk\u0131lar\u0131 ve tuttuklar\u0131 yer, s\u00f6z konusu tart\u0131\u015fman\u0131n ana u\u011fraklar\u0131n\u0131 olu\u015fturuyor. Kitapta Kind\u00ee, F\u00e2r\u00e2b\u00ee, \u0130bn S\u00eena, \u0130bn R\u00fc\u015fd, Gazz\u00e2l\u00ee gibi filozoflar\u0131n katk\u0131lar\u0131n\u0131n de\u011ferlendirilmesinin yan\u0131 s\u0131ra Mu\u2019tezile, E\u015f\u2019ar\u00eelik gibi yakla\u015f\u0131mlar\u0131n tezlerinin ele al\u0131nmas\u0131 ise gelenekteki farkl\u0131 boyutlar\u0131 ve kavray\u0131\u015f zenginli\u011fini ortaya koymas\u0131 bak\u0131m\u0131ndan \u00f6nem ta\u015f\u0131yor. \u0130slam uygarl\u0131\u011f\u0131n\u0131n bir felsefeye sahip olup olmad\u0131\u011f\u0131 sorusuna nihayetinde olumlu yan\u0131t veren \u0130slam Felsefesi \u00dczerine, benimsedi\u011fi bu \u00e7ok y\u00f6nl\u00fc tutum sayesinde benzerlerinden olduk\u00e7a farkl\u0131 bir yere oturan bir kitap. <\/p>\n","protected":false},"excerpt":{"rendered":"<p>\u0130slam uygarl\u0131\u011f\u0131nda felsefi bir gelene\u011fin olup olmad\u0131\u011f\u0131 ilgi \u00e7ekici oldu\u011fu kadar tart\u0131\u015fmal\u0131 konulardan da biridir. Zira bu soruya olumlu ya da olumsuz bir yan\u0131t vermekten \u00e7ok,<span class=\"excerpt-hellip\"> [\u2026]<\/span><\/p>\n","protected":false},"featured_media":0,"template":"","meta":{"_monsterinsights_skip_tracking":false,"_monsterinsights_sitenote_active":false,"_monsterinsights_sitenote_note":"","_monsterinsights_sitenote_category":0},"product_brand":[],"product_cat":[19998,12388],"product_tag":[],"class_list":{"0":"post-778090","1":"product","2":"type-product","3":"status-publish","5":"product_cat-din-felsefesi","6":"product_cat-felsefe","7":"pa_cilt-ciltsiz","8":"pa_tur-kitap","9":"pa_yayinevi-alfa-yayinlari","10":"pa_yazar-ahmet-arslan","12":"first","13":"instock","14":"sale","15":"shipping-taxable","16":"purchasable","17":"product-type-simple"},"_links":{"self":[{"href":"https:\/\/roveyayinevi.com.tr\/index.php\/wp-json\/wp\/v2\/product\/778090","targetHints":{"allow":["GET"]}}],"collection":[{"href":"https:\/\/roveyayinevi.com.tr\/index.php\/wp-json\/wp\/v2\/product"}],"about":[{"href":"https:\/\/roveyayinevi.com.tr\/index.php\/wp-json\/wp\/v2\/types\/product"}],"wp:attachment":[{"href":"https:\/\/roveyayinevi.com.tr\/index.php\/wp-json\/wp\/v2\/media?parent=778090"}],"wp:term":[{"taxonomy":"product_brand","embeddable":true,"href":"https:\/\/roveyayinevi.com.tr\/index.php\/wp-json\/wp\/v2\/product_brand?post=778090"},{"taxonomy":"product_cat","embeddable":true,"href":"https:\/\/roveyayinevi.com.tr\/index.php\/wp-json\/wp\/v2\/product_cat?post=778090"},{"taxonomy":"product_tag","embeddable":true,"href":"https:\/\/roveyayinevi.com.tr\/index.php\/wp-json\/wp\/v2\/product_tag?post=778090"}],"curies":[{"name":"wp","href":"https:\/\/api.w.org\/{rel}","templated":true}]}}