{"id":778087,"date":"2025-11-05T09:35:27","date_gmt":"2025-11-05T06:35:27","guid":{"rendered":"https:\/\/roveyayinevi.com.tr\/index.php\/urun\/bir-elif-soylencesi\/"},"modified":"2026-04-16T03:06:47","modified_gmt":"2026-04-16T00:06:47","slug":"bir-elif-soylencesi","status":"publish","type":"product","link":"https:\/\/roveyayinevi.com.tr\/index.php\/urun\/bir-elif-soylencesi\/","title":{"rendered":"Bir Elif S\u00f6ylencesi"},"content":{"rendered":"<p>ya\u011fmur bereketsiz ya\u011far sa\u00e7lar\u0131na terk edilmi\u015f \u015fehirlerin sonras\u0131 \u0131rmak \u00e7aresiz yaln\u0131zl\u0131k n\u00f6betleri ve karanfil (karanfil uslanmaz bir \u00f6zlemdir \u00e7o\u011fu kelebe\u011fin ufkunda) ve Elif kuyularda dillenendir \u0131rmaklar\u0131n, karanfilin ve ya\u011fmurun t\u00fcrk\u00fcs\u00fcn\u00fc g\u00f6zlerinde aceleci sevmeler kederi   her t\u00fcrk\u00fcde umudun k\u0131z\u0131la teslimiyeti yollar\u0131n bitmeyen ne zaman gelecek kayg\u0131s\u0131 ta\u015f kesilen a\u011fr\u0131lar\u0131n zamans\u0131zl\u0131\u011f\u0131 kerpi\u00e7 evlerin alt\u0131nda kalan \u00e7eyiz lekesi yollar sahipsizdir \u00e7o\u011fu k\u0131na t\u00fcrk\u00fcs\u00fcnde ve t\u00fcrk\u00fclerde savrulur sevda k\u0131rm\u0131z\u0131s\u0131 duvak bu y\u00fczden i\u015fte kan \u00e7ana\u011f\u0131d\u0131r Elif\u2019in g\u00f6zleri <\/p>\n","protected":false},"excerpt":{"rendered":"<p>ya\u011fmur bereketsiz ya\u011far sa\u00e7lar\u0131na terk edilmi\u015f \u015fehirlerin sonras\u0131 \u0131rmak \u00e7aresiz yaln\u0131zl\u0131k n\u00f6betleri ve karanfil (karanfil uslanmaz bir \u00f6zlemdir \u00e7o\u011fu kelebe\u011fin ufkunda) ve Elif kuyularda dillenendir \u0131rmaklar\u0131n,<span class=\"excerpt-hellip\"> [\u2026]<\/span><\/p>\n","protected":false},"featured_media":0,"template":"","meta":{"_monsterinsights_skip_tracking":false,"_monsterinsights_sitenote_active":false,"_monsterinsights_sitenote_note":"","_monsterinsights_sitenote_category":0},"product_brand":[],"product_cat":[12291,12509],"product_tag":[],"class_list":{"0":"post-778087","1":"product","2":"type-product","3":"status-publish","5":"product_cat-edebiyat","6":"product_cat-siir","7":"pa_cilt-ciltsiz","8":"pa_tur-kitap","9":"pa_yayinevi-doksan-dokuz-yayinlari","10":"pa_yazar-serdar-keskin","12":"first","13":"instock","14":"sale","15":"shipping-taxable","16":"purchasable","17":"product-type-simple"},"_links":{"self":[{"href":"https:\/\/roveyayinevi.com.tr\/index.php\/wp-json\/wp\/v2\/product\/778087","targetHints":{"allow":["GET"]}}],"collection":[{"href":"https:\/\/roveyayinevi.com.tr\/index.php\/wp-json\/wp\/v2\/product"}],"about":[{"href":"https:\/\/roveyayinevi.com.tr\/index.php\/wp-json\/wp\/v2\/types\/product"}],"wp:attachment":[{"href":"https:\/\/roveyayinevi.com.tr\/index.php\/wp-json\/wp\/v2\/media?parent=778087"}],"wp:term":[{"taxonomy":"product_brand","embeddable":true,"href":"https:\/\/roveyayinevi.com.tr\/index.php\/wp-json\/wp\/v2\/product_brand?post=778087"},{"taxonomy":"product_cat","embeddable":true,"href":"https:\/\/roveyayinevi.com.tr\/index.php\/wp-json\/wp\/v2\/product_cat?post=778087"},{"taxonomy":"product_tag","embeddable":true,"href":"https:\/\/roveyayinevi.com.tr\/index.php\/wp-json\/wp\/v2\/product_tag?post=778087"}],"curies":[{"name":"wp","href":"https:\/\/api.w.org\/{rel}","templated":true}]}}