{"id":778083,"date":"2025-11-05T08:18:15","date_gmt":"2025-11-05T05:18:15","guid":{"rendered":"https:\/\/roveyayinevi.com.tr\/index.php\/urun\/olasiliklar-arasinda\/"},"modified":"2026-04-13T03:01:06","modified_gmt":"2026-04-13T00:01:06","slug":"olasiliklar-arasinda","status":"publish","type":"product","link":"https:\/\/roveyayinevi.com.tr\/index.php\/urun\/olasiliklar-arasinda\/","title":{"rendered":"Olas\u0131l\u0131klar Aras\u0131nda"},"content":{"rendered":"<p>\u201cD\u00fcnya, insan olma sanat\u0131n\u0131n icra sahnesidir.\u201d -Maia Ece Erg\u00f6nen\u00e7   \u0130nsan\u0131n \u00e2lemlerdeki yeri, bir \u015feyleri istemek ve arzulamaktan \u00e7ok daha b\u00fcy\u00fckt\u00fcr. Bu kitapta yaz\u0131lan hayal ilmi de isteklerin ya da arzular\u0131n ger\u00e7e\u011fe d\u00f6n\u00fc\u015fmesi ile ilgili de\u011fildir. \u00c7ok daha y\u00fcksek bir plana \u0131\u015f\u0131k tutmaktad\u0131r. Hayal ilmi, insan\u0131n mutlak ger\u00e7ekli\u011fini hat\u0131rlatmak ve bunun da \u00f6tesinde, insan\u0131n asl\u0131nda evrenin temel yap\u0131c\u0131 par\u00e7as\u0131 oldu\u011funu anlatmaktad\u0131r.   Yarat\u0131l\u0131\u015f bilgisiyle do\u011fan insan, bu ger\u00e7e\u011fi nas\u0131l ve ne zaman unutur? Hangi durum ve ya\u015fta perdeler kal\u0131nla\u015f\u0131r, bizi yolumuzu bulmakta zorland\u0131\u011f\u0131m\u0131z bir karanl\u0131\u011fa s\u00fcr\u00fckler? \u00d6zg\u00fcr irade var m\u0131d\u0131r ? Duygusal tepkilerimiz bir yaz\u0131l\u0131m m\u0131? De\u011fi\u015ftirebilir miyiz? Hem g\u00f6zlemci hem de g\u00f6zlemcinin g\u00f6zlemleyicisi olmak ne demektir? \u0130ki katmanl\u0131 \u015fuura nas\u0131l ula\u015f\u0131l\u0131r? Hayal ilmi, insan olma ilmidir.<\/p>\n","protected":false},"excerpt":{"rendered":"<p>\u201cD\u00fcnya, insan olma sanat\u0131n\u0131n icra sahnesidir.\u201d -Maia Ece Erg\u00f6nen\u00e7 \u0130nsan\u0131n \u00e2lemlerdeki yeri, bir \u015feyleri istemek ve arzulamaktan \u00e7ok daha b\u00fcy\u00fckt\u00fcr. Bu kitapta yaz\u0131lan hayal ilmi de<span class=\"excerpt-hellip\"> [\u2026]<\/span><\/p>\n","protected":false},"featured_media":0,"template":"","meta":{"_monsterinsights_skip_tracking":false,"_monsterinsights_sitenote_active":false,"_monsterinsights_sitenote_note":"","_monsterinsights_sitenote_category":0},"product_brand":[],"product_cat":[13005,37328],"product_tag":[],"class_list":{"0":"post-778083","1":"product","2":"type-product","3":"status-publish","5":"product_cat-bilim-muhendislik","6":"product_cat-diger-bilim-muhendislik","7":"pa_cilt-ciltsiz","8":"pa_tur-kitap","9":"pa_yayinevi-destek-yayinlari","10":"pa_yazar-ece-ergonenc","12":"first","13":"instock","14":"sale","15":"shipping-taxable","16":"purchasable","17":"product-type-simple"},"_links":{"self":[{"href":"https:\/\/roveyayinevi.com.tr\/index.php\/wp-json\/wp\/v2\/product\/778083","targetHints":{"allow":["GET"]}}],"collection":[{"href":"https:\/\/roveyayinevi.com.tr\/index.php\/wp-json\/wp\/v2\/product"}],"about":[{"href":"https:\/\/roveyayinevi.com.tr\/index.php\/wp-json\/wp\/v2\/types\/product"}],"wp:attachment":[{"href":"https:\/\/roveyayinevi.com.tr\/index.php\/wp-json\/wp\/v2\/media?parent=778083"}],"wp:term":[{"taxonomy":"product_brand","embeddable":true,"href":"https:\/\/roveyayinevi.com.tr\/index.php\/wp-json\/wp\/v2\/product_brand?post=778083"},{"taxonomy":"product_cat","embeddable":true,"href":"https:\/\/roveyayinevi.com.tr\/index.php\/wp-json\/wp\/v2\/product_cat?post=778083"},{"taxonomy":"product_tag","embeddable":true,"href":"https:\/\/roveyayinevi.com.tr\/index.php\/wp-json\/wp\/v2\/product_tag?post=778083"}],"curies":[{"name":"wp","href":"https:\/\/api.w.org\/{rel}","templated":true}]}}