{"id":778070,"date":"2025-11-05T04:03:21","date_gmt":"2025-11-05T01:03:21","guid":{"rendered":"https:\/\/roveyayinevi.com.tr\/index.php\/urun\/sivil-toplum-uc-beyi-idris-kucukomer\/"},"modified":"2026-04-16T02:15:41","modified_gmt":"2026-04-15T23:15:41","slug":"sivil-toplum-uc-beyi-idris-kucukomer","status":"publish","type":"product","link":"https:\/\/roveyayinevi.com.tr\/index.php\/urun\/sivil-toplum-uc-beyi-idris-kucukomer\/","title":{"rendered":"Sivil Toplum U\u00e7 Beyi \u0130dris K\u00fc\u00e7\u00fck\u00f6mer"},"content":{"rendered":"<p>\u0130dris K\u00fc\u00e7\u00fck\u00f6mer&#8217;in en sevdi\u011fi temalardan biri T\u00fcrk ayd\u0131n\u0131nda devlet kavram\u0131n\u0131n biyolojik k\u00f6kenleri idi. &#8220;Kap\u0131kullu\u011fu art\u0131k genetik yap\u0131ya yerle\u015fmi\u015f; toplumsal alandan \u00e7\u0131k\u0131p biyolojik belirlenme d\u00fczeyine ge\u00e7mi\u015f&#8221; derdi.K\u00fc\u00e7\u00fck\u00f6mer haks\u0131z de\u011fildi. Ayd\u0131nlar, Osmanl\u0131dan bug\u00fcne bundan dolay\u0131 savruldular. Sadece ayd\u0131nlar da de\u011fil, toplumun t\u00fcm kesimleri, sermaye s\u0131n\u0131f\u0131ndan i\u015f\u00e7isine herkes savrulmalardan pay\u0131n\u0131 ald\u0131.Asl\u0131nda K\u00fc\u00e7\u00fck\u00f6mer de savrulanlar aras\u0131ndad\u0131r. Bundan dolay\u0131 i\u00e7inde ya\u015fad\u0131\u011f\u0131 haks\u0131zl\u0131klara kar\u015f\u0131 biriktirdi\u011fi h\u0131n\u00e7, \u00fcz\u00fcnt\u00fc onu farkl\u0131 yerlere g\u00f6t\u00fcrd\u00fc. O da haks\u0131zl\u0131klar yapt\u0131, fakat bunu bug\u00fcnlerde pek g\u00f6remeyece\u011fimiz bir ayd\u0131n namusu ile yapt\u0131.Bu kitap asl\u0131nda sadece Sivil Toplum U\u00e7beyi \u0130dris K\u00fc\u00e7\u00fck\u00f6mer&#8217;in ya\u015fam\u0131n\u0131, d\u00fc\u015f\u00fcncelerini de\u011fil, T\u00fcrkiye kaygan zeminini de anlat\u0131yor.<\/p>\n","protected":false},"excerpt":{"rendered":"<p>\u0130dris K\u00fc\u00e7\u00fck\u00f6mer&#8217;in en sevdi\u011fi temalardan biri T\u00fcrk ayd\u0131n\u0131nda devlet kavram\u0131n\u0131n biyolojik k\u00f6kenleri idi. &#8220;Kap\u0131kullu\u011fu art\u0131k genetik yap\u0131ya yerle\u015fmi\u015f; toplumsal alandan \u00e7\u0131k\u0131p biyolojik belirlenme d\u00fczeyine ge\u00e7mi\u015f&#8221; derdi.K\u00fc\u00e7\u00fck\u00f6mer<span class=\"excerpt-hellip\"> [\u2026]<\/span><\/p>\n","protected":false},"featured_media":0,"template":"","meta":{"_monsterinsights_skip_tracking":false,"_monsterinsights_sitenote_active":false,"_monsterinsights_sitenote_note":"","_monsterinsights_sitenote_category":0},"product_brand":[],"product_cat":[13946,12304],"product_tag":[],"class_list":{"0":"post-778070","1":"product","2":"type-product","3":"status-publish","5":"product_cat-biyografi-otobiyografi","6":"product_cat-tarih","7":"pa_tur-kitap","8":"pa_yayinevi-efil-yayinevi","9":"pa_yazar-kollektif","11":"first","12":"instock","13":"sale","14":"shipping-taxable","15":"purchasable","16":"product-type-simple"},"_links":{"self":[{"href":"https:\/\/roveyayinevi.com.tr\/index.php\/wp-json\/wp\/v2\/product\/778070","targetHints":{"allow":["GET"]}}],"collection":[{"href":"https:\/\/roveyayinevi.com.tr\/index.php\/wp-json\/wp\/v2\/product"}],"about":[{"href":"https:\/\/roveyayinevi.com.tr\/index.php\/wp-json\/wp\/v2\/types\/product"}],"wp:attachment":[{"href":"https:\/\/roveyayinevi.com.tr\/index.php\/wp-json\/wp\/v2\/media?parent=778070"}],"wp:term":[{"taxonomy":"product_brand","embeddable":true,"href":"https:\/\/roveyayinevi.com.tr\/index.php\/wp-json\/wp\/v2\/product_brand?post=778070"},{"taxonomy":"product_cat","embeddable":true,"href":"https:\/\/roveyayinevi.com.tr\/index.php\/wp-json\/wp\/v2\/product_cat?post=778070"},{"taxonomy":"product_tag","embeddable":true,"href":"https:\/\/roveyayinevi.com.tr\/index.php\/wp-json\/wp\/v2\/product_tag?post=778070"}],"curies":[{"name":"wp","href":"https:\/\/api.w.org\/{rel}","templated":true}]}}

Sivil Toplum Uç Beyi İdris Küçükömer

<p>İdris Küçükömer&#8217;in en sevdiği temalardan biri Türk aydınında devlet kavramının biyolojik kökenleri idi. &#8220;Kapıkulluğu artık genetik yapıya yerleşmiş; toplumsal alandan çıkıp biyolojik belirlenme düzeyine geçmiş&#8221; derdi.Küçükömer haksız değildi. Aydınlar, Osmanlıdan bugüne bundan dolayı savruldular. Sadece aydınlar da değil, toplumun tüm kesimleri, sermaye sınıfından işçisine herkes savrulmalardan payını aldı.Aslında Küçükömer de savrulanlar arasındadır. Bundan dolayı içinde yaşadığı haksızlıklara karşı biriktirdiği hınç, üzüntü onu farklı yerlere götürdü. O da haksızlıklar yaptı, fakat bunu bugünlerde pek göremeyeceğimiz bir aydın namusu ile yaptı.Bu kitap aslında sadece Sivil Toplum Uçbeyi İdris Küçükömer&#8217;in yaşamını, düşüncelerini değil, Türkiye kaygan zeminini de anlatıyor.</p>

<p>İdris Küçükömer&#8217;in en sevdiği temalardan biri Türk aydınında devlet kavramının biyolojik kökenleri idi. &#8220;Kapıkulluğu artık genetik yapıya yerleşmiş; toplumsal alandan çıkıp biyolojik belirlenme düzeyine geçmiş&#8221; derdi.Küçükömer<span class="excerpt-hellip"> […]</span></p>
