{"id":778061,"date":"2025-10-29T07:53:09","date_gmt":"2025-10-29T04:53:09","guid":{"rendered":"https:\/\/roveyayinevi.com.tr\/index.php\/urun\/kabahat-islemek-dogruyu-soylemek\/"},"modified":"2026-04-16T02:52:19","modified_gmt":"2026-04-15T23:52:19","slug":"kabahat-islemek-dogruyu-soylemek","status":"publish","type":"product","link":"https:\/\/roveyayinevi.com.tr\/index.php\/urun\/kabahat-islemek-dogruyu-soylemek\/","title":{"rendered":"Kabahat \u0130\u015flemek &#8211; Do\u011fruyu S\u00f6ylemek"},"content":{"rendered":"<p>Kabahat \u0130\u015flemek &#8211; Do\u011fruyu S\u00f6ylemek, Michel Foucault\u2019nun \u00f6zel bir davetle gitti\u011fi Louvain \u00dcniversitesi\u2019nde 1981 y\u0131l\u0131nda verdi\u011fi seminerlerin metninden olu\u015fuyor. Seminerler; ba\u015flang\u0131c\u0131ndan gu\u0308nu\u0308mu\u0308ze kadar olan su\u0308rede ceza pratikleri \u00e7er\u00e7evesinde, hakikat s\u00f6ylemi ile yarg\u0131lama aras\u0131ndaki ba\u011f\u0131n ve ili\u015fkinin bir bi\u00e7imi olarak itiraf\u0131n tarih\u00e7esinin eskizini \u00e7iziyor. M. Foucault, ilk iki seminerde Antik Yunan\u2019\u0131n hukuk-\u00f6ncesi d\u00f6nemini ele al\u0131yor. \u0130lk seminerde mu\u0308cadele ve do\u011fru kabul edilen ile adil kabul edilen aras\u0131ndaki ili\u015fkiyi gu\u0308ndeme getirirken ikinci seminerde ise muktedirin bilgisini ve hakikat aray\u0131\u015f\u0131n\u0131 gu\u0308ndeme ta\u015f\u0131yor. Sonraki iki seminer, M. Foucault\u2019nun \u201citiraf, gu\u0308nah \u00e7\u0131karma ve soru\u015fturma\u201d sorunuyla ili\u015fkilendirdi\u011fi Orta \u00c7a\u011f ve Hristiyanl\u0131\u011fa odaklan\u0131yor. Modern ve \u00e7a\u011fda\u015f d\u00f6nemi ele alan son iki seminer ise \u201citiraf, muayene ve uzmanl\u0131\u011fa dair sorunlar\u201d etraf\u0131nda \u015fekilleniyor. Seminerler boyunca, \u201cdo\u011fru s\u00f6ylemenin veya do\u011fru s\u00f6zu\u0308n, siyasi ve kurumsal etnolojisi\u201d denebilecek bir perspektif benimsenmi\u015ftir. M. Foucault burada, herhangi bir \u00f6nermenin do\u011fru veya yanl\u0131\u015f kabul edilmesi i\u00e7in yerine getirmesi gereken ko\u015fullar\u0131n tespit edilmesini de\u011fil, hakikat oyunlar\u0131 ile iktidar oyunlar\u0131 aras\u0131ndaki ili\u015fkinin analizini yapmaktad\u0131r; hakikat bir silah olarak, s\u00f6ylem ise bir polemik ve stratejik veriler ku\u0308mesi olarak g\u00f6ru\u0308lmektedir. Seminerlerde yu\u0308ru\u0308tu\u0308len soru\u015fturman\u0131n alan\u0131 iki soru ile tarif edilebilir. \u0130lk soru: Su\u00e7 ve su\u00e7luya ili\u015fkin olarak, hakikat sorusu hangi pratikler arac\u0131l\u0131\u011f\u0131yla \u015fekillenir? \u0130kinci soru: Kendisini su\u00e7layacak bir \u015fey s\u00f6yleyemek u\u0308zere olan ki\u015fi kendisi hakk\u0131nda nas\u0131l do\u011fruyu s\u00f6yler? Bu sorular su\u00e7 ve su\u00e7lunun \u00f6tesinde, do\u011fru ve yanl\u0131\u015f oyununa yeni bir nesneyi d\u00e2hil ederler, ki bu da ki\u015finin kendisiyle olan ili\u015fkisidir.<\/p>\n","protected":false},"excerpt":{"rendered":"<p>Kabahat \u0130\u015flemek &#8211; Do\u011fruyu S\u00f6ylemek, Michel Foucault\u2019nun \u00f6zel bir davetle gitti\u011fi Louvain \u00dcniversitesi\u2019nde 1981 y\u0131l\u0131nda verdi\u011fi seminerlerin metninden olu\u015fuyor. Seminerler; ba\u015flang\u0131c\u0131ndan gu\u0308nu\u0308mu\u0308ze kadar olan su\u0308rede ceza<span class=\"excerpt-hellip\"> [\u2026]<\/span><\/p>\n","protected":false},"featured_media":0,"template":"","meta":{"_monsterinsights_skip_tracking":false,"_monsterinsights_sitenote_active":false,"_monsterinsights_sitenote_note":"","_monsterinsights_sitenote_category":0},"product_brand":[],"product_cat":[12389,12388],"product_tag":[],"class_list":{"0":"post-778061","1":"product","2":"type-product","3":"status-publish","5":"product_cat-diger-felsefe","6":"product_cat-felsefe","7":"pa_cilt-ciltsiz","8":"pa_tur-kitap","9":"pa_yayinevi-ketebe-yayinlari","10":"pa_yazar-michel-foucault","12":"first","13":"instock","14":"sale","15":"shipping-taxable","16":"purchasable","17":"product-type-simple"},"_links":{"self":[{"href":"https:\/\/roveyayinevi.com.tr\/index.php\/wp-json\/wp\/v2\/product\/778061","targetHints":{"allow":["GET"]}}],"collection":[{"href":"https:\/\/roveyayinevi.com.tr\/index.php\/wp-json\/wp\/v2\/product"}],"about":[{"href":"https:\/\/roveyayinevi.com.tr\/index.php\/wp-json\/wp\/v2\/types\/product"}],"wp:attachment":[{"href":"https:\/\/roveyayinevi.com.tr\/index.php\/wp-json\/wp\/v2\/media?parent=778061"}],"wp:term":[{"taxonomy":"product_brand","embeddable":true,"href":"https:\/\/roveyayinevi.com.tr\/index.php\/wp-json\/wp\/v2\/product_brand?post=778061"},{"taxonomy":"product_cat","embeddable":true,"href":"https:\/\/roveyayinevi.com.tr\/index.php\/wp-json\/wp\/v2\/product_cat?post=778061"},{"taxonomy":"product_tag","embeddable":true,"href":"https:\/\/roveyayinevi.com.tr\/index.php\/wp-json\/wp\/v2\/product_tag?post=778061"}],"curies":[{"name":"wp","href":"https:\/\/api.w.org\/{rel}","templated":true}]}}