{"id":778008,"date":"2025-10-28T20:12:49","date_gmt":"2025-10-28T17:12:49","guid":{"rendered":"https:\/\/roveyayinevi.com.tr\/index.php\/urun\/tatar-tarihi\/"},"modified":"2026-04-15T03:42:34","modified_gmt":"2026-04-15T00:42:34","slug":"tatar-tarihi","status":"publish","type":"product","link":"https:\/\/roveyayinevi.com.tr\/index.php\/urun\/tatar-tarihi\/","title":{"rendered":"Tatar Tarihi"},"content":{"rendered":"<p>T\u00fcrk boylar\u0131 tarih boyunca d\u00fcnyan\u0131n d\u00f6rt bir taraf\u0131na g\u00f6\u00e7 ettiler. T\u00fcrkleri en fazla cezbeden b\u00f6lgelerden biri, Karadeniz\u2019in kuzeyi oldu. Nitekim Hunlar\u0131n bat\u0131ya y\u00f6nelmesiyle h\u0131z kazanan bu g\u00f6\u00e7ler on \u00fc\u00e7\u00fcnc\u00fc y\u00fczy\u0131la kadar devam etti. Avrupa Hunlar\u0131, Avarlar, Hazarlar, Bulgarlar, Pe\u00e7enekler, K\u0131p\u00e7aklar, farkl\u0131 tarihlerde b\u00f6lgeye h\u00e2kim olan ve b\u00f6lgenin gerek siyasi gerekse de etnik haritas\u0131n\u0131 yeniden yap\u0131land\u0131ran boylar\u0131n yaln\u0131zca bir k\u0131sm\u0131d\u0131r. On \u00fc\u00e7\u00fcnc\u00fc y\u00fczy\u0131l\u0131n ilk yar\u0131s\u0131nda b\u00f6lge T\u00fcrk-\u0130slam devleti olan Alt\u0131n Orda\u2019n\u0131n i\u00e7erisinde yer al\u0131rken zamanla K\u0131p\u00e7aklar, \u0130dil Bulgarlar\u0131 ve b\u00f6lgedeki di\u011fer T\u00fcrk boylar\u0131, \u201cTatar\u201d ad\u0131 alt\u0131nda birle\u015fmi\u015f oldu. Bununla birlikte Tatar ad\u0131, bu tarihten \u00f6nce de var oldu\u011fu ve gerek T\u00fcrkler gerekse Mo\u011follar i\u00e7in kullan\u0131ld\u0131\u011f\u0131 gibi daha sonraki tarihlerde de \u00e7ok daha geni\u015f kitleleri ifade etti. Bu \u00e7al\u0131\u015fma, Tatar tarihinin en \u00f6nemli devrelerini ele almakta, ihtilafl\u0131 konular\u0131 okuyuculara sunmaktad\u0131r. Tatar ad\u0131n\u0131n tarih\u00e7esi, \u0130dil Bulgarlar\u0131n\u0131n \u0130slamiyet\u2019i kabul\u00fc, \u00c7engiz Han\u2019\u0131n sefer ve sonu\u00e7lar\u0131, Rusya \u00fczerindeki T\u00fcrk-Tatar etkisi, Rus yay\u0131lmac\u0131l\u0131\u011f\u0131na kar\u015f\u0131 Osmanl\u0131n\u0131n sessizli\u011fi, Rusya\u2019da kurulan ilk Tatarca matbaa, Mustafa Kemal Atat\u00fcrk\u2019\u00fcn yan\u0131nda T\u00fcrkiye Cumhuriyeti\u2019nin kurulu\u015f ve geli\u015fiminde \u00f6nemli rol oynayan Tatar ayd\u0131nlar\u0131, Tataristan\u2019\u0131n ba\u015fkenti Kazan\u2019\u0131n T\u00fcrk d\u00fcnyas\u0131ndaki yeri ve \u00f6nemi, bu konular\u0131n ba\u015fl\u0131calar\u0131.<\/p>\n","protected":false},"excerpt":{"rendered":"<p>T\u00fcrk boylar\u0131 tarih boyunca d\u00fcnyan\u0131n d\u00f6rt bir taraf\u0131na g\u00f6\u00e7 ettiler. T\u00fcrkleri en fazla cezbeden b\u00f6lgelerden biri, Karadeniz\u2019in kuzeyi oldu. Nitekim Hunlar\u0131n bat\u0131ya y\u00f6nelmesiyle h\u0131z kazanan bu<span class=\"excerpt-hellip\"> [\u2026]<\/span><\/p>\n","protected":false},"featured_media":0,"template":"","meta":{"_monsterinsights_skip_tracking":false,"_monsterinsights_sitenote_active":false,"_monsterinsights_sitenote_note":"","_monsterinsights_sitenote_category":0},"product_brand":[],"product_cat":[12304,13650],"product_tag":[],"class_list":{"0":"post-778008","1":"product","2":"type-product","3":"status-publish","5":"product_cat-tarih","6":"product_cat-turk-tarihi-arastirmalari","7":"pa_cilt-ciltsiz","8":"pa_tur-kitap","9":"pa_yayinevi-otuken-nesriyat","10":"pa_yazar-ilyas-kemaloglu","12":"first","13":"instock","14":"sale","15":"shipping-taxable","16":"purchasable","17":"product-type-simple"},"_links":{"self":[{"href":"https:\/\/roveyayinevi.com.tr\/index.php\/wp-json\/wp\/v2\/product\/778008","targetHints":{"allow":["GET"]}}],"collection":[{"href":"https:\/\/roveyayinevi.com.tr\/index.php\/wp-json\/wp\/v2\/product"}],"about":[{"href":"https:\/\/roveyayinevi.com.tr\/index.php\/wp-json\/wp\/v2\/types\/product"}],"wp:attachment":[{"href":"https:\/\/roveyayinevi.com.tr\/index.php\/wp-json\/wp\/v2\/media?parent=778008"}],"wp:term":[{"taxonomy":"product_brand","embeddable":true,"href":"https:\/\/roveyayinevi.com.tr\/index.php\/wp-json\/wp\/v2\/product_brand?post=778008"},{"taxonomy":"product_cat","embeddable":true,"href":"https:\/\/roveyayinevi.com.tr\/index.php\/wp-json\/wp\/v2\/product_cat?post=778008"},{"taxonomy":"product_tag","embeddable":true,"href":"https:\/\/roveyayinevi.com.tr\/index.php\/wp-json\/wp\/v2\/product_tag?post=778008"}],"curies":[{"name":"wp","href":"https:\/\/api.w.org\/{rel}","templated":true}]}}