{"id":778007,"date":"2025-10-28T20:12:04","date_gmt":"2025-10-28T17:12:04","guid":{"rendered":"https:\/\/roveyayinevi.com.tr\/index.php\/urun\/islam-ekonomisi-ile-ilgili-calismalarim\/"},"modified":"2026-04-15T03:42:30","modified_gmt":"2026-04-15T00:42:30","slug":"islam-ekonomisi-ile-ilgili-calismalarim","status":"publish","type":"product","link":"https:\/\/roveyayinevi.com.tr\/index.php\/urun\/islam-ekonomisi-ile-ilgili-calismalarim\/","title":{"rendered":"\u0130slam Ekonomisi \u0130le \u0130lgili \u00c7al\u0131\u015fmalar\u0131m"},"content":{"rendered":"<p>Atlas Okyanusu\u2019ndan Pasifik Okyanusu\u2019na kadar \u0130slam \u00fclkelerinin ihtiya\u00e7lar\u0131na; Kur\u2019an ayetlerine ve Hz. Muhammed (sav)\u2019in hadislerine dayal\u0131 ilahi h\u00fck\u00fcmlerin az bin y\u0131l cevap vermi\u015ftir. Bu co\u011frafyada ortaya \u00e7\u0131kabilecek yeni ihtiya\u00e7lara da \u0130slam alimlerinin i\u00e7tihatlar\u0131yla \u00e7\u00f6z\u00fcm yollar\u0131 bulunacakt\u0131r. Bu \u00e7er\u00e7evede \u0130slam Ekonomisi, yeniden hayat bulacakt\u0131r. Art\u0131k \u0130slam d\u00fcnyas\u0131 aya\u011fa kalkmak zorundad\u0131r. Bat\u0131n\u0131n re\u00e7eteleriyle aya\u011fa kalkmak m\u00fcmk\u00fcn de\u011fildir. Onlar\u0131n \u00f6nerdi\u011fi \u00e7\u00f6z\u00fcm yollar\u0131, b\u00fcnyemize uymuyor. \u0130slam Ekonomisi, \u0130slami de\u011ferlerden esinlenen,  toplumun iktisadi sorunlar\u0131n\u0131 inceleyen bir ilimdir. Toplumdaki t\u00fcm k\u00f6t\u00fcl\u00fcklerle birlikte kapitalizmin b\u00fcy\u00fcmesinin tek sorumlusu faizdir. \u0130\u015fsizlik sorununu \u00e7\u0131karan da faizdir. Ekonomik durgunlu\u011fun s\u00fcrmesinin m\u00fcsebbibi de odur. Geri kalm\u0131\u015f \u00fclkelerde bor\u00e7lanma sorununu daha bir \u00e7\u0131kmaza sokan yine faizdir. \u0130\u015fbirli\u011fi ve kar\u015f\u0131l\u0131kl\u0131 yard\u0131mla\u015fma fikrini k\u00f6k\u00fcnden kaz\u0131yan ve ortaya bencil bir insan t\u00fcr\u00fc \u00e7\u0131karan yine faizdir. M\u00fcsl\u00fcmanlar; \u0130slam\u2019\u0131n tezi olan faizsiz ekonomiyi, \u00e7a\u011f\u0131n ihtiya\u00e7lar\u0131na cevap verecek bi\u00e7imde uygulamay\u0131 ba\u015fard\u0131klar\u0131 takdirde,  toplumlar\u0131 faiz y\u00fck\u00fcnden kurtarm\u0131\u015f, insanl\u0131\u011fa b\u00fcy\u00fck bir hizmet ifa etmi\u015f olacakt\u0131r. <\/p>\n","protected":false},"excerpt":{"rendered":"<p>Atlas Okyanusu\u2019ndan Pasifik Okyanusu\u2019na kadar \u0130slam \u00fclkelerinin ihtiya\u00e7lar\u0131na; Kur\u2019an ayetlerine ve Hz. Muhammed (sav)\u2019in hadislerine dayal\u0131 ilahi h\u00fck\u00fcmlerin az bin y\u0131l cevap vermi\u015ftir. Bu co\u011frafyada ortaya<span class=\"excerpt-hellip\"> [\u2026]<\/span><\/p>\n","protected":false},"featured_media":0,"template":"","meta":{"_monsterinsights_skip_tracking":false,"_monsterinsights_sitenote_active":false,"_monsterinsights_sitenote_note":"","_monsterinsights_sitenote_category":0},"product_brand":[],"product_cat":[12718],"product_tag":[],"class_list":{"0":"post-778007","1":"product","2":"type-product","3":"status-publish","5":"product_cat-din","6":"pa_cilt-ciltsiz","7":"pa_tur-kitap","8":"pa_yayinevi-gulnar-yayinlari","9":"pa_yazar-ethem-erkoc","11":"first","12":"instock","13":"sale","14":"shipping-taxable","15":"purchasable","16":"product-type-simple"},"_links":{"self":[{"href":"https:\/\/roveyayinevi.com.tr\/index.php\/wp-json\/wp\/v2\/product\/778007","targetHints":{"allow":["GET"]}}],"collection":[{"href":"https:\/\/roveyayinevi.com.tr\/index.php\/wp-json\/wp\/v2\/product"}],"about":[{"href":"https:\/\/roveyayinevi.com.tr\/index.php\/wp-json\/wp\/v2\/types\/product"}],"wp:attachment":[{"href":"https:\/\/roveyayinevi.com.tr\/index.php\/wp-json\/wp\/v2\/media?parent=778007"}],"wp:term":[{"taxonomy":"product_brand","embeddable":true,"href":"https:\/\/roveyayinevi.com.tr\/index.php\/wp-json\/wp\/v2\/product_brand?post=778007"},{"taxonomy":"product_cat","embeddable":true,"href":"https:\/\/roveyayinevi.com.tr\/index.php\/wp-json\/wp\/v2\/product_cat?post=778007"},{"taxonomy":"product_tag","embeddable":true,"href":"https:\/\/roveyayinevi.com.tr\/index.php\/wp-json\/wp\/v2\/product_tag?post=778007"}],"curies":[{"name":"wp","href":"https:\/\/api.w.org\/{rel}","templated":true}]}}