{"id":777993,"date":"2025-10-28T19:07:41","date_gmt":"2025-10-28T16:07:41","guid":{"rendered":"https:\/\/roveyayinevi.com.tr\/index.php\/urun\/abdnin-kurt-projesi\/"},"modified":"2025-11-07T10:54:38","modified_gmt":"2025-11-07T07:54:38","slug":"abdnin-kurt-projesi","status":"publish","type":"product","link":"https:\/\/roveyayinevi.com.tr\/index.php\/urun\/abdnin-kurt-projesi\/","title":{"rendered":"ABD\u2019nin K\u00fcrt Projesi"},"content":{"rendered":"<p>ABD, son 50 y\u0131ld\u0131r K\u00fcrtlerin ya\u015fad\u0131\u011f\u0131 co\u011frafyada \u00fclke in\u015fas\u0131, rejim de\u011fi\u015ftirme, insani yard\u0131m ve asker\u00ee m\u00fcdahale i\u015flerine giri\u015fti. Bu m\u00fcdahaleler i\u00e7inde ABD \u00e7\u0131karlar\u0131n\u0131 sa\u011flamak i\u00e7in vasal olarak kullan\u0131lan K\u00fcrtlere, Irak&#8217;\u0131n ve Suriye&#8217;nin kuzeyinde \u00f6zerk b\u00f6lgeler hediye edildi. Amerikal\u0131lar, Orta Do\u011fu&#8217;da asker\u00ee olarak kald\u0131\u011f\u0131 s\u00fcrece siyasi ve stratejik \u00e7\u0131karlar\u0131 i\u00e7in K\u00fcrtleri korumaya \u00e7al\u0131\u015f\u0131rken T\u00fcrk-K\u00fcrt \u00e7at\u0131\u015fmas\u0131n\u0131n iki taraf\u0131 ile de oynamaya \u00e7al\u0131\u015ft\u0131. Ge\u00e7ici olarak K\u00fcrtlere yard\u0131m ederken e\u015f zamanl\u0131 olarak Ankara&#8217;y\u0131, uzun vadeli \u00e7\u0131karlar\u0131na g\u00f6re memnun etmeye \u00e7al\u0131\u015ft\u0131. Bunun nedeni, stratejik \u00e7\u0131karlar\u0131n\u0131n \u00e7e\u015fitlenmesi idi. T\u00fcrkiye s\u00f6z konusu oldu\u011funda K\u00fcrtler her zaman ikinci endi\u015fe konusu oldu. Bu kitapta, 19. y\u00fczy\u0131ldan beri ABD&#8217;nin K\u00fcrtlerle olan ili\u015fkilerini, T\u00fcrkiye ve di\u011fer b\u00f6lge \u00fclkelerine yans\u0131malar\u0131n\u0131 ve \u00fclke \u00fclke ger\u00e7ek niyetini sorgulad\u0131k.<\/p>\n","protected":false},"excerpt":{"rendered":"<p>ABD, son 50 y\u0131ld\u0131r K\u00fcrtlerin ya\u015fad\u0131\u011f\u0131 co\u011frafyada \u00fclke in\u015fas\u0131, rejim de\u011fi\u015ftirme, insani yard\u0131m ve asker\u00ee m\u00fcdahale i\u015flerine giri\u015fti. Bu m\u00fcdahaleler i\u00e7inde ABD \u00e7\u0131karlar\u0131n\u0131 sa\u011flamak i\u00e7in vasal<span class=\"excerpt-hellip\"> [\u2026]<\/span><\/p>\n","protected":false},"featured_media":0,"template":"","meta":{"_monsterinsights_skip_tracking":false,"_monsterinsights_sitenote_active":false,"_monsterinsights_sitenote_note":"","_monsterinsights_sitenote_category":0},"product_brand":[],"product_cat":[31194,12337],"product_tag":[],"class_list":{"0":"post-777993","1":"product","2":"type-product","3":"status-publish","5":"product_cat-guncel-siyaset","6":"product_cat-politika-siyaset","7":"pa_cilt-ciltsiz","8":"pa_tur-kitap","9":"pa_yayinevi-nobel-akademik-yayincilik","10":"pa_yazar-sait-yilmaz","12":"first","13":"instock","14":"sale","15":"shipping-taxable","16":"purchasable","17":"product-type-simple"},"_links":{"self":[{"href":"https:\/\/roveyayinevi.com.tr\/index.php\/wp-json\/wp\/v2\/product\/777993","targetHints":{"allow":["GET"]}}],"collection":[{"href":"https:\/\/roveyayinevi.com.tr\/index.php\/wp-json\/wp\/v2\/product"}],"about":[{"href":"https:\/\/roveyayinevi.com.tr\/index.php\/wp-json\/wp\/v2\/types\/product"}],"wp:attachment":[{"href":"https:\/\/roveyayinevi.com.tr\/index.php\/wp-json\/wp\/v2\/media?parent=777993"}],"wp:term":[{"taxonomy":"product_brand","embeddable":true,"href":"https:\/\/roveyayinevi.com.tr\/index.php\/wp-json\/wp\/v2\/product_brand?post=777993"},{"taxonomy":"product_cat","embeddable":true,"href":"https:\/\/roveyayinevi.com.tr\/index.php\/wp-json\/wp\/v2\/product_cat?post=777993"},{"taxonomy":"product_tag","embeddable":true,"href":"https:\/\/roveyayinevi.com.tr\/index.php\/wp-json\/wp\/v2\/product_tag?post=777993"}],"curies":[{"name":"wp","href":"https:\/\/api.w.org\/{rel}","templated":true}]}}