{"id":777989,"date":"2025-10-28T12:29:32","date_gmt":"2025-10-28T09:29:32","guid":{"rendered":"https:\/\/roveyayinevi.com.tr\/index.php\/urun\/ekonomi-3\/"},"modified":"2025-10-28T12:29:32","modified_gmt":"2025-10-28T09:29:32","slug":"ekonomi-3","status":"publish","type":"product","link":"https:\/\/roveyayinevi.com.tr\/index.php\/urun\/ekonomi-3\/","title":{"rendered":"Ekonomi"},"content":{"rendered":"<p>Ekonomi kitab\u0131n\u0131n haz\u0131rl\u0131k a\u015famas\u0131nda; mesleki ve teknik e\u011fitimin karakteristik \u00f6zellikleri ile meslek y\u00fcksekokullar\u0131n\u0131n \u00f6\u011frenci profili g\u00f6z \u00f6n\u00fcne al\u0131narak planlama yap\u0131lm\u0131\u015ft\u0131r. B\u00f6l\u00fcm ba\u015fl\u0131klar\u0131; ekonomi ile ilgili d\u00fc\u015f\u00fcnceler ve temel kavramlar, b\u00fct\u00fcn toplumlar\u0131n ortak ekonomik problemleri, talep, arz, piyasa ve piyasada fiyat olu\u015fumu, devletin fiyatlara m\u00fcdahalesi, t\u00fcketici dengesi, \u00fcretim ve \u00fcretici dengesi, firma dengesi, mill\u00ee gelir, istihdam ve i\u015fsizlik, gelir da\u011f\u0131l\u0131m\u0131, para ve banka, d\u0131\u015f ticaret, b\u00fcy\u00fcme ve kalk\u0131nma konular\u0131n\u0131 kapsamaktad\u0131r. \u00c7al\u0131\u015fma, meslek y\u00fcksekokulu \u00f6\u011frencilerinin yan\u0131 s\u0131ra fak\u00fcltelerde de benzer derslerde kullan\u0131labilecek i\u00e7eriktedir. <\/p>\n","protected":false},"excerpt":{"rendered":"<p>Ekonomi kitab\u0131n\u0131n haz\u0131rl\u0131k a\u015famas\u0131nda; mesleki ve teknik e\u011fitimin karakteristik \u00f6zellikleri ile meslek y\u00fcksekokullar\u0131n\u0131n \u00f6\u011frenci profili g\u00f6z \u00f6n\u00fcne al\u0131narak planlama yap\u0131lm\u0131\u015ft\u0131r. B\u00f6l\u00fcm ba\u015fl\u0131klar\u0131; ekonomi ile ilgili d\u00fc\u015f\u00fcnceler<span class=\"excerpt-hellip\"> [\u2026]<\/span><\/p>\n","protected":false},"featured_media":0,"template":"","meta":{"_monsterinsights_skip_tracking":false,"_monsterinsights_sitenote_active":false,"_monsterinsights_sitenote_note":"","_monsterinsights_sitenote_category":0},"product_brand":[],"product_cat":[12573,12566],"product_tag":[],"class_list":{"0":"post-777989","1":"product","2":"type-product","3":"status-publish","5":"product_cat-akademik-kitaplar","6":"product_cat-egitim","7":"pa_cilt-ciltsiz","8":"pa_tur-kitap","9":"pa_yayinevi-nobel-akademik-yayincilik","10":"pa_yazar-kurban-unluonen-ahmet-tayfun","12":"first","13":"instock","14":"sale","15":"shipping-taxable","16":"purchasable","17":"product-type-simple"},"_links":{"self":[{"href":"https:\/\/roveyayinevi.com.tr\/index.php\/wp-json\/wp\/v2\/product\/777989","targetHints":{"allow":["GET"]}}],"collection":[{"href":"https:\/\/roveyayinevi.com.tr\/index.php\/wp-json\/wp\/v2\/product"}],"about":[{"href":"https:\/\/roveyayinevi.com.tr\/index.php\/wp-json\/wp\/v2\/types\/product"}],"wp:attachment":[{"href":"https:\/\/roveyayinevi.com.tr\/index.php\/wp-json\/wp\/v2\/media?parent=777989"}],"wp:term":[{"taxonomy":"product_brand","embeddable":true,"href":"https:\/\/roveyayinevi.com.tr\/index.php\/wp-json\/wp\/v2\/product_brand?post=777989"},{"taxonomy":"product_cat","embeddable":true,"href":"https:\/\/roveyayinevi.com.tr\/index.php\/wp-json\/wp\/v2\/product_cat?post=777989"},{"taxonomy":"product_tag","embeddable":true,"href":"https:\/\/roveyayinevi.com.tr\/index.php\/wp-json\/wp\/v2\/product_tag?post=777989"}],"curies":[{"name":"wp","href":"https:\/\/api.w.org\/{rel}","templated":true}]}}