{"id":777988,"date":"2025-10-28T11:32:53","date_gmt":"2025-10-28T08:32:53","guid":{"rendered":"https:\/\/roveyayinevi.com.tr\/index.php\/urun\/ne-yapmali-3\/"},"modified":"2025-10-30T10:11:51","modified_gmt":"2025-10-30T07:11:51","slug":"ne-yapmali-3","status":"publish","type":"product","link":"https:\/\/roveyayinevi.com.tr\/index.php\/urun\/ne-yapmali-3\/","title":{"rendered":"Ne Yapmal\u0131?"},"content":{"rendered":"<p>Durup dinlenmeden \u00e7al\u0131\u015faca\u011f\u0131z; aldat\u0131lm\u0131\u015flar\u0131 ayd\u0131nlatacak, gafiller uykusundakileri uyand\u0131rmaya devam edece\u011fiz. Allah\u2019a \u015f\u00fck\u00fcrler olsun ki y\u0131llard\u0131r s\u00fcren, sahte ayr\u0131mc\u0131l\u0131klar\u0131n sahteli\u011fini y\u0131llar \u00f6nce g\u00f6r\u00fcp milletimizin her kesimini, sa\u011fc\u0131s\u0131, solcusu, dindar\u0131 demeden iki temel dava u\u011frunda tek v\u00fccut olmaya davetimizin bo\u015fa gitmedi\u011fini g\u00f6rd\u00fck. Bu \u00e7\u0131\u011f b\u00fcy\u00fcyecek; iki temel dava u\u011frunda herkes birle\u015fecek: Birincisi, \u201cBu vatan T\u00fcrk\u2019\u00fcn vatan\u0131d\u0131r. Bir kar\u0131\u015f topra\u011f\u0131 bile kimseye verilemez\u201d; e\u015fde\u011ferde ikincisi ise: Bu \u00fclkenin dili, \u00e7o\u011funlu\u011funun anadili olan b\u00fcy\u00fck ve birle\u015ftirici resm\u00ee dil, e\u011fitim dili T\u00fcrk\u00e7e\u2019dir.\u201d Vatan\u0131m\u0131za, ve manev\u00ee vatan\u0131m\u0131z T\u00fcrk\u00e7e\u2019ye s\u0131ms\u0131k\u0131 sar\u0131laca\u011f\u0131z. Halk\u0131m\u0131z\u0131n madd\u00ee ve manev\u00ee refah\u0131 da o yoldan ge\u00e7ecek. Atat\u00fcrk\u2019\u00fcn sesini duyar gibi oluyoruz: <\/p>\n","protected":false},"excerpt":{"rendered":"<p>Durup dinlenmeden \u00e7al\u0131\u015faca\u011f\u0131z; aldat\u0131lm\u0131\u015flar\u0131 ayd\u0131nlatacak, gafiller uykusundakileri uyand\u0131rmaya devam edece\u011fiz. Allah\u2019a \u015f\u00fck\u00fcrler olsun ki y\u0131llard\u0131r s\u00fcren, sahte ayr\u0131mc\u0131l\u0131klar\u0131n sahteli\u011fini y\u0131llar \u00f6nce g\u00f6r\u00fcp milletimizin her kesimini, sa\u011fc\u0131s\u0131,<span class=\"excerpt-hellip\"> [\u2026]<\/span><\/p>\n","protected":false},"featured_media":0,"template":"","meta":{"_monsterinsights_skip_tracking":false,"_monsterinsights_sitenote_active":false,"_monsterinsights_sitenote_note":"","_monsterinsights_sitenote_category":0},"product_brand":[],"product_cat":[13059,12337],"product_tag":[],"class_list":{"0":"post-777988","1":"product","2":"type-product","3":"status-publish","5":"product_cat-diger-politika-siyaset","6":"product_cat-politika-siyaset","7":"pa_cilt-ciltsiz","8":"pa_tur-kitap","9":"pa_yayinevi-bilim-gonul-yayinevi","10":"pa_yazar-oktay-sinanoglu","12":"first","13":"instock","14":"sale","15":"shipping-taxable","16":"purchasable","17":"product-type-simple"},"_links":{"self":[{"href":"https:\/\/roveyayinevi.com.tr\/index.php\/wp-json\/wp\/v2\/product\/777988","targetHints":{"allow":["GET"]}}],"collection":[{"href":"https:\/\/roveyayinevi.com.tr\/index.php\/wp-json\/wp\/v2\/product"}],"about":[{"href":"https:\/\/roveyayinevi.com.tr\/index.php\/wp-json\/wp\/v2\/types\/product"}],"wp:attachment":[{"href":"https:\/\/roveyayinevi.com.tr\/index.php\/wp-json\/wp\/v2\/media?parent=777988"}],"wp:term":[{"taxonomy":"product_brand","embeddable":true,"href":"https:\/\/roveyayinevi.com.tr\/index.php\/wp-json\/wp\/v2\/product_brand?post=777988"},{"taxonomy":"product_cat","embeddable":true,"href":"https:\/\/roveyayinevi.com.tr\/index.php\/wp-json\/wp\/v2\/product_cat?post=777988"},{"taxonomy":"product_tag","embeddable":true,"href":"https:\/\/roveyayinevi.com.tr\/index.php\/wp-json\/wp\/v2\/product_tag?post=777988"}],"curies":[{"name":"wp","href":"https:\/\/api.w.org\/{rel}","templated":true}]}}