{"id":777987,"date":"2025-10-28T11:32:49","date_gmt":"2025-10-28T08:32:49","guid":{"rendered":"https:\/\/roveyayinevi.com.tr\/index.php\/urun\/buyuk-uyanis\/"},"modified":"2026-04-16T02:10:09","modified_gmt":"2026-04-15T23:10:09","slug":"buyuk-uyanis","status":"publish","type":"product","link":"https:\/\/roveyayinevi.com.tr\/index.php\/urun\/buyuk-uyanis\/","title":{"rendered":"B\u00fcy\u00fck Uyan\u0131\u015f"},"content":{"rendered":"<p>AT\u0130LLA \u0130LHAN: ABD Bilim ve sanat Akademisi\u2019nin ilk ve tek T\u00fcrk \u00fcyesi; iki kere Nobel aday\u0131&#8230; Kim bu adam? Kim bu \u00e7etin T\u00fcrk\u00e7e \u00f6\u011fretim sava\u015f\u00e7\u0131s\u0131? Onu niye hepimiz yeterince tan\u0131m\u0131yoruz? Sinano\u011flu, ABD gibi nam \u00fclkede \u00e7ok gen\u00e7 ya\u015f\u0131nda profes\u00f6r olmu\u015f bir harika \u00e7ocuk; \u00fclkesindeki \u201cAmerikan R\u00fcyas\u0131\u201dn\u0131n yanl\u0131\u015f yay\u011f\u0131nl\u0131\u011f\u0131ndan, T\u00fcrk\u00e7enin itilip kak\u0131larak, herhangi bir s\u00f6m\u00fcrgedeki \u201cyerli dili\u201d muamelesi g\u00f6rmesinden son derece rahats\u0131z.\u201d(Cumhuriyet, 24.05.2000)YAL\u00c7IN PEK\u015eEN: Ak\u0131l, zek\u00e2 ve en sonunda deha: Oktay Sinano\u011flu&#8230; Time mecmuas\u0131 \u201cMucize Profes\u00f6r\u201d diye yazd\u0131&#8230; Newsweek, New York Times, Avrupa dergileri; Der Spiegel, vs. K\u0131yamet koptu sizin anlayaca\u011f\u0131n\u0131z&#8230;ABD gazeteleri k\u0131sa bir s\u00fcre \u00f6nce birinci sayfalar\u0131ndan Sinano\u011flu\u2019nun bu y\u0131l kimya dal\u0131nda Nobel\u2019e aday oldu\u011funu yazd\u0131lar.(Cumhuriyet, 09.01.1987) <\/p>\n","protected":false},"excerpt":{"rendered":"<p>AT\u0130LLA \u0130LHAN: ABD Bilim ve sanat Akademisi\u2019nin ilk ve tek T\u00fcrk \u00fcyesi; iki kere Nobel aday\u0131&#8230; Kim bu adam? Kim bu \u00e7etin T\u00fcrk\u00e7e \u00f6\u011fretim sava\u015f\u00e7\u0131s\u0131? Onu<span class=\"excerpt-hellip\"> [\u2026]<\/span><\/p>\n","protected":false},"featured_media":0,"template":"","meta":{"_monsterinsights_skip_tracking":false,"_monsterinsights_sitenote_active":false,"_monsterinsights_sitenote_note":"","_monsterinsights_sitenote_category":0},"product_brand":[],"product_cat":[13059,12337],"product_tag":[],"class_list":{"0":"post-777987","1":"product","2":"type-product","3":"status-publish","5":"product_cat-diger-politika-siyaset","6":"product_cat-politika-siyaset","7":"pa_cilt-ciltsiz","8":"pa_tur-kitap","9":"pa_yayinevi-bilim-gonul-yayinevi","10":"pa_yazar-oktay-sinanoglu","12":"first","13":"instock","14":"sale","15":"shipping-taxable","16":"purchasable","17":"product-type-simple"},"_links":{"self":[{"href":"https:\/\/roveyayinevi.com.tr\/index.php\/wp-json\/wp\/v2\/product\/777987","targetHints":{"allow":["GET"]}}],"collection":[{"href":"https:\/\/roveyayinevi.com.tr\/index.php\/wp-json\/wp\/v2\/product"}],"about":[{"href":"https:\/\/roveyayinevi.com.tr\/index.php\/wp-json\/wp\/v2\/types\/product"}],"wp:attachment":[{"href":"https:\/\/roveyayinevi.com.tr\/index.php\/wp-json\/wp\/v2\/media?parent=777987"}],"wp:term":[{"taxonomy":"product_brand","embeddable":true,"href":"https:\/\/roveyayinevi.com.tr\/index.php\/wp-json\/wp\/v2\/product_brand?post=777987"},{"taxonomy":"product_cat","embeddable":true,"href":"https:\/\/roveyayinevi.com.tr\/index.php\/wp-json\/wp\/v2\/product_cat?post=777987"},{"taxonomy":"product_tag","embeddable":true,"href":"https:\/\/roveyayinevi.com.tr\/index.php\/wp-json\/wp\/v2\/product_tag?post=777987"}],"curies":[{"name":"wp","href":"https:\/\/api.w.org\/{rel}","templated":true}]}}